000
CXUS53 KIND 010600
CF6LAF
PRELIMINARY LOCAL CLIMATOLOGICAL DATA (WS FORM: F-6)
STATION: LAFAYETTE IN
MONTH: MAY
YEAR: 2021
LATITUDE: 40 25 N
LONGITUDE: 86 56 W
TEMPERATURE IN F: :PCPN: SNOW: WIND :SUNSHINE: SKY :PK WND
================================================================================
1 2 3 4 5 6A 6B 7 8 9 10 11 12 13 14 15 16 17 18
12Z AVG MX 2MIN
DY MAX MIN AVG DEP HDD CDD WTR SNW DPTH SPD SPD DIR MIN PSBL S-S WX SPD DR
================================================================================
1 81 41 61 4 4 0 0.00 M M 8.8 21 230 M M 0 36 220
2 85 65 75 18 0 10 T M M 9.5 22 220 M M 4 36 230
3 73 62 68 11 0 3 0.27 M M 3.8 18 290 M M 9 38 26 290
4 70 52 61 3 4 0 0.09 M M 8.3 17 20 M M 9 8 22 10
5 66 47 57 -1 8 0 0.00 M M 8.4 20 10 M M 0 8 31 340
6 62 40 51 -7 14 0 0.31 M M 3.2 15 340 M M 5 138 21 350
7 68 40 54 -5 11 0 0.09 M M 6.2 24 20 M M 4 18 33 10
8 62 35 49 -10 16 0 0.24 M M 4.0 16 40 M M 4 21 40
9 53 41 47 -12 18 0 2.08 M M 13.1 28 70 M M 9 138 40 70
10 65 36 51 -9 14 0 0.13 M M 3.8 16 330 M M 7 128 23 330
11 60 43 52 -8 13 0 0.03 M M 8.2 18 10 M M 4 26 20
12 66 36 51 -9 14 0 0.00 M M 5.6 15 40 M M 0 21 40
13 71 37 54 -7 11 0 0.00 M M 2.3 13 330 M M 1 16 340
14 75 40 58 -3 7 0 0.00 M M 1.3 12 230 M M 1 17 230
15 76 47 62 1 3 0 T M M 3.9 15 190 M M 5 8 22 250
16 76 55 66 4 0 1 0.00 M M 2.2 8 130 M M 4 12 170
17 67 61 64 2 1 0 0.54 M M 7.4 20 70 M M 9 1 24 60
18 78 61 70 8 0 5 T M M 8.0 15 130 M M 7 8 26 170
19 79 67 73 10 0 8 0.09 M M 6.1 17 190 M M 7 26 200
20 89 68 79 16 0 14 0.00 M M 6.0 15 150 M M 1 23 200
21 88 65 77 14 0 12 0.00 M M 5.0 16 220 M M 1 26 230
22 89 64 77 13 0 12 0.00 M M 4.0 14 260 M M 0 22 290
23 90 64 77 13 0 12 0.00 M M 3.6 13 280 M M 4 19 320
24 93 69 81 17 0 16 0.00 M M 3.6 14 260 M M 4 19 250
25 92 67 80 15 0 15 0.00 M M 5.8 22 230 M M 2 3 32 220
26 87 63 75 10 0 10 0.63 M M 5.1 23 320 M M 5 38 35 250
27 84 61 73 8 0 8 0.63 M M 5.7 22 260 M M 1 38 32 270
28 70 51 61 -5 4 0 0.46 M M 10.7 21 70 M M 10 8 28 50
29 68 48 58 -8 7 0 T M M 10.7 20 40 M M 4 27 40
30 74 43 59 -7 6 0 0.00 M M 1.8 10 30 M M 0 16 30
31 76 52 64 -3 1 0 0.00 M M 2.7 12 230 M M 2 15 240
================================================================================
SM 2333 1621 156 126 5.59 M 178.8 M 123
================================================================================
AV 75.3 52.3 5.8 FASTST M M 4 MAX(MPH)
MISC ----> 28 70 40 70
================================================================================
NOTES:
# LAST OF SEVERAL OCCURRENCES
COLUMN 17 PEAK WIND IN M.P.H.
PRELIMINARY LOCAL CLIMATOLOGICAL DATA (WS FORM: F-6) , PAGE 2
STATION: LAFAYETTE IN
MONTH: MAY
YEAR: 2021
LATITUDE: 40 25 N
LONGITUDE: 86 56 W
[TEMPERATURE DATA] [PRECIPITATION DATA] SYMBOLS USED IN COLUMN 16
AVERAGE MONTHLY: 63.8 TOTAL FOR MONTH: 5.59 1 = FOG OR MIST
DPTR FM NORMAL: 2.2 DPTR FM NORMAL: 1.55 2 = FOG REDUCING VISIBILITY
HIGHEST: 93 ON 24 GRTST 24HR 2.32 ON 8- 9 TO 1/4 MILE OR LESS
LOWEST: 35 ON 8 3 = THUNDER
SNOW, ICE PELLETS, HAIL 4 = ICE PELLETS
TOTAL MONTH: M 5 = HAIL
GRTST 24HR M ON M 6 = FREEZING RAIN OR DRIZZLE
GRTST DEPTH: M ON M 7 = DUSTSTORM OR SANDSTORM:
VSBY 1/2 MILE OR LESS
8 = SMOKE OR HAZE
[NO. OF DAYS WITH] [WEATHER - DAYS WITH] 9 = BLOWING SNOW
X = TORNADO
MAX 32 OR BELOW: 0 0.01 INCH OR MORE: 13
MAX 90 OR ABOVE: 3 0.10 INCH OR MORE: 9
MIN 32 OR BELOW: 0 0.50 INCH OR MORE: 4
MIN 0 OR BELOW: 0 1.00 INCH OR MORE: 1
[HDD (BASE 65) ]
TOTAL THIS MO. 156 CLEAR (SCALE 0-3) 12
DPTR FM NORMAL -14 PTCLDY (SCALE 4-7) 14
TOTAL FM JUL 1 4874 CLOUDY (SCALE 8-10) 5
DPTR FM NORMAL -926
[CDD (BASE 65) ]
TOTAL THIS MO. 126
DPTR FM NORMAL 62 [PRESSURE DATA]
TOTAL FM JAN 1 164 HIGHEST SLP M ON M
DPTR FM NORMAL 90 LOWEST SLP 29.58 ON 3
[REMARKS]
#FINAL-05-21#