000
CXUS55 KCYS 040936
CF6LAR
PRELIMINARY LOCAL CLIMATOLOGICAL DATA (WS FORM: F-6) ...CORRECTED...
STATION: LARAMIE WYOMING AIRPORT
MONTH: MARCH
YEAR: 2020
LATITUDE: 41 18 N
LONGITUDE: 105 40 W
TEMPERATURE IN F: :PCPN: SNOW: WIND :SUNSHINE: SKY :PK WND
================================================================================
1 2 3 4 5 6A 6B 7 8 9 10 11 12 13 14 15 16 17 18
12Z AVG MX 2MIN
DY MAX MIN AVG DEP HDD CDD WTR SNW DPTH SPD SPD DIR MIN PSBL S-S WX SPD DR
================================================================================
1 40 8 24 -3 41 0 0.09 M M 11.1 30 150 M M 8 18 36 150
2 30 0 15 -12 50 0 0.02 M M 15.0 40 230 M M 0 128 49 230
3 44 20 32 4 33 0 0.00 M M 16.2 33 280 M M 0 39 290
4 50 24 37 9 28 0 0.00 M M 19.4 36 230 M M 0 48 260
5 50 22 36 8 29 0 0.00 M M 9.5 24 270 M M 0 32 260
6 56 19 38 10 27 0 0.00 M M 11.5 29 230 M M 0 37 230
7 57 27 42 13 23 0 0.00 M M 12.0 29 230 M M 1 38 220
8 50 27 39 10 26 0 T M M 11.0 29 230 M M 6 38 240
9 49 21 35 6 30 0 T M M 10.9 29 260 M M 5 1 38 260
10 48 28 38 8 27 0 0.00 M M 17.5 35 280 M M 3 44 280
11 54 33 44 14 21 0 T M M 24.6 44 270 M M 2 58 240
12 50 22 36 6 29 0 0.00 M M 20.9 40 270 M M 3 52 280
13 30 20 25 -5 40 0 0.02 M M 24.7 35 150 M M 10 1289 46 150
14 51 19 35 4 30 0 T M M 15.4 28 220 M M 3 1 35 210
15 52 23 38 7 27 0 0.00 M M 10.6 31 220 M M 1 39 210
16 54 26 40 9 25 0 0.00 M M 11.4 26 140 M M 4 1 33 150
17 59 24 42 11 23 0 0.00 M M 15.6 30 230 M M 2 1 49 240
18 54 20 37 5 28 0 T M M 10.7 30 220 M M 5 1 39 220
19 34 12 23 -9 42 0 0.06 M M 9.1 22 30 M M 9 128 33 20
20 25 10 18 -14 47 0 T M M 13.5 28 160 M M 6 18 35 150
21 45 16 31 -1 34 0 0.00 M M 11.6 23 210 M M 3 30 210
22 44 23 34 2 31 0 T M M 12.9 33 260 M M 5 8 43 270
23 47 23 35 3 30 0 0.00 M M 10.2 24 290 M M 4 31 240
24 50 26 38 5 27 0 T M M 16.5 36 260 M M 4 46 250
25 46 26 36 3 29 0 T M M 14.1 35 250 M M 5 12 44 250
26 52 18 35 2 30 0 0.03 M M 10.9 38 260 M M 6 128 47 270
27 31 23 27 -6 38 0 0.04 M M 9.3 21 310 M M 9 18 27 320
28 40 16 28 -6 37 0 0.00 M M 15.1 35 270 M M 3 44 280
29 45 21 33 -1 32 0 0.00 M M 10.7 24 210 M M 3 35 220
30 49 22 36 2 29 0 T M M 9.9 26 270 M M 5 8 38 240
31 55 30 43 9 22 0 0.00 M M 16.0 33 250 M M 6 47 260
================================================================================
SM 1441 649 965 0 0.26 M 427.8 M 121
================================================================================
AV 46.5 20.9 13.8 FASTST M M 4 MAX(MPH)
MISC ----> # 44 270 # 58 240
================================================================================
NOTES:
# LAST OF SEVERAL OCCURRENCES
COLUMN 17 PEAK WIND IN M.P.H.
PRELIMINARY LOCAL CLIMATOLOGICAL DATA (WS FORM: F-6) , PAGE 2
STATION: LARAMIE WYOMING AIRPORT
MONTH: MARCH
YEAR: 2020
LATITUDE: 41 18 N
LONGITUDE: 105 40 W
[TEMPERATURE DATA] [PRECIPITATION DATA] SYMBOLS USED IN COLUMN 16
AVERAGE MONTHLY: 33.7 TOTAL FOR MONTH: 0.26 1 = FOG OR MIST
DPTR FM NORMAL: 2.8 DPTR FM NORMAL: -0.32 2 = FOG REDUCING VISIBILITY
HIGHEST: 59 ON 17 GRTST 24HR 0.09 ON 1- 1 TO 1/4 MILE OR LESS
LOWEST: 0 ON 2 3 = THUNDER
SNOW, ICE PELLETS, HAIL 4 = ICE PELLETS
TOTAL MONTH: M 5 = HAIL
GRTST 24HR M ON M 6 = FREEZING RAIN OR DRIZZLE
GRTST DEPTH: M ON M 7 = DUSTSTORM OR SANDSTORM:
VSBY 1/2 MILE OR LESS
8 = SMOKE OR HAZE
[NO. OF DAYS WITH] [WEATHER - DAYS WITH] 9 = BLOWING SNOW
X = TORNADO
MAX 32 OR BELOW: 4 0.01 INCH OR MORE: 6
MAX 90 OR ABOVE: 0 0.10 INCH OR MORE: 0
MIN 32 OR BELOW: 30 0.50 INCH OR MORE: 0
MIN 0 OR BELOW: 1 1.00 INCH OR MORE: 0
[HDD (BASE 65) ]
TOTAL THIS MO. 965 CLEAR (SCALE 0-3) 13
DPTR FM NORMAL -94 PTCLDY (SCALE 4-7) 15
TOTAL FM JUL 1 7054 CLOUDY (SCALE 8-10) 3
DPTR FM NORMAL -181
[CDD (BASE 65) ]
TOTAL THIS MO. 0
DPTR FM NORMAL 0 [PRESSURE DATA]
TOTAL FM JAN 1 0 HIGHEST SLP 30.40 ON 5
DPTR FM NORMAL 0 LOWEST SLP 29.54 ON 26
[REMARKS]
MARCH 7TH...RECORD HIGH 57 DEGREES (PREVIOUS 55 DEGREES IN 1986).
#FINAL-03-20#