000
CXUS55 KCYS 011530
CLMLAR
CLIMATE REPORT
NATIONAL WEATHER SERVICE CHEYENNE WY
930 AM MDT SAT APR 01 2023
...................................
...THE LARAMIE WYOMING AIRPORT CLIMATE SUMMARY FOR THE MONTH OF MARCH 2023...
CLIMATE NORMAL PERIOD 1991 TO 2020
CLIMATE RECORD PERIOD 1948 TO 2023
WEATHER OBSERVED NORMAL DEPART LAST YEAR`S
VALUE DATE(S) VALUE FROM VALUE DATE(S)
NORMAL
................................................................
TEMPERATURE (F)
RECORD
HIGH 71 03/31/2012
03/23/2012
LOW -25 03/02/2002
HIGHEST 67 03/15 MM MM 68
LOWEST 03/17 MM MM -20
AVG. MAXIMUM 40.3 44.5 -4.2 41.9
AVG. MINIMUM 15.4 19.2 -3.8 17.6
MEAN 27.9 31.8 -3.9 29.8
DAYS MAX >= 90 0 0.0 0.0 0
DAYS MAX <= 32 7 5.0 2.0 8
DAYS MIN <= 32 29 29.2 -0.2 29
DAYS MIN <= 0 1 1.4 -0.4 6
PRECIPITATION (INCHES)
RECORD
MAXIMUM 2.43 1983
TOTALS 0.25 0.48 -0.23 0.53
DAYS >= .01 6 5.9 0.1 7
DAYS >= .10 1 1.6 -0.6 2
DAYS >= .50 0 0.1 -0.1 0
DAYS >= 1.00 0 0.0 0.0 0
GREATEST
24 HR. TOTAL 0.15 03/22 TO 03/22 0.29 03/04 TO 03/05
DEGREE DAYS
HEATING TOTAL 1136 1028 108 1083
SINCE 7/1 7137 7096 41 MM
COOLING TOTAL 0 0 0 0
SINCE 1/1 0 0 0 MM
................................................................
WIND (MPH)
AVERAGE WIND SPEED 14.7
HIGHEST WIND SPEED/DIRECTION 51/230 DATE 03/10
HIGHEST GUST SPEED/DIRECTION 63/230 DATE 03/10
SKY COVER
POSSIBLE SUNSHINE (PERCENT) MM
AVERAGE SKY COVER 0.40
NUMBER OF DAYS FAIR 15
NUMBER OF DAYS PC 14
NUMBER OF DAYS CLOUDY 2
AVERAGE RH (PERCENT) 58
WEATHER CONDITIONS. NUMBER OF DAYS WITH
THUNDERSTORM 0 MIXED PRECIP 0
HEAVY RAIN 0 RAIN 0
LIGHT RAIN 4 FREEZING RAIN 0
LT FREEZING RAIN 0 HAIL 0
HEAVY SNOW 2 SNOW 4
LIGHT SNOW 17 SLEET 0
FOG 13 FOG W/VIS <= 1/4 MILE 3
HAZE 5
- INDICATES NEGATIVE NUMBERS.
R INDICATES RECORD WAS SET OR TIED.
MM INDICATES DATA IS MISSING.
T INDICATES TRACE AMOUNT.
$$