000
CXUS54 KOUN 011210
CF6LAW
PRELIMINARY LOCAL CLIMATOLOGICAL DATA (WS FORM: F-6)
STATION: LAWTON
MONTH: SEPTEMBER
YEAR: 2020
LATITUDE: 34 34 N
LONGITUDE: 98 25 W
TEMPERATURE IN F: :PCPN: SNOW: WIND :SUNSHINE: SKY :PK WND
================================================================================
1 2 3 4 5 6A 6B 7 8 9 10 11 12 13 14 15 16 17 18
12Z AVG MX 2MIN
DY MAX MIN AVG DEP HDD CDD WTR SNW DPTH SPD SPD DIR MIN PSBL S-S WX SPD DR
================================================================================
1 77 71 74 -6 0 9 0.25 0.0 0 9.6 24 120 M M 6 13 30 120
2 86 69 78 -2 0 13 0.01 0.0 0 5.2 18 280 M M 5 3 28 270
3 92 67 80 0 0 15 0.00 0.0 0 3.2 10 140 M M 0 1 13 120
4 90 71 81 2 0 16 0.00 0.0 0 5.1 12 140 M M 2 1 15 160
5 91 69 80 1 0 15 0.00 0.0 0 5.2 15 170 M M 1 1 21 170
6 92 65 79 0 0 14 0.00 0.0 0 8.8 22 180 M M 0 1 27 170
7 94 69 82 4 0 17 0.00 0.0 0 10.8 22 170 M M 0 28 180
8 90 57 74 -4 0 9 1.29 0.0 0 15.2 36 350 M M 4 13 45 350
9 57 51 54 -24 11 0 1.92 0.0 0 19.9 29 10 M M 10 1 35 360
10 65 51 58 -19 7 0 0.10 0.0 0 11.0 20 30 M M 7 18 26 350
11 71 57 64 -13 1 0 0.11 0.0 0 4.6 10 350 M M 7 13 10
12 81 57 69 -7 0 4 0.00 0.0 M 2.5 9 190 M M 3 12 12 180
13 86 61 74 -2 0 9 0.00 0.0 0 6.1 15 60 M M 0 1 23 20
14 82 61 72 -4 0 7 0.00 0.0 0 9.2 17 10 M M 2 21 20
15 85 66 76 1 0 11 0.00 0.0 0 3.4 10 10 M M 1 1 12 10
16 87 62 75 0 0 10 0.00 0.0 0 2.7 10 20 M M 1 1 13 40
17 86 64 75 1 0 10 0.00 0.0 0 6.9 16 40 M M 0 1 21 50
18 83 61 72 -2 0 7 0.00 0.0 0 8.1 15 40 M M 0 1 18 50
19 78 56 67 -7 0 2 0.00 0.0 0 3.4 12 130 M M 0 18 15 130
20 81 53 67 -6 0 2 0.00 0.0 0 4.2 12 100 M M 0 1 14 110
21 81 56 69 -4 0 4 0.00 0.0 0 4.8 14 80 M M 1 1 16 70
22 74 64 69 -4 0 4 0.01 0.0 0 5.2 13 70 M M 10 1 15 80
23 74 64 69 -3 0 4 T 0.0 0 5.1 12 60 M M 10 18 15 70
24 85 54 70 -2 0 5 0.00 0.0 0 4.4 12 170 M M 0 1 15 170
25 89 59 74 2 0 9 0.00 0.0 0 8.1 18 170 M M 0 22 170
26 90 58 74 3 0 9 0.00 0.0 0 9.5 22 180 M M 0 12 29 180
27 93 62 78 7 0 13 0.00 0.0 0 17.2 41 350 M M 2 53 360
28 76 46 61 -9 4 0 0.00 0.0 0 10.9 29 360 M M 2 35 360
29 84 41 63 -7 2 0 0.00 0.0 0 4.4 15 280 M M 0 22 270
30 92 46 69 -1 0 4 0.00 0.0 0 3.8 16 30 M M 0 19 30
================================================================================
SM 2492 1788 25 222 3.69 0.0 218.5 M 74
================================================================================
AV 83.1 59.6 7.3 FASTST M M 2 MAX(MPH)
MISC ----> # 41 350 # 53 360
================================================================================
NOTES:
# LAST OF SEVERAL OCCURRENCES
COLUMN 17 PEAK WIND IN M.P.H.
PRELIMINARY LOCAL CLIMATOLOGICAL DATA (WS FORM: F-6) , PAGE 2
STATION: LAWTON
MONTH: SEPTEMBER
YEAR: 2020
LATITUDE: 34 34 N
LONGITUDE: 98 25 W
[TEMPERATURE DATA] [PRECIPITATION DATA] SYMBOLS USED IN COLUMN 16
AVERAGE MONTHLY: 71.3 TOTAL FOR MONTH: 3.69 1 = FOG OR MIST
DPTR FM NORMAL: -3.8 DPTR FM NORMAL: 0.38 2 = FOG REDUCING VISIBILITY
HIGHEST: 94 ON 7 GRTST 24HR 1.92 ON 9- 9 TO 1/4 MILE OR LESS
LOWEST: 41 ON 29 3 = THUNDER
SNOW, ICE PELLETS, HAIL 4 = ICE PELLETS
TOTAL MONTH: 0.0 INCH 5 = HAIL
GRTST 24HR 0.0 6 = FREEZING RAIN OR DRIZZLE
GRTST DEPTH: 0 7 = DUSTSTORM OR SANDSTORM:
VSBY 1/2 MILE OR LESS
8 = SMOKE OR HAZE
[NO. OF DAYS WITH] [WEATHER - DAYS WITH] 9 = BLOWING SNOW
X = TORNADO
MAX 32 OR BELOW: 0 0.01 INCH OR MORE: 7
MAX 90 OR ABOVE: 9 0.10 INCH OR MORE: 5
MIN 32 OR BELOW: 0 0.50 INCH OR MORE: 2
MIN 0 OR BELOW: 0 1.00 INCH OR MORE: 2
[HDD (BASE 65) ]
TOTAL THIS MO. 25 CLEAR (SCALE 0-3) 21
DPTR FM NORMAL 14 PTCLDY (SCALE 4-7) 6
TOTAL FM JUL 1 25 CLOUDY (SCALE 8-10) 3
DPTR FM NORMAL 14
[CDD (BASE 65) ]
TOTAL THIS MO. 222
DPTR FM NORMAL -91 [PRESSURE DATA]
TOTAL FM JAN 1 2135 HIGHEST SLP 30.33 ON 10
DPTR FM NORMAL -94 LOWEST SLP 29.59 ON 27
[REMARKS]
#FINAL-09-20#