000
CXUS54 KOUN 011327
CF6LAW
PRELIMINARY LOCAL CLIMATOLOGICAL DATA (WS FORM: F-6)
STATION: LAWTON
MONTH: SEPTEMBER
YEAR: 2023
LATITUDE: 34 34 N
LONGITUDE: 98 25 W
TEMPERATURE IN F: :PCPN: SNOW: WIND :SUNSHINE: SKY :PK WND
================================================================================
1 2 3 4 5 6A 6B 7 8 9 10 11 12 13 14 15 16 17 18
12Z AVG MX 2MIN
DY MAX MIN AVG DEP HDD CDD WTR SNW DPTH SPD SPD DIR MIN PSBL S-S WX SPD DR
================================================================================
1 101 69 85 5 0 20 0.00 0.0 0 7.9 16 150 M M 0 20 170
2 99 63 81 1 0 16 0.00 0.0 0 6.7 16 130 M M 0 23 140
3 105 62 84 5 0 19 0.00 0.0 0 6.8 23 140 M M 0 31 140
4 106 74 90 11 0 25 0.00 0.0 0 13.7 23 170 M M 0 34 200
5 108 76 92 13 0 27 0.05 0.0 0 12.0 39 20 M M 1 3 50 20
6 96 73 85 7 0 20 0.00 0.0 0 9.6 21 40 M M 0 30 50
7 108 69 89 11 0 24 0.00 0.0 0 6.5 14 190 M M 0 21 190
8 111 68 90 12 0 25 0.00 0.0 0 8.2 23 50 M M 0 33 50
9 97 72 85 8 0 20 0.00 0.0 0 10.1 18 80 M M 1 28 70
10 96 66 81 4 0 16 0.00 0.0 0 9.6 20 120 M M 0 25 120
11 80 66 73 -4 0 8 1.06 0.0 0 7.5 18 110 M M 7 138 27 280
12 78 65 72 -4 0 7 0.39 0.0 0 9.9 17 40 M M 7 1 23 30
13 81 66 74 -2 0 9 0.02 0.0 0 6.4 14 110 M M 8 1 20 80
14 75 67 71 -5 0 6 0.18 0.0 0 9.9 18 110 M M 10 1 24 110
15 79 65 72 -3 0 7 0.05 0.0 0 5.6 12 70 M M 7 1 16 110
16 85 64 75 0 0 10 0.00 0.0 0 6.0 15 10 M M 2 1 21 10
17 91 57 74 -1 0 9 0.00 0.0 0 2.0 8 50 M M 0 1 13 130
18 93 56 75 1 0 10 0.00 0.0 0 7.2 17 180 M M 0 28 200
19 90 68 79 5 0 14 T 0.0 0 11.8 25 170 M M 2 3 40 180
20 90 68 79 5 0 14 0.00 0.0 0 9.2 18 150 M M 0 29 140
21 81 71 76 3 0 11 0.10 0.0 0 8.7 17 250 M M 3 3 23 300
22 99 65 82 9 0 17 0.00 0.0 0 13.4 17 120 M M 0 29 120
23 103 73 88 16 0 23 0.00 0.0 0 15.0 22 200 M M 0 28 200
24 91 73 82 10 0 17 0.00 0.0 0 14.3 18 20 M M 2 24 20
25 94 62 78 6 0 13 0.00 0.0 0 7.8 15 50 M M 0 24 50
26 95 55 75 4 0 10 0.00 0.0 0 2.6 12 140 M M 0 19 160
27 96 57 77 6 0 12 0.00 0.0 0 5.5 14 130 M M 0 21 190
28 97 62 80 9 0 15 0.00 0.0 0 7.2 18 140 M M 0 25 190
29 97 68 83 13 0 18 0.00 0.0 0 11.5 25 170 M M 0 35 180
30 95 71 83 13 0 18 0.00 0.0 0 11.2 21 160 M M 0 32 160
================================================================================
SM 2817 1991 0 460 1.85 0.0 263.8 M 50
================================================================================
AV 93.9 66.4 8.8 FASTST M M 2 MAX(MPH)
MISC ----> 39 20 50 20
================================================================================
NOTES:
# LAST OF SEVERAL OCCURRENCES
COLUMN 17 PEAK WIND IN M.P.H.
PRELIMINARY LOCAL CLIMATOLOGICAL DATA (WS FORM: F-6) , PAGE 2
STATION: LAWTON
MONTH: SEPTEMBER
YEAR: 2023
LATITUDE: 34 34 N
LONGITUDE: 98 25 W
[TEMPERATURE DATA] [PRECIPITATION DATA] SYMBOLS USED IN COLUMN 16
AVERAGE MONTHLY: 80.1 TOTAL FOR MONTH: 1.85 1 = FOG OR MIST
DPTR FM NORMAL: 5.0 DPTR FM NORMAL: -0.95 2 = FOG REDUCING VISIBILITY
HIGHEST: 111 ON 8 GRTST 24HR 1.06 ON 11-11 TO 1/4 MILE OR LESS
LOWEST: 55 ON 26 3 = THUNDER
SNOW, ICE PELLETS, HAIL 4 = ICE PELLETS
TOTAL MONTH: 0.0 INCH 5 = HAIL
GRTST 24HR 0.0 6 = FREEZING RAIN OR DRIZZLE
GRTST DEPTH: 0 7 = DUSTSTORM OR SANDSTORM:
VSBY 1/2 MILE OR LESS
8 = SMOKE OR HAZE
[NO. OF DAYS WITH] [WEATHER - DAYS WITH] 9 = BLOWING SNOW
X = TORNADO
MAX 32 OR BELOW: 0 0.01 INCH OR MORE: 7
MAX 90 OR ABOVE: 23 0.10 INCH OR MORE: 4
MIN 32 OR BELOW: 0 0.50 INCH OR MORE: 1
MIN 0 OR BELOW: 0 1.00 INCH OR MORE: 1
[HDD (BASE 65) ]
TOTAL THIS MO. 0 CLEAR (SCALE 0-3) 25
DPTR FM NORMAL -11 PTCLDY (SCALE 4-7) 4
TOTAL FM JUL 1 0 CLOUDY (SCALE 8-10) 1
DPTR FM NORMAL -7
[CDD (BASE 65) ]
TOTAL THIS MO. 460
DPTR FM NORMAL 146 [PRESSURE DATA]
TOTAL FM JAN 1 2494 HIGHEST SLP 30.13 ON 10
DPTR FM NORMAL 264 LOWEST SLP 29.61 ON 4
[REMARKS]
#FINAL-09-23#