000
CXUS54 KLUB 011451
CLMLBB
CLIMATE REPORT
NATIONAL WEATHER SERVICE LUBBOCK TX
851 AM CST FRI DEC 01 2023
...................................
...THE LUBBOCK CLIMATE SUMMARY FOR THE MONTH OF NOVEMBER 2023...
CLIMATE NORMAL PERIOD 1991 TO 2020
CLIMATE RECORD PERIOD 1911 TO 2023
WEATHER OBSERVED NORMAL DEPART LAST YEAR`S
VALUE DATE(S) VALUE FROM VALUE DATE(S)
NORMAL
................................................................
TEMPERATURE (F)
RECORD
HIGH 90 11/09/2006
LOW 11/23/1957
HIGHEST 87 11/06 78 11/03
11/07
11/08
11/09
LOWEST 24 11/26 21 11/15
11/30
AVG. MAXIMUM 65.5 63.8 1.7 58.6
AVG. MINIMUM 38.8 36.3 2.5 35.0
MEAN 52.1 50.0 2.1 46.8
DAYS MAX >= 90 0 0.0 0.0 0
DAYS MAX <= 32 0 0.3 -0.3 0
DAYS MIN <= 32 6 9.8 -3.8 15
DAYS MIN <= 0 0 0.0 0.0 0
PRECIPITATION (INCHES)
RECORD
MAXIMUM 6.65 2004
MINIMUM 0.00 1999
TOTALS 0.12 0.80 -0.68 0.59
DAILY AVG. 0.00 0.03 -0.03 0.02
DAYS >= .01 3 3.7 -0.7 5
DAYS >= .10 0 1.6 -1.6 2
DAYS >= .50 0 0.5 -0.5 0
DAYS >= 1.00 0 0.2 -0.2 0
GREATEST
24 HR. TOTAL 0.05 11/11 TO 11/11
SNOWFALL (INCHES)
RECORDS
TOTAL 21.4 1980
24 HR TOTAL T 11/28/2020 TO 11/28/2020
SNOW DEPTH MM MM
TOTALS 0.0 1.0 -1.0 T
SINCE 7/1 T 1.1 -1.1 MM
SNOWDEPTH AVG. 0 0
DAYS >= TRACE 0 0.5 -0.5 1
DAYS >= 1.0 0 0.3 -0.3 0
GREATEST
SNOW DEPTH 0 0 MM
24 HR TOTAL MM MM
DEGREE DAYS
HEATING TOTAL 387 452 -65 549
SINCE 7/1 541 632 -91 MM
COOLING TOTAL 7 4 3 9
SINCE 1/1 2436 1948 488 MM
................................................................
WIND (MPH)
AVERAGE WIND SPEED 10.2
HIGHEST WIND SPEED/DIRECTION 32/300 DATE 11/19
HIGHEST GUST SPEED/DIRECTION 42/010 DATE 11/21
SKY COVER
POSSIBLE SUNSHINE (PERCENT) MM
AVERAGE SKY COVER 0.47
NUMBER OF DAYS FAIR 10
NUMBER OF DAYS PC 14
NUMBER OF DAYS CLOUDY 6
AVERAGE RH (PERCENT) 59
WEATHER CONDITIONS. NUMBER OF DAYS WITH
THUNDERSTORM 1 MIXED PRECIP 0
HEAVY RAIN 0 RAIN 1
LIGHT RAIN 7 FREEZING RAIN 0
LT FREEZING RAIN 0 HAIL 0
HEAVY SNOW 0 SNOW 0
LIGHT SNOW 0 SLEET 1
FOG 9 FOG W/VIS <= 1/4 MILE 3
HAZE 4
- INDICATES NEGATIVE NUMBERS.
R INDICATES RECORD WAS SET OR TIED.
MM INDICATES DATA IS MISSING.
T INDICATES TRACE AMOUNT.
$$