000
CXUS52 KILM 011000
CF6LBT
PRELIMINARY LOCAL CLIMATOLOGICAL DATA (WS FORM: F-6)
STATION: LUMBERTON NORTH CAROLINA
MONTH: SEPTEMBER
YEAR: 2023
LATITUDE: 34 35 N
LONGITUDE: 79 4 W
TEMPERATURE IN F: :PCPN: SNOW: WIND :SUNSHINE: SKY :PK WND
================================================================================
1 2 3 4 5 6A 6B 7 8 9 10 11 12 13 14 15 16 17 18
12Z AVG MX 2MIN
DY MAX MIN AVG DEP HDD CDD WTR SNW DPTH SPD SPD DIR MIN PSBL S-S WX SPD DR
================================================================================
1 83 60 72 -6 0 7 0.00 M M 5.9 17 30 M M 0 26 60
2 84 60 72 -6 0 7 0.00 M M 3.3 14 30 M M 0 20 30
3 89 58 74 -4 0 9 0.00 M M 1.4 7 200 M M 0 1 13 200
4 93 64 79 2 0 14 0.00 M M 2.6 12 260 M M 0 17 260
5 94 69 82 5 0 17 0.00 M M 3.2 12 260 M M 0 19 280
6 96 71 84 7 0 19 0.00 M M 1.3 9 320 M M 0 16 260
7 94 73 84 7 0 19 0.00 M M 4.2 14 210 M M 1 18 230
8 89 67 78 1 0 13 0.00 M M 3.8 16 150 M M 0 3 21 160
9 87 70 79 3 0 14 0.52 M M 4.2 20 150 M M 3 13 26 140
10 87 70 79 3 0 14 0.63 M M 1.7 23 240 M M 6 12 28 240
11 89 67 78 2 0 13 0.00 M M 2.5 10 250 M M 0 1 15 250
12 90 69 80 4 0 15 T M M 2.8 12 250 M M 4 123 16 240
13 89 68 79 4 0 14 0.03 M M 2.9 10 120 M M 2 14 130
14 87 68 78 3 0 13 0.00 M M 7.3 16 40 M M 1 23 20
15 82 55 69 -6 0 4 0.00 M M 6.9 20 10 M M 0 27 10
16 83 51 67 -8 0 2 0.00 M M 1.1 8 210 M M 0 13 200
17 80 58 69 -5 0 4 0.25 M M 2.8 12 150 M M 8 1 16 150
18 81 60 71 -3 0 6 0.00 M M 5.6 16 340 M M 3 1 22 340
19 84 55 70 -4 0 5 0.00 M M 1.7 10 290 M M 0 1 18 290
20 85 57 71 -2 0 6 0.00 M M 2.5 10 70 M M 2 18 230
21 82 64 73 0 0 8 0.00 M M 6.4 15 70 M M 6 23 70
22 71 63 67 -6 0 2 0.64 M M 14.9 25 350 M M 6 1 39 350
23 68 59 64 -8 1 0 0.16 M M 10.8 24 350 M M 9 1 39 330
24 85 58 72 0 0 7 0.00 M M 2.9 14 220 M M 2 1 21 190
25 87 60 74 2 0 9 0.00 M M 3.1 13 250 M M 1 12 18 260
26 79 67 73 1 0 8 0.00 M M 7.7 15 40 M M 6 1 21 50
27 71 63 67 -4 0 2 0.00 M M 10.6 17 50 M M 10 26 50
28 78 63 71 0 0 6 0.00 M M 8.9 16 30 M M 8 22 20
29 79 59 69 -1 0 4 0.00 M M 6.5 14 40 M M 6 1 19 50
30 78 56 67 -3 0 2 0.00 M M 5.8 14 30 M M 5 1 18 40
================================================================================
SM 2524 1882 1 263 2.23 M 145.3 M 89
================================================================================
AV 84.1 62.7 4.8 FASTST M M 3 MAX(MPH)
MISC ----> 25 350 # 39 350
================================================================================
NOTES:
# LAST OF SEVERAL OCCURRENCES
COLUMN 17 PEAK WIND IN M.P.H.
PRELIMINARY LOCAL CLIMATOLOGICAL DATA (WS FORM: F-6) , PAGE 2
STATION: LUMBERTON NORTH CAROLINA
MONTH: SEPTEMBER
YEAR: 2023
LATITUDE: 34 35 N
LONGITUDE: 79 4 W
[TEMPERATURE DATA] [PRECIPITATION DATA] SYMBOLS USED IN COLUMN 16
AVERAGE MONTHLY: 73.4 TOTAL FOR MONTH: 2.23 1 = FOG OR MIST
DPTR FM NORMAL: -1.1 DPTR FM NORMAL: -2.70 2 = FOG REDUCING VISIBILITY
HIGHEST: 96 ON 6 GRTST 24HR 0.93 ON 9-10 TO 1/4 MILE OR LESS
LOWEST: 51 ON 16 3 = THUNDER
SNOW, ICE PELLETS, HAIL 4 = ICE PELLETS
TOTAL MONTH: M 5 = HAIL
GRTST 24HR M ON M 6 = FREEZING RAIN OR DRIZZLE
GRTST DEPTH: M ON M 7 = DUSTSTORM OR SANDSTORM:
VSBY 1/2 MILE OR LESS
8 = SMOKE OR HAZE
[NO. OF DAYS WITH] [WEATHER - DAYS WITH] 9 = BLOWING SNOW
X = TORNADO
MAX 32 OR BELOW: 0 0.01 INCH OR MORE: 6
MAX 90 OR ABOVE: 5 0.10 INCH OR MORE: 5
MIN 32 OR BELOW: 0 0.50 INCH OR MORE: 3
MIN 0 OR BELOW: 0 1.00 INCH OR MORE: 0
[HDD (BASE 65) ]
TOTAL THIS MO. 1 CLEAR (SCALE 0-3) 18
DPTR FM NORMAL -6 PTCLDY (SCALE 4-7) 10
TOTAL FM JUL 1 1 CLOUDY (SCALE 8-10) 2
DPTR FM NORMAL -4
[CDD (BASE 65) ]
TOTAL THIS MO. 263
DPTR FM NORMAL -29 [PRESSURE DATA]
TOTAL FM JAN 1 1910 HIGHEST SLP 30.25 ON 2
DPTR FM NORMAL -75 LOWEST SLP 29.65 ON 23
[REMARKS]
#FINAL-09-23#