000
CXUS54 KHGX 030046
CF6LBX
PRELIMINARY LOCAL CLIMATOLOGICAL DATA (WS FORM: F-6)
STATION: ANGLETON/LAKE_JACKS
MONTH: MARCH
YEAR: 2024
LATITUDE: 29 6 N
LONGITUDE: 95 28 W
TEMPERATURE IN F: :PCPN: SNOW: WIND :SUNSHINE: SKY :PK WND
================================================================================
1 2 3 4 5 6A 6B 7 8 9 10 11 12 13 14 15 16 17 18
12Z AVG MX 2MIN
DY MAX MIN AVG DEP HDD CDD WTR SNW DPTH SPD SPD DIR MIN PSBL S-S WX SPD DR
================================================================================
1 67 52 60 -2 5 0 0.00 0.0 0 6.3 14 20 M M 7 1 17 10
2 72 50 61 -1 4 0 0.00 0.0 0 3.8 13 120 M M 8 1 23 200
3 76 63 70 8 0 5 0.00 0.0 0 6.1 14 130 M M 10 12 18 130
4 79 68 74 12 0 9 0.04 0.0 0 8.1 17 170 M M 7 1 22 170
5 88 66 77 15 0 12 0.03 0.0 0 6.4 17 100 M M 8 12 25 90
6 77 62 70 8 0 5 0.00 0.0 0 4.5 13 130 M M 7 12 17 140
7 79 58 69 6 0 4 0.02 0.0 0 9.9 21 160 M M 8 12 30 160
8 85 67 76 13 0 11 T 0.0 0 9.5 18 180 M M 6 1 24 170
9 69 48 59 -4 6 0 0.00 0.0 0 10.7 21 340 M M 2 33 330
10 69 41 55 -8 10 0 0.00 0.0 0 3.7 12 40 M M 0 1 18 10
11 71 50 61 -2 4 0 0.00 0.0 0 6.0 14 140 M M 4 19 120
12 77 52 65 1 0 0 0.00 0.0 0 6.4 18 160 M M 3 12 23 170
13 80 64 72 8 0 7 0.00 0.0 0 11.7 21 180 M M 9 1 29 200
14 80 72 76 12 0 11 0.00 0.0 0 14.2 24 150 M M 9 1 34 160
15 82 67 75 11 0 10 0.51 0.0 0 9.5 44 350 M M 7 13 66 360
16 76 66 71 7 0 6 0.03 0.0 0 8.6 23 130 M M 8 13 32 120
17 72 65 69 5 0 4 1.63 0.0 0 5.4 17 10 M M 9 13 21 250
18 70 51 61 -3 4 0 T 0.0 0 11.0 22 40 M M 3 34 70
19 64 43 54 -11 11 0 T 0.0 0 4.2 12 50 M M 4 18 50
20 69 57 63 -2 2 0 T 0.0 0 5.2 13 140 M M 9 18 160
21 69 61 65 0 0 0 1.62 0.0 0 11.6 21 120 M M 10 13 34 120
22 79 59 69 4 0 4 T 0.0 0 7.7 23 350 M M 5 32 330
23 77 52 65 0 0 0 0.00 0.0 0 5.1 14 40 M M 0 20 310
24 73 58 66 0 0 1 0.00 0.0 0 14.3 28 150 M M 5 39 160
25 81 55 68 2 0 3 0.01 0.0 0 11.6 24 190 M M 7 1 34 170
26 72 49 61 -5 4 0 0.00 0.0 0 6.7 17 350 M M 0 23 20
27 72 45 59 -7 6 0 T 0.0 0 7.0 22 340 M M 2 33 340
28 75 45 60 -6 5 0 0.00 0.0 0 4.6 15 160 M M 0 1 21 130
29 77 56 67 1 0 2 0.00 0.0 0 11.9 23 160 M M 0 33 160
30 79 59 69 2 0 4 0.00 0.0 0 8.5 18 170 M M 5 24 160
31 80 66 73 6 0 8 0.00 0.0 0 12.3 22 160 M M 9 1 28 160
================================================================================
SM 2336 1767 61 106 3.89 0.0 252.5 M 171
================================================================================
AV 75.4 57.0 8.1 FASTST M M 6 MAX(MPH)
MISC ----> 44 350 66 360
================================================================================
NOTES:
# LAST OF SEVERAL OCCURRENCES
COLUMN 17 PEAK WIND IN M.P.H.
PRELIMINARY LOCAL CLIMATOLOGICAL DATA (WS FORM: F-6) , PAGE 2
STATION: ANGLETON/LAKE_JACKS
MONTH: MARCH
YEAR: 2024
LATITUDE: 29 6 N
LONGITUDE: 95 28 W
[TEMPERATURE DATA] [PRECIPITATION DATA] SYMBOLS USED IN COLUMN 16
AVERAGE MONTHLY: 66.2 TOTAL FOR MONTH: 3.89 1 = FOG OR MIST
DPTR FM NORMAL: 2.0 DPTR FM NORMAL: 0.83 2 = FOG REDUCING VISIBILITY
HIGHEST: 88 ON 5 GRTST 24HR 1.63 ON 17-17 TO 1/4 MILE OR LESS
LOWEST: 41 ON 10 3 = THUNDER
SNOW, ICE PELLETS, HAIL 4 = ICE PELLETS
TOTAL MONTH: 0.0 INCH 5 = HAIL
GRTST 24HR 0.0 6 = FREEZING RAIN OR DRIZZLE
GRTST DEPTH: 0 7 = DUSTSTORM OR SANDSTORM:
VSBY 1/2 MILE OR LESS
8 = SMOKE OR HAZE
[NO. OF DAYS WITH] [WEATHER - DAYS WITH] 9 = BLOWING SNOW
X = TORNADO
MAX 32 OR BELOW: 0 0.01 INCH OR MORE: 8
MAX 90 OR ABOVE: 0 0.10 INCH OR MORE: 3
MIN 32 OR BELOW: 0 0.50 INCH OR MORE: 3
MIN 0 OR BELOW: 0 1.00 INCH OR MORE: 2
[HDD (BASE 65) ]
TOTAL THIS MO. 61 CLEAR (SCALE 0-3) 8
DPTR FM NORMAL -53 PTCLDY (SCALE 4-7) 14
TOTAL FM JUL 1 1030 CLOUDY (SCALE 8-10) 9
DPTR FM NORMAL -65
[CDD (BASE 65) ]
TOTAL THIS MO. 106
DPTR FM NORMAL 18 [PRESSURE DATA]
TOTAL FM JAN 1 152 HIGHEST SLP 30.30 ON 19
DPTR FM NORMAL 2 LOWEST SLP 29.48 ON 25
[REMARKS]
#FINAL-03-24#