000
CXUS54 KHGX 072354
CF6LBX
PRELIMINARY LOCAL CLIMATOLOGICAL DATA (WS FORM: F-6)
STATION: ANGLETON/LAKE_JACKS
MONTH: JULY
YEAR: 2021
LATITUDE: 29 6 N
LONGITUDE: 95 28 W
TEMPERATURE IN F: :PCPN: SNOW: WIND :SUNSHINE: SKY :PK WND
================================================================================
1 2 3 4 5 6A 6B 7 8 9 10 11 12 13 14 15 16 17 18
12Z AVG MX 2MIN
DY MAX MIN AVG DEP HDD CDD WTR SNW DPTH SPD SPD DIR MIN PSBL S-S WX SPD DR
================================================================================
1 90 74 82 -1 0 17 0.01 0.0 0 2.9 16 170 M M 3 1 19 160
2 93 74 84 1 0 19 0.00 0.0 0 3.5 14 170 M M 2 1 17 190
3 91 75 83 0 0 18 0.55 0.0 0 2.6 16 150 M M 3 13 20 150
4 90 75 83 0 0 18 0.70 0.0 0 4.2 14 100 M M 2 13 19 110
5 89 75 82 -1 0 17 0.18 0.0 0 4.3 16 180 M M 3 138 21 190
6 82 74 78 -5 0 13 1.53 0.0 0 4.5 14 140 M M 5 13 17 130
7 86 74 80 -3 0 15 1.59 0.0 0 6.4 25 160 M M 5 13 33 160
8 83 74 79 -5 0 14 0.31 0.0 0 8.1 21 130 M M 8 1 26 140
9 82 74 78 -6 0 13 1.60 0.0 0 5.4 22 150 M M 8 13 31 150
10 90 79 85 1 0 20 T 0.0 0 9.4 21 170 M M 6 25 190
11 90 77 84 0 0 19 T 0.0 0 7.2 20 180 M M 8 1 23 180
12 92 76 84 0 0 19 0.00 0.0 0 4.4 20 20 M M 1 1 26 20
13 91 75 83 -1 0 18 T 0.0 0 3.9 16 130 M M 3 3 20 140
14 91 74 83 -1 0 18 0.08 0.0 0 5.5 17 160 M M 3 3 21 160
15 91 76 84 0 0 19 0.02 0.0 0 7.5 18 170 M M 2 23 180
16 91 76 84 0 0 19 0.03 0.0 0 7.8 17 170 M M 2 21 190
17 92 75 84 0 0 19 T 0.0 0 5.0 13 150 M M 1 17 160
18 92 76 84 0 0 19 T 0.0 0 5.4 14 160 M M 1 18 170
19 92 75 84 0 0 19 0.16 0.0 0 3.8 14 220 M M 1 3 19 210
20 91 74 83 -1 0 18 0.45 0.0 0 3.5 15 320 M M 5 13 23 320
21 88 74 81 -3 0 16 0.11 0.0 0 3.0 14 170 M M 2 3 17 160
22 90 73 82 -2 0 17 0.03 0.0 0 3.5 15 180 M M 2 19 180
23 92 76 84 0 0 19 0.00 0.0 0 7.2 16 190 M M 1 1 21 190
24 93 75 84 0 0 19 0.00 0.0 0 5.6 15 190 M M 0 18 180
25 95 72 84 0 0 19 0.00 0.0 0 3.7 14 180 M M 2 1 16 180
26 96 71 84 0 0 19 0.00 0.0 0 2.6 13 180 M M 0 1 14 180
27 92 76 84 0 0 19 0.00 0.0 0 2.7 17 50 M M 0 22 50
28 93 74 84 0 0 19 0.24 0.0 0 4.4 15 160 M M 1 3 19 160
29 93 75 84 0 0 19 0.00 0.0 0 3.9 14 130 M M 1 1 17 130
30 93 75 84 0 0 19 0.00 0.0 0 4.3 15 180 M M 1 13 18 170
31 92 76 84 0 0 19 0.97 0.0 0 3.9 16 270 M M 1 13 20 270
================================================================================
SM 2806 2319 0 555 8.56 0.0 150.1 M 83
================================================================================
AV 90.5 74.8 4.8 FASTST M M 3 MAX(MPH)
MISC ----> 25 160 33 160
================================================================================
NOTES:
# LAST OF SEVERAL OCCURRENCES
COLUMN 17 PEAK WIND IN M.P.H.
PRELIMINARY LOCAL CLIMATOLOGICAL DATA (WS FORM: F-6) , PAGE 2
STATION: ANGLETON/LAKE_JACKS
MONTH: JULY
YEAR: 2021
LATITUDE: 29 6 N
LONGITUDE: 95 28 W
[TEMPERATURE DATA] [PRECIPITATION DATA] SYMBOLS USED IN COLUMN 16
AVERAGE MONTHLY: 82.7 TOTAL FOR MONTH: 8.56 1 = FOG OR MIST
DPTR FM NORMAL: -1.1 DPTR FM NORMAL: 4.68 2 = FOG REDUCING VISIBILITY
HIGHEST: 96 ON 26 GRTST 24HR 1.72 ON 8- 9 TO 1/4 MILE OR LESS
LOWEST: 71 ON 26 3 = THUNDER
SNOW, ICE PELLETS, HAIL 4 = ICE PELLETS
TOTAL MONTH: 0.0 INCH 5 = HAIL
GRTST 24HR 0.0 6 = FREEZING RAIN OR DRIZZLE
GRTST DEPTH: 0 7 = DUSTSTORM OR SANDSTORM:
VSBY 1/2 MILE OR LESS
8 = SMOKE OR HAZE
[NO. OF DAYS WITH] [WEATHER - DAYS WITH] 9 = BLOWING SNOW
X = TORNADO
MAX 32 OR BELOW: 0 0.01 INCH OR MORE: 17
MAX 90 OR ABOVE: 25 0.10 INCH OR MORE: 12
MIN 32 OR BELOW: 0 0.50 INCH OR MORE: 6
MIN 0 OR BELOW: 0 1.00 INCH OR MORE: 3
[HDD (BASE 65) ]
TOTAL THIS MO. 0 CLEAR (SCALE 0-3) 22
DPTR FM NORMAL 0 PTCLDY (SCALE 4-7) 9
TOTAL FM JUL 1 0 CLOUDY (SCALE 8-10) 0
DPTR FM NORMAL 0
[CDD (BASE 65) ]
TOTAL THIS MO. 555
DPTR FM NORMAL -29 [PRESSURE DATA]
TOTAL FM JAN 1 1775 HIGHEST SLP 30.17 ON 23
DPTR FM NORMAL -23 LOWEST SLP 29.87 ON 7
[REMARKS]
#FINAL-07-21#