000
CXUS54 KLCH 011331
CF6LCH
PRELIMINARY LOCAL CLIMATOLOGICAL DATA (WS FORM: F-6)
STATION: LAKE CHARLES
MONTH: MAY
YEAR: 2021
LATITUDE: 30 7 N
LONGITUDE: 93 13 W
TEMPERATURE IN F: :PCPN: SNOW: WIND :SUNSHINE: SKY :PK WND
================================================================================
1 2 3 4 5 6A 6B 7 8 9 10 11 12 13 14 15 16 17 18
12Z AVG MX 2MIN
DY MAX MIN AVG DEP HDD CDD WTR SNW DPTH SPD SPD DIR MIN PSBL S-S WX SPD DR
================================================================================
1 80 68 74 2 0 9 0.04 0.0 M 10.3 26 140 M M 7 13 34 140
2 82 70 76 3 0 11 0.01 0.0 M 13.0 23 150 M M 8 3 44 190
3 85 78 82 9 0 17 0.00 0.0 M 10.9 17 200 M M 10 18 28 210
4 86 73 80 7 0 15 0.04 0.0 M 6.1 18 330 M M 8 138 25 310
5 82 63 73 -1 0 8 0.00 0.0 M 10.2 18 20 M M 1 24 10
6 85 61 73 -1 0 8 M 0.0 M 7.6 18 50 M M 0 24 60
7 88 58 73 -1 0 8 0.00 0.0 M 3.7 12 50 M M 0 16 70
8 84 61 73 -1 0 8 0.00 0.0 M 9.6 18 190 M M 0 1 28 190
9 83 73 78 3 0 13 0.07 0.0 M 10.8 18 190 M M 8 1 32 220
10 87 69 78 3 0 13 T 0.0 M 7.8 24 50 M M 8 1 31 50
11 84 66 75 0 0 10 2.30 0.0 M 12.4 25 330 M M 8 123 35 320
12 75 66 71 -4 0 6 0.39 0.0 M 10.6 18 30 M M 10 1 23 10
13 79 63 71 -5 0 6 0.00 0.0 M 10.3 18 30 M M 8 25 60
14 81 57 69 -7 0 4 0.00 0.0 M 6.4 12 100 M M 1 16 110
15 82 63 73 -3 0 8 0.00 0.0 M 8.7 17 130 M M 2 28 110
16 84 66 75 -1 0 10 0.00 0.0 M 13.1 24 140 M M 5 30 150
17 75 68 72 -5 0 712.49 0.0 M 9.7 26 340 M M 8 123 37 360
18 76 67 72 -5 0 7 0.67 0.0 M 10.8 25 130 M M 6 13 32 130
19 79 65 72 -5 0 7 2.74 0.0 0 9.4 43 240 M M 8 123 69 230
20 80 68 74 -3 0 9 0.83 0.0 M 11.2 20 130 M M 7 13 27 130
21 79 72 76 -2 0 11 0.59 0.0 M 15.1 26 110 M M 10 1 35 120
22 84 71 78 0 0 13 T 0.0 0 13.7 24 130 M M 8 1 31 130
23 84 68 76 -2 0 11 0.00 0.0 M 10.4 20 120 M M 3 25 120
24 84 71 78 0 0 13 0.00 0.0 M 7.4 20 130 M M 4 25 130
25 85 68 77 -2 0 12 0.00 0.0 M 7.3 17 160 M M 5 24 150
26 86 73 80 1 0 15 0.00 0.0 M 5.6 14 200 M M 2 1 20 220
27 87 71 79 0 0 14 0.00 0.0 M 5.9 15 220 M M 2 1 22 230
28 87 68 78 -1 0 13 0.02 0.0 M 5.7 23 20 M M 4 1 33 30
29 86 71 79 -1 0 14 0.31 0.0 M 4.9 20 10 M M 4 13 25 360
30 83 63 73 -7 0 8 0.00 0.0 M 9.2 18 60 M M 0 25 80
31 86 66 76 -4 0 11 0.00 0.0 M 7.7 15 160 M M 2 23 140
================================================================================
SM 2568 2085 0 319 20.50 0.0 285.5 M 157
================================================================================
AV 82.8 67.3 9.2 FASTST M M 5 MAX(MPH)
MISC ----> 43 240 69 230
================================================================================
NOTES:
# LAST OF SEVERAL OCCURRENCES
COLUMN 17 PEAK WIND IN M.P.H.
PRELIMINARY LOCAL CLIMATOLOGICAL DATA (WS FORM: F-6) , PAGE 2
STATION: LAKE CHARLES
MONTH: MAY
YEAR: 2021
LATITUDE: 30 7 N
LONGITUDE: 93 13 W
[TEMPERATURE DATA] [PRECIPITATION DATA] SYMBOLS USED IN COLUMN 16
AVERAGE MONTHLY: 75.0 TOTAL FOR MONTH: 20.50 1 = FOG OR MIST
DPTR FM NORMAL: -1.4 DPTR FM NORMAL: 15.10 2 = FOG REDUCING VISIBILITY
HIGHEST: 88 ON 7 GRTST 24HR 12.66 ON 17-18 TO 1/4 MILE OR LESS
LOWEST: 57 ON 14 3 = THUNDER
SNOW, ICE PELLETS, HAIL 4 = ICE PELLETS
TOTAL MONTH: 0.0 INCH 5 = HAIL
GRTST 24HR 0.0 6 = FREEZING RAIN OR DRIZZLE
GRTST DEPTH: 0 7 = DUSTSTORM OR SANDSTORM:
VSBY 1/2 MILE OR LESS
8 = SMOKE OR HAZE
[NO. OF DAYS WITH] [WEATHER - DAYS WITH] 9 = BLOWING SNOW
X = TORNADO
MAX 32 OR BELOW: 0 0.01 INCH OR MORE: 13
MAX 90 OR ABOVE: 0 0.10 INCH OR MORE: 8
MIN 32 OR BELOW: 0 0.50 INCH OR MORE: 6
MIN 0 OR BELOW: 0 1.00 INCH OR MORE: 3
[HDD (BASE 65) ]
TOTAL THIS MO. 0 CLEAR (SCALE 0-3) 11
DPTR FM NORMAL -2 PTCLDY (SCALE 4-7) 17
TOTAL FM JUL 1 1404 CLOUDY (SCALE 8-10) 3
DPTR FM NORMAL 92
[CDD (BASE 65) ]
TOTAL THIS MO. 319
DPTR FM NORMAL -35 [PRESSURE DATA]
TOTAL FM JAN 1 642 HIGHEST SLP 30.27 ON 14
DPTR FM NORMAL 20 LOWEST SLP 29.66 ON 3
[REMARKS]
#FINAL-05-21#