000
CXUS52 KMLB 010624
CF6LEE
PRELIMINARY LOCAL CLIMATOLOGICAL DATA (WS FORM: F-6)
STATION: LEESBURG
MONTH: JUNE
YEAR: 2021
LATITUDE: 28 49 N
LONGITUDE: 81 49 W
TEMPERATURE IN F: :PCPN: SNOW: WIND :SUNSHINE: SKY :PK WND
================================================================================
1 2 3 4 5 6A 6B 7 8 9 10 11 12 13 14 15 16 17 18
12Z AVG MX 2MIN
DY MAX MIN AVG DEP HDD CDD WTR SNW DPTH SPD SPD DIR MIN PSBL S-S WX SPD DR
================================================================================
1 91 67 79 -1 0 14 0.00 0.0 0 7.5 18 70 M M 1 25 50
2 90 70 80 -1 0 15 0.00 0.0 0 7.1 17 110 M M 3 22 90
3 90 73 82 1 0 17 0.01 0.0 0 6.6 16 150 M M 3 22 130
4 85 74 80 -1 0 15 0.67 0.0 0 5.7 16 210 M M 6 123 21 210
5 92 73 83 2 0 18 1.84 0.0 0 5.8 25 90 M M 5 138 32 100
6 93 75 84 3 0 19 0.28 0.0 0 7.7 18 110 M M 3 13 24 120
7 89 74 82 1 0 17 0.12 0.0 0 7.1 14 120 M M 4 1 17 120
8 93 76 85 4 0 20 0.00 0.0 0 7.4 17 120 M M 2 22 120
9 91 76 84 2 0 19 0.00 0.0 0 5.9 14 100 M M 1 17 140
10 93 75 84 2 0 19 0.00 0.0 0 6.3 14 170 M M 0 16 170
11 94 75 85 3 0 20 T 0.0 0 5.0 14 290 M M 1 3 21 250
12 91 74 83 1 0 18 0.00 0.0 0 6.4 17 280 M M 2 23 290
13 87 73 80 -2 0 15 0.51 0.0 0 6.1 21 230 M M 3 13 28 240
14 88 72 80 -2 0 15 1.02 0.0 0 5.4 23 270 M M 4 13 34 260
15 84 72 78 -4 0 13 0.36 0.0 0 8.0 17 220 M M 4 138 25 220
16 88 74 81 -1 0 16 0.05 0.0 0 8.1 20 260 M M 1 3 28 260
17 88 71 80 -2 0 15 0.00 0.0 0 5.2 14 250 M M 3 23 240
18 89 73 81 -1 0 16 0.00 0.0 0 2.7 9 180 M M 3 12 170
19 91 78 85 3 0 20 0.00 0.0 0 5.3 12 120 M M 2 3 15 150
20 89 79 84 2 0 19 T 0.0 0 6.8 16 260 M M 2 23 260
21 92 74 83 1 0 18 0.04 0.0 0 5.8 18 190 M M 2 13 25 190
22 91 73 82 0 0 17 0.59 0.0 0 8.4 18 350 M M 3 13 31 240
23 90 73 82 0 0 17 0.67 0.0 0 3.6 20 160 M M 3 13 26 160
24 88 71 80 -2 0 15 0.23 0.0 0 6.0 21 60 M M 4 13 26 40
25 86 72 79 -3 0 14 0.38 0.0 0 5.2 22 90 M M 5 13 27 100
26 89 72 81 -2 0 16 0.84 0.0 0 5.3 21 100 M M 2 13 29 100
27 91 74 83 0 0 18 0.00 0.0 0 8.0 20 70 M M 1 25 70
28 92 73 83 0 0 18 T 0.0 0 5.4 18 350 M M 1 24 340
29 85 72 79 -4 0 14 0.87 0.0 0 6.8 36 70 M M 2 13 45 50
30 86 73 80 -3 0 15 0.13 0.0 0 5.6 22 100 M M 2 138 27 110
================================================================================
SM 2686 2201 0 502 8.61 0.0 186.2 M 78
================================================================================
AV 89.5 73.4 6.2 FASTST M M 3 MAX(MPH)
MISC ----> 36 70 45 50
================================================================================
NOTES:
# LAST OF SEVERAL OCCURRENCES
COLUMN 17 PEAK WIND IN M.P.H.
PRELIMINARY LOCAL CLIMATOLOGICAL DATA (WS FORM: F-6) , PAGE 2
STATION: LEESBURG
MONTH: JUNE
YEAR: 2021
LATITUDE: 28 49 N
LONGITUDE: 81 49 W
[TEMPERATURE DATA] [PRECIPITATION DATA] SYMBOLS USED IN COLUMN 16
AVERAGE MONTHLY: 81.5 TOTAL FOR MONTH: 8.61 1 = FOG OR MIST
DPTR FM NORMAL: -0.5 DPTR FM NORMAL: 1.63 2 = FOG REDUCING VISIBILITY
HIGHEST: 94 ON 11 GRTST 24HR 1.84 ON 5- 5 TO 1/4 MILE OR LESS
LOWEST: 67 ON 1 3 = THUNDER
SNOW, ICE PELLETS, HAIL 4 = ICE PELLETS
TOTAL MONTH: 0.0 INCH 5 = HAIL
GRTST 24HR 0.0 6 = FREEZING RAIN OR DRIZZLE
GRTST DEPTH: 0 7 = DUSTSTORM OR SANDSTORM:
VSBY 1/2 MILE OR LESS
8 = SMOKE OR HAZE
[NO. OF DAYS WITH] [WEATHER - DAYS WITH] 9 = BLOWING SNOW
X = TORNADO
MAX 32 OR BELOW: 0 0.01 INCH OR MORE: 17
MAX 90 OR ABOVE: 16 0.10 INCH OR MORE: 14
MIN 32 OR BELOW: 0 0.50 INCH OR MORE: 8
MIN 0 OR BELOW: 0 1.00 INCH OR MORE: 2
[HDD (BASE 65) ]
TOTAL THIS MO. 0 CLEAR (SCALE 0-3) 22
DPTR FM NORMAL 0 PTCLDY (SCALE 4-7) 8
TOTAL FM JUL 1 568 CLOUDY (SCALE 8-10) 0
DPTR FM NORMAL -62
[CDD (BASE 65) ]
TOTAL THIS MO. 502
DPTR FM NORMAL -5 [PRESSURE DATA]
TOTAL FM JAN 1 1450 HIGHEST SLP M ON M
DPTR FM NORMAL 101 LOWEST SLP 29.82 ON 12
[REMARKS]
#FINAL-06-21#