000
CXUS54 KLCH 010930
CF6LFT
PRELIMINARY LOCAL CLIMATOLOGICAL DATA (WS FORM: F-6)
STATION: LAFAYETTE
MONTH: DECEMBER
YEAR: 2022
LATITUDE: 30 12 N
LONGITUDE: 92 0 W
TEMPERATURE IN F: :PCPN: SNOW: WIND :SUNSHINE: SKY :PK WND
================================================================================
1 2 3 4 5 6A 6B 7 8 9 10 11 12 13 14 15 16 17 18
12Z AVG MX 2MIN
DY MAX MIN AVG DEP HDD CDD WTR SNW DPTH SPD SPD DIR MIN PSBL S-S WX SPD DR
================================================================================
1 65 41 53 -4 12 0 0.00 0.0 M 5.5 14 60 M M 0 23 60
2 79 42 61 4 4 0 0.00 0.0 M 4.9 14 160 M M 5 23 150
3 82 65 74 17 0 9 T 0.0 M 4.1 12 350 M M 8 12 15 170
4 75 61 68 11 0 3 0.00 0.0 M 3.9 12 20 M M 10 15 20
5 82 64 73 17 0 8 0.00 0.0 M 6.9 20 220 M M 9 12 25 220
6 84 68 76 20 0 11 0.00 0.0 M 6.9 20 220 M M 5 1 26 230
7 83 69 76 20 0 11 0.00 0.0 M 4.6 14 190 M M 7 12 21 190
8 81 68 75 19 0 10 0.00 0.0 M 4.2 9 200 M M 7 12 13 200
9 83 66 75 19 0 10 0.00 0.0 0 3.8 9 270 M M 6 12 13 340
10 80 64 72 16 0 7 0.00 0.0 M 3.6 13 200 M M 7 12 21 180
11 76 64 70 14 0 5 0.47 0.0 M 4.1 22 30 M M 7 1 28 30
12 76 63 70 15 0 5 0.00 0.0 M 3.9 9 20 M M 7 1 13 40
13 79 63 71 16 0 6 0.01 0.0 M 9.1 20 170 M M 8 1 33 170
14 77 48 63 8 2 0 0.52 M M 11.0 23 340 M M 7 138 33 350
15 63 43 53 -2 12 0 0.00 0.0 M 3.7 12 340 M M 0 16 350
16 65 39 52 -3 13 0 T M M 3.8 18 10 M M 2 25 360
17 54 38 46 -9 19 0 0.04 M M 8.2 21 10 M M 5 1 27 10
18 56 31 44 -10 21 0 0.00 0.0 M 3.8 15 10 M M 0 21 40
19 52 42 47 -7 18 0 2.58 M M 8.7 20 30 M M 10 138 30 50
20 57 47 52 -2 13 0 0.04 M M 12.4 21 360 M M 10 1 29 20
21 50 46 48 -6 17 0 0.00 0.0 M 3.5 15 30 M M 10 1 19 30
22 59 29 44 -10 21 0 0.06 M M 9.1 29 340 M M 10 128 39 340
23 31 20 26 -28 39 0 0.00 0.0 M 15.9 28 360 M M 0 39 350
24 39 23 31 -23 34 0 0.00 0.0 M 8.9 17 10 M M 0 24 10
25 49 24 37 -17 28 0 0.00 0.0 M 3.4 13 350 M M 0 18 50
26 56 26 41 -13 24 0 0.00 0.0 M 1.9 7 330 M M 3 11 110
27 61 33 47 -6 18 0 0.00 0.0 M 2.6 12 340 M M 0 15 340
28 72 35 54 1 11 0 0.02 M M 4.8 15 160 M M 6 1 28 160
29 79 66 73 20 0 8 0.00 0.0 M 9.1 21 170 M M 6 33 170
30 70 62 66 13 0 1 2.27 0.0 M 3.8 18 330 M M 10 13 24 340
31 73 57 65 12 0 0 0.00 0.0 M 4.4 14 250 M M 6 128 19 250
================================================================================
SM 2088 1507 306 94 6.01 0.0 184.5 M 171
================================================================================
AV 67.4 48.6 6.0 FASTST M M 6 MAX(MPH)
MISC ----> 29 340 # 39 340
================================================================================
NOTES:
# LAST OF SEVERAL OCCURRENCES
COLUMN 17 PEAK WIND IN M.P.H.
PRELIMINARY LOCAL CLIMATOLOGICAL DATA (WS FORM: F-6) , PAGE 2
STATION: LAFAYETTE
MONTH: DECEMBER
YEAR: 2022
LATITUDE: 30 12 N
LONGITUDE: 92 0 W
[TEMPERATURE DATA] [PRECIPITATION DATA] SYMBOLS USED IN COLUMN 16
AVERAGE MONTHLY: 58.0 TOTAL FOR MONTH: 6.01 1 = FOG OR MIST
DPTR FM NORMAL: 3.1 DPTR FM NORMAL: 1.05 2 = FOG REDUCING VISIBILITY
HIGHEST: 84 ON 6 GRTST 24HR 2.62 ON 19-20 TO 1/4 MILE OR LESS
LOWEST: 20 ON 23 3 = THUNDER
SNOW, ICE PELLETS, HAIL 4 = ICE PELLETS
TOTAL MONTH: 0.0 INCH 5 = HAIL
GRTST 24HR 0.0 6 = FREEZING RAIN OR DRIZZLE
GRTST DEPTH: 0 7 = DUSTSTORM OR SANDSTORM:
VSBY 1/2 MILE OR LESS
8 = SMOKE OR HAZE
[NO. OF DAYS WITH] [WEATHER - DAYS WITH] 9 = BLOWING SNOW
X = TORNADO
MAX 32 OR BELOW: 1 0.01 INCH OR MORE: 9
MAX 90 OR ABOVE: 0 0.10 INCH OR MORE: 4
MIN 32 OR BELOW: 6 0.50 INCH OR MORE: 3
MIN 0 OR BELOW: 0 1.00 INCH OR MORE: 2
[HDD (BASE 65) ]
TOTAL THIS MO. 306 CLEAR (SCALE 0-3) 9
DPTR FM NORMAL -34 PTCLDY (SCALE 4-7) 14
TOTAL FM JUL 1 536 CLOUDY (SCALE 8-10) 8
DPTR FM NORMAL -18
[CDD (BASE 65) ]
TOTAL THIS MO. 94
DPTR FM NORMAL 69 [PRESSURE DATA]
TOTAL FM JAN 1 3236 HIGHEST SLP 30.61 ON 24
DPTR FM NORMAL 232 LOWEST SLP 29.62 ON 14
[REMARKS]
#FINAL-12-22#