000
CXUS54 KLCH 010930
CF6LFT
PRELIMINARY LOCAL CLIMATOLOGICAL DATA (WS FORM: F-6)
STATION: LAFAYETTE
MONTH: JANUARY
YEAR: 2024
LATITUDE: 30 12 N
LONGITUDE: 92 0 W
TEMPERATURE IN F: :PCPN: SNOW: WIND :SUNSHINE: SKY :PK WND
================================================================================
1 2 3 4 5 6A 6B 7 8 9 10 11 12 13 14 15 16 17 18
12Z AVG MX 2MIN
DY MAX MIN AVG DEP HDD CDD WTR SNW DPTH SPD SPD DIR MIN PSBL S-S WX SPD DR
================================================================================
1 59 41 50 -3 15 0 0.02 M M 7.5 17 360 M M 4 1 23 340
2 60 34 47 -6 18 0 0.00 0.0 M 4.4 12 60 M M 0 17 50
3 62 44 53 0 12 0 0.71 M M 9.8 16 350 M M 4 1 22 350
4 62 36 49 -4 16 0 0.00 0.0 M 3.4 12 20 M M 0 15 10
5 63 39 51 -2 14 0 1.18 M M 8.5 17 310 M M 9 13 26 100
6 55 43 49 -4 16 0 0.00 0.0 M 4.8 16 310 M M 7 1 22 310
7 59 37 48 -5 17 0 0.00 0.0 M 1.4 7 140 M M 1 12 11 100
8 72 49 61 9 4 0 1.36 M M 10.1 26 180 M M 10 13 40 170
9 57 38 48 -4 17 0 0.07 M M 12.9 29 270 M M 4 13 43 260
10 60 34 47 -5 18 0 0.00 0.0 M 6.4 15 180 M M 0 21 180
11 75 52 64 12 1 0 0.00 0.0 M 7.6 17 150 M M 6 1 28 140
12 72 41 57 5 8 0 0.03 M M 15.8 29 210 M M 4 18 44 310
13 58 31 45 -7 20 0 0.00 0.0 M 3.4 12 180 M M 0 1 15 200
14 68 39 54 2 11 0 0.00 0.0 M 5.2 16 180 M M 0 20 200
15 42 24 33 -19 32 0 0.15 T 0 14.6 26 340 M M 9 146 38 360
16 32 18 25 -27 40 0 0.00 0.0 M 16.2 26 350 M M 3 39 350
17 44 18 31 -22 34 0 0.00 0.0 M 3.9 10 360 M M 0 18 40
18 65 35 50 -3 15 0 0.04 M M 4.0 12 240 M M 9 1 16 240
19 59 37 48 -5 17 0 0.00 0.0 0 14.5 25 360 M M 1 12 33 10
20 45 29 37 -16 28 0 0.00 0.0 M 12.9 20 350 M M 0 27 360
21 46 29 38 -15 27 0 0.00 0.0 M 6.8 12 40 M M 8 18 40
22 68 44 56 3 9 0 0.41 M M 6.6 15 100 M M 9 1 27 90
23 69 60 65 12 0 0 0.02 0.0 M 4.5 10 110 M M 10 1 21 90
24 72 64 68 15 0 3 2.10 0.0 M 8.5 22 330 M M 10 13 32 140
25 66 60 63 10 2 0 1.26 0.0 0 5.1 23 270 M M 10 13 34 270
26 67 59 63 10 2 0 0.48 0.0 M 4.3 17 300 M M 9 123 23 300
27 66 54 60 7 5 0 0.72 0.0 M 10.2 22 310 M M 9 13 29 310
28 55 42 49 -5 16 0 0.00 0.0 M 7.7 15 310 M M 6 22 330
29 66 38 52 -2 13 0 0.00 0.0 M 3.8 13 320 M M 0 1 18 340
30 72 46 59 5 6 0 0.00 0.0 M 7.0 17 210 M M 0 22 220
31 74 50 62 8 3 0 0.00 0.0 M 6.3 15 360 M M 0 22 10
================================================================================
SM 1890 1265 436 3 8.55 T 238.1 M 142
================================================================================
AV 61.0 40.8 7.7 FASTST M M 5 MAX(MPH)
MISC ----> # 29 270 44 310
================================================================================
NOTES:
# LAST OF SEVERAL OCCURRENCES
COLUMN 17 PEAK WIND IN M.P.H.
PRELIMINARY LOCAL CLIMATOLOGICAL DATA (WS FORM: F-6) , PAGE 2
STATION: LAFAYETTE
MONTH: JANUARY
YEAR: 2024
LATITUDE: 30 12 N
LONGITUDE: 92 0 W
[TEMPERATURE DATA] [PRECIPITATION DATA] SYMBOLS USED IN COLUMN 16
AVERAGE MONTHLY: 50.9 TOTAL FOR MONTH: 8.55 1 = FOG OR MIST
DPTR FM NORMAL: -1.9 DPTR FM NORMAL: 2.63 2 = FOG REDUCING VISIBILITY
HIGHEST: 75 ON 11 GRTST 24HR 2.67 ON 24-25 TO 1/4 MILE OR LESS
LOWEST: 18 ON 17,16 3 = THUNDER
SNOW, ICE PELLETS, HAIL 4 = ICE PELLETS
TOTAL MONTH: T 5 = HAIL
GRTST 24HR T ON 15-15 6 = FREEZING RAIN OR DRIZZLE
GRTST DEPTH: 0 7 = DUSTSTORM OR SANDSTORM:
VSBY 1/2 MILE OR LESS
8 = SMOKE OR HAZE
[NO. OF DAYS WITH] [WEATHER - DAYS WITH] 9 = BLOWING SNOW
X = TORNADO
MAX 32 OR BELOW: 1 0.01 INCH OR MORE: 14
MAX 90 OR ABOVE: 0 0.10 INCH OR MORE: 9
MIN 32 OR BELOW: 6 0.50 INCH OR MORE: 6
MIN 0 OR BELOW: 0 1.00 INCH OR MORE: 4
[HDD (BASE 65) ]
TOTAL THIS MO. 436 CLEAR (SCALE 0-3) 13
DPTR FM NORMAL 44 PTCLDY (SCALE 4-7) 8
TOTAL FM JUL 1 872 CLOUDY (SCALE 8-10) 10
DPTR FM NORMAL -74
[CDD (BASE 65) ]
TOTAL THIS MO. 3
DPTR FM NORMAL -12 [PRESSURE DATA]
TOTAL FM JAN 1 3 HIGHEST SLP 30.55 ON 21
DPTR FM NORMAL -12 LOWEST SLP 29.53 ON 8
[REMARKS]
#FINAL-01-24#