000
CXUS54 KFWD 010730
CF6LHB
PRELIMINARY LOCAL CLIMATOLOGICAL DATA (WS FORM: F-6)
STATION: HEARNE
MONTH: JUNE
YEAR: 2021
LATITUDE: 30 52 N
LONGITUDE: 96 36 W
TEMPERATURE IN F: :PCPN: SNOW: WIND :SUNSHINE: SKY :PK WND
================================================================================
1 2 3 4 5 6A 6B 7 8 9 10 11 12 13 14 15 16 17 18
12Z AVG MX 2MIN
DY MAX MIN AVG DEP HDD CDD WTR SNW DPTH SPD SPD DIR MIN PSBL S-S WX SPD DR
================================================================================
1 81 70 76 M 0 11 1.27 M M 0.0 M M M M 9 13 M M
2 87 65 76 M 0 11 0.10 M M 0.0 M M M M 3 3 M M
3 77 65 71 M 0 6 0.32 M M 0.0 M M M M 4 M M
4 83 69 76 M 0 11 0.01 M M 0.0 M M M M 8 18 M M
5 87 70 79 M 0 14 0.00 M M 0.0 M M M M 6 138 M M
6 90 69 80 M 0 15 0.01 M M 0.0 M M M M 5 M M
7 85 73 79 M 0 14 M M M 0.0 M M M M 7 3 M M
8 90 76 83 M 0 18 0.01 M M 0.0 M M M M 5 18 M M
9 94 77 86 M 0 21 0.00 M M 0.0 M M M M 5 18 M M
10 94 76 85 M 0 20 0.00 M M 0.0 M M M M 6 18 M M
11 93 76 85 M 0 20 0.00 M M 0.0 M M M M 5 8 M M
12 92 76 84 M 0 19 0.00 M M 0.0 M M M M 4 18 M M
13 96 76 86 M 0 21 0.00 M M 0.0 M M M M 2 1 M M
14 97 75 86 M 0 21 0.00 M M 0.0 M M M M 1 1 M M
15 96 74 85 M 0 20 0.00 M M 0.0 M M M M 2 1 M M
16 96 69 83 M 0 18 0.00 M M 0.0 M M M M 1 M M
17 97 73 85 M 0 20 0.00 M M 0.0 M M M M 1 M M
18 92 72 82 M 0 17 0.00 M M 0.0 M M M M 1 M M
19 95 68 82 M 0 17 0.00 M M 0.0 M M M M 1 M M
20 94 74 84 M 0 19 0.00 M M 0.0 M M M M 4 M M
21 95 76 86 M 0 21 0.11 M M 0.0 M M M M 7 M M
22 86 73 80 M 0 15 0.14 M M 0.0 M M M M 7 M M
23 96 75 86 M 0 21 0.00 M M 0.0 M M M M 3 M M
24 96 76 86 M 0 21 0.00 M M 0.0 M M M M 5 M M
25 96 78 87 M 0 22 0.00 M M 0.0 M M M M 4 M M
26 95 78 87 M 0 22 0.00 M M 0.0 M M M M 5 M M
27 89 74 82 M 0 17 0.14 M M 0.0 M M M M 4 3 M M
28 85 73 79 M 0 14 0.04 M M 0.0 M M M M 6 M M
29 90 73 82 M 0 17 0.03 M M 0.0 M M M M 4 M M
30 91 74 83 M 0 18 0.02 M M 0.0 M M M M 4 M M
================================================================================
SM 2735 2193 0 521 2.20 M 0.0 M 129
================================================================================
AV 91.2 73.1 0.0 FASTST M M 4 MAX(MPH)
MISC ----> M M M M
================================================================================
NOTES:
# LAST OF SEVERAL OCCURRENCES
COLUMN 17 PEAK WIND IN M.P.H.
PRELIMINARY LOCAL CLIMATOLOGICAL DATA (WS FORM: F-6) , PAGE 2
STATION: HEARNE
MONTH: JUNE
YEAR: 2021
LATITUDE: 30 52 N
LONGITUDE: 96 36 W
[TEMPERATURE DATA] [PRECIPITATION DATA] SYMBOLS USED IN COLUMN 16
AVERAGE MONTHLY: 82.1 TOTAL FOR MONTH: 2.20 1 = FOG OR MIST
DPTR FM NORMAL: 0.0 DPTR FM NORMAL: M 2 = FOG REDUCING VISIBILITY
HIGHEST: 97 ON 17,14 GRTST 24HR 1.27 ON 1- 1 TO 1/4 MILE OR LESS
LOWEST: 65 ON 3, 2 3 = THUNDER
SNOW, ICE PELLETS, HAIL 4 = ICE PELLETS
TOTAL MONTH: M 5 = HAIL
GRTST 24HR M ON M 6 = FREEZING RAIN OR DRIZZLE
GRTST DEPTH: M ON M 7 = DUSTSTORM OR SANDSTORM:
VSBY 1/2 MILE OR LESS
8 = SMOKE OR HAZE
[NO. OF DAYS WITH] [WEATHER - DAYS WITH] 9 = BLOWING SNOW
X = TORNADO
MAX 32 OR BELOW: 0 0.01 INCH OR MORE: 12
MAX 90 OR ABOVE: 21 0.10 INCH OR MORE: 6
MIN 32 OR BELOW: 0 0.50 INCH OR MORE: 1
MIN 0 OR BELOW: 0 1.00 INCH OR MORE: 1
[HDD (BASE 65) ]
TOTAL THIS MO. 0 CLEAR (SCALE 0-3) 7
DPTR FM NORMAL M PTCLDY (SCALE 4-7) 22
TOTAL FM JUL 1 1820 CLOUDY (SCALE 8-10) 1
DPTR FM NORMAL M
[CDD (BASE 65) ]
TOTAL THIS MO. 521
DPTR FM NORMAL M [PRESSURE DATA]
TOTAL FM JAN 1 1032 HIGHEST SLP M ON M
DPTR FM NORMAL M LOWEST SLP M ON M
[REMARKS]
#FINAL-06-21#