000
CXUS55 KBOU 010900
CF6LIC
PRELIMINARY LOCAL CLIMATOLOGICAL DATA (WS FORM: F-6)
STATION: LIMON CO
MONTH: OCTOBER
YEAR: 2023
LATITUDE: 39 10 N
LONGITUDE: 103 42 W
TEMPERATURE IN F: :PCPN: SNOW: WIND :SUNSHINE: SKY :PK WND
================================================================================
1 2 3 4 5 6A 6B 7 8 9 10 11 12 13 14 15 16 17 18
12Z AVG MX 2MIN
DY MAX MIN AVG DEP HDD CDD WTR SNW DPTH SPD SPD DIR MIN PSBL S-S WX SPD DR
================================================================================
1 83 58 71 18 0 6 0.00 M M 18.7 32 180 M M 0 44 170
2 84 54 69 16 0 4 T M M 16.0 33 170 M M 1 3 47 170
3 71 39 55 3 10 0 T M M 8.0 25 340 M M 4 1 34 340
4 68 35 52 0 13 0 T M M 5.8 18 210 M M 2 31 150
5 69 32 51 0 14 0 0.00 M M 4.9 14 20 M M 1 18 150
6 56 27 42 -9 23 0 T M M 9.5 30 10 M M 4 8 38 10
7 74 24 49 -1 16 0 0.00 M M 2.9 10 10 M M 0 8 17 340
8 79 34 57 7 8 0 0.00 M M 5.5 16 360 M M 0 23 20
9 79 32 56 6 9 0 T M M 8.5 29 160 M M 0 40 160
10 81 35 58 9 7 0 T M M 4.8 28 140 M M 0 37 140
11 81 37 59 10 6 0 0.00 M M 10.0 28 200 M M 1 3 40 190
12 58 37 48 0 17 0 0.23 M M 15.2 43 340 M M 6 1 59 330
13 51 26 39 -9 26 0 0.00 M M 21.5 37 330 M M 3 52 330
14 56 24 40 -7 25 0 0.00 M M 3.6 12 10 M M 0 15 350
15 65 25 45 -2 20 0 0.00 M M 7.2 21 360 M M 0 31 360
16 75 26 51 5 14 0 0.00 M M 4.1 12 50 M M 0 16 20
17 84 33 59 13 6 0 0.00 M M 4.7 12 350 M M 0 18 290
18 72 34 53 7 12 0 0.00 M M 9.8 28 360 M M 0 37 340
19 79 33 56 11 9 0 0.00 M M 7.5 22 330 M M 0 30 360
20 84 31 58 13 7 0 0.00 M M 5.9 20 10 M M 0 26 20
21 80 30 55 11 10 0 0.00 M M 8.5 23 160 M M 0 32 170
22 77 29 53 9 12 0 0.00 M M 6.5 16 350 M M 0 22 360
23 83 30 57 13 8 0 0.00 M M 5.9 18 260 M M 0 28 180
24 73 36 55 12 10 0 0.00 M M 7.3 15 110 M M 0 1 25 10
25 68 34 51 8 14 0 0.00 M M 7.7 21 160 M M 2 1 30 140
26 71 29 50 7 15 0 T M M 10.7 35 10 M M 4 12 43 10
27 49 24 37 -5 28 0 0.00 M M 10.8 28 160 M M 3 35 170
28 35 19 27 -15 38 0 0.06 M M 8.7 18 140 M M 8 1 25 150
29 27 4 16 -26 49 0 0.12 M M 10.8 24 360 M M 8 1 31 360
30 47 0 24 -17 41 0 0.00 M M 5.4 17 200 M M 0 22 210
31 47 8 28 -13 37 0 0.00 M M 6.3 21 190 M M 0 30 180
================================================================================
SM 2106 919 504 10 0.41 M 262.7 M 47
================================================================================
AV 67.9 29.6 8.5 FASTST M M 2 MAX(MPH)
MISC ----> 43 340 59 330
================================================================================
NOTES:
# LAST OF SEVERAL OCCURRENCES
COLUMN 17 PEAK WIND IN M.P.H.
PRELIMINARY LOCAL CLIMATOLOGICAL DATA (WS FORM: F-6) , PAGE 2
STATION: LIMON CO
MONTH: OCTOBER
YEAR: 2023
LATITUDE: 39 10 N
LONGITUDE: 103 42 W
[TEMPERATURE DATA] [PRECIPITATION DATA] SYMBOLS USED IN COLUMN 16
AVERAGE MONTHLY: 48.8 TOTAL FOR MONTH: 0.41 1 = FOG OR MIST
DPTR FM NORMAL: 2.1 DPTR FM NORMAL: -0.43 2 = FOG REDUCING VISIBILITY
HIGHEST: 84 ON 17, 2 GRTST 24HR 0.23 ON 12-12 TO 1/4 MILE OR LESS
LOWEST: 0 ON 30 3 = THUNDER
SNOW, ICE PELLETS, HAIL 4 = ICE PELLETS
TOTAL MONTH: M 5 = HAIL
GRTST 24HR M ON M 6 = FREEZING RAIN OR DRIZZLE
GRTST DEPTH: M ON M 7 = DUSTSTORM OR SANDSTORM:
VSBY 1/2 MILE OR LESS
8 = SMOKE OR HAZE
[NO. OF DAYS WITH] [WEATHER - DAYS WITH] 9 = BLOWING SNOW
X = TORNADO
MAX 32 OR BELOW: 1 0.01 INCH OR MORE: 3
MAX 90 OR ABOVE: 0 0.10 INCH OR MORE: 2
MIN 32 OR BELOW: 18 0.50 INCH OR MORE: 0
MIN 0 OR BELOW: 1 1.00 INCH OR MORE: 0
[HDD (BASE 65) ]
TOTAL THIS MO. 504 CLEAR (SCALE 0-3) 25
DPTR FM NORMAL -64 PTCLDY (SCALE 4-7) 6
TOTAL FM JUL 1 583 CLOUDY (SCALE 8-10) 0
DPTR FM NORMAL -195
[CDD (BASE 65) ]
TOTAL THIS MO. 10
DPTR FM NORMAL 10 [PRESSURE DATA]
TOTAL FM JAN 1 531 HIGHEST SLP M ON M
DPTR FM NORMAL 129 LOWEST SLP 29.18 ON 11
[REMARKS]
#FINAL-10-23#