000
CXUS54 KLZK 030832
CF6LIT
PRELIMINARY LOCAL CLIMATOLOGICAL DATA (WS FORM: F-6)
STATION: LITTLE ROCK ADAMS FIELD
MONTH: JUNE
YEAR: 2023
LATITUDE: 34 43 N
LONGITUDE: 92 14 W
TEMPERATURE IN F: :PCPN: SNOW: WIND :SUNSHINE: SKY :PK WND
================================================================================
1 2 3 4 5 6A 6B 7 8 9 10 11 12 13 14 15 16 17 18
12Z AVG MX 2MIN
DY MAX MIN AVG DEP HDD CDD WTR SNW DPTH SPD SPD DIR MIN PSBL S-S WX SPD DR
================================================================================
1 92 68 80 5 0 15 0.00 0.0 0 4.0 14 110 M M 4 23 140
2 94 70 82 7 0 17 0.00 0.0 0 3.8 16 140 M M 3 3 20 130
3 95 71 83 8 0 18 0.00 0.0 0 7.2 21 340 M M 4 27 340
4 93 67 80 4 0 15 0.00 0.0 0 5.7 13 100 M M 7 17 120
5 96 72 84 8 0 19 T 0.0 0 5.4 17 60 M M 6 3 22 60
6 93 69 81 5 0 16 0.00 0.0 0 4.2 13 90 M M 5 17 90
7 95 68 82 6 0 17 0.00 0.0 0 4.0 12 20 M M 2 8 15 10
8 89 69 79 3 0 14 0.00 0.0 0 4.8 17 70 M M 6 8 22 60
9 86 67 77 0 0 12 0.79 0.0 0 5.1 14 70 M M 8 13 16 80
10 86 69 78 1 0 13 1.45 0.0 0 7.2 37 310 M M 9 13 47 320
11 95 67 81 4 0 16 0.00 0.0 0 8.8 18 270 M M 7 3 24 40
12 79 68 74 -4 0 9 0.00 0.0 0 6.4 15 70 M M 9 19 70
13 83 66 75 -3 0 10 T 0.0 0 5.0 13 180 M M 7 3 16 210
14 86 68 77 -1 0 12 0.44 0.0 0 4.6 22 340 M M 7 138 28 330
15 92 67 80 2 0 15 0.00 0.0 0 3.4 13 350 M M 5 18 17 340
16 88 72 80 2 0 15 0.01 0.0 0 4.6 17 250 M M 8 25 250
17 91 72 82 4 0 17 0.00 0.0 0 5.1 12 130 M M 5 14 130
18 83 69 76 -3 0 11 0.46 0.0 0 9.5 26 240 M M 8 13 36 250
19 92 69 81 2 0 16 0.00 0.0 0 5.9 16 330 M M 1 21 320
20 92 72 82 3 0 17 0.00 0.0 0 3.8 13 80 M M 1 16 80
21 90 72 81 2 0 16 0.00 0.0 0 7.3 16 100 M M 4 20 80
22 89 71 80 1 0 15 0.00 0.0 0 6.8 14 80 M M 5 17 90
23 92 68 80 0 0 15 0.00 0.0 0 5.6 13 180 M M 3 15 190
24 95 70 83 3 0 18 0.00 0.0 0 6.7 16 180 M M 4 21 190
25 99 72 86 6 0 21 1.34 0.0 0 8.7 48 360 M M 4 138 69 360
26 94 72 83 3 0 18 0.00 0.0 0 3.9 14 300 M M 2 1 19 290
27 91 73 82 2 0 17 T 0.0 0 5.0 24 10 M M 4 29 360
28 99 73 86 6 0 21 0.00 0.0 0 6.6 16 210 M M 3 20 250
29 100 78 89 9 0 24 0.00 0.0 0 7.9 14 190 M M 2 18 17 190
30 100 78 89 9 0 24 0.00 0.0 0 6.6 15 320 M M 3 18 19 180
================================================================================
SM 2749 2107 0 483 4.49 0.0 173.6 M 146
================================================================================
AV 91.6 70.2 5.8 FASTST M M 5 MAX(MPH)
MISC ----> 48 360 69 360
================================================================================
NOTES:
# LAST OF SEVERAL OCCURRENCES
COLUMN 17 PEAK WIND IN M.P.H.
PRELIMINARY LOCAL CLIMATOLOGICAL DATA (WS FORM: F-6) , PAGE 2
STATION: LITTLE ROCK ADAMS FIELD
MONTH: JUNE
YEAR: 2023
LATITUDE: 34 43 N
LONGITUDE: 92 14 W
[TEMPERATURE DATA] [PRECIPITATION DATA] SYMBOLS USED IN COLUMN 16
AVERAGE MONTHLY: 80.9 TOTAL FOR MONTH: 4.49 1 = FOG OR MIST
DPTR FM NORMAL: 2.9 DPTR FM NORMAL: 0.94 2 = FOG REDUCING VISIBILITY
HIGHEST: 100 ON 30,29 GRTST 24HR 2.08 ON 9-10 TO 1/4 MILE OR LESS
LOWEST: 66 ON 13 3 = THUNDER
SNOW, ICE PELLETS, HAIL 4 = ICE PELLETS
TOTAL MONTH: 0.0 INCH 5 = HAIL
GRTST 24HR 0.0 6 = FREEZING RAIN OR DRIZZLE
GRTST DEPTH: 0 7 = DUSTSTORM OR SANDSTORM:
VSBY 1/2 MILE OR LESS
8 = SMOKE OR HAZE
[NO. OF DAYS WITH] [WEATHER - DAYS WITH] 9 = BLOWING SNOW
X = TORNADO
MAX 32 OR BELOW: 0 0.01 INCH OR MORE: 6
MAX 90 OR ABOVE: 21 0.10 INCH OR MORE: 5
MIN 32 OR BELOW: 0 0.50 INCH OR MORE: 3
MIN 0 OR BELOW: 0 1.00 INCH OR MORE: 2
[HDD (BASE 65) ]
TOTAL THIS MO. 0 CLEAR (SCALE 0-3) 7
DPTR FM NORMAL 0 PTCLDY (SCALE 4-7) 19
TOTAL FM JUL 1 2355 CLOUDY (SCALE 8-10) 4
DPTR FM NORMAL -808
[CDD (BASE 65) ]
TOTAL THIS MO. 483
DPTR FM NORMAL 94 [PRESSURE DATA]
TOTAL FM JAN 1 861 HIGHEST SLP 30.02 ON 27
DPTR FM NORMAL 229 LOWEST SLP 29.66 ON 14
[REMARKS]
#FINAL-06-23#