000
CXUS55 KRIW 020043
CF6LND
PRELIMINARY LOCAL CLIMATOLOGICAL DATA (WS FORM: F-6)
STATION: LANDER WY
MONTH: JANUARY
YEAR: 2024
LATITUDE: 42 49 N
LONGITUDE: 108 44 W
TEMPERATURE IN F: :PCPN: SNOW: WIND :SUNSHINE: SKY :PK WND
================================================================================
1 2 3 4 5 6A 6B 7 8 9 10 11 12 13 14 15 16 17 18
12Z AVG MX 2MIN
DY MAX MIN AVG DEP HDD CDD WTR SNW DPTH SPD SPD DIR MIN PSBL S-S WX SPD DR
================================================================================
1 32 10 21 1 44 0 0.00 0.0 6 2.4 9 260 M M 0 11 10
2 33 10 22 2 43 0 0.00 0.0 6 2.0 7 350 M M 0 8 110
3 25 9 17 -4 48 0 0.00 0.0 M 1.8 10 260 M M 0 11 250
4 26 12 19 -2 46 0 0.00 0.0 M 1.4 8 330 M M 4 8 340
5 34 14 24 3 41 0 T T M 2.8 13 230 M M 4 1 18 240
6 30 9 20 -1 45 0 0.00 0.0 M 6.1 30 190 M M 1 40 200
7 26 9 18 -3 47 0 0.13 3.9 M 3.6 10 340 M M 7 1 15 350
8 24 7 16 -5 49 0 0.07 2.1 M 3.3 13 240 M M 3 1 15 240
9 39 1 20 -1 45 0 0.00 0.0 M 11.3 36 230 M M 0 51 220
10 30 16 23 2 42 0 0.00 0.0 M 9.2 26 200 M M 1 39 210
11 19 4 12 -9 53 0 0.03 0.1 M 2.7 9 220 M M 6 1 15 220
12 24 -11 7 -14 58 0 0.16 1.5 M 9.4 26 220 M M 7 18 34 220
13 -10 -27 -18 -39 83 0 T T M 2.4 8 270 M M 2 18 11 20
14 0 -14 -7 -28 72 0 T T M 2.8 12 250 M M 3 13 240
15 -2 -19 -10 -31 75 0 0.07 0.6 M 4.4 12 30 M M 4 18 16 30
16 2 -24 -11 -32 76 0 0.00 0.0 M 3.1 10 260 M M 0 1 13 260
17 35 -4 16 -5 49 0 0.00 0.0 M 4.5 15 360 M M 0 21 10
18 43 6 25 3 40 0 T T M 5.0 28 260 M M 5 8 46 280
19 14 1 8 -14 57 0 0.00 0.0 M 2.7 8 250 M M 3 10 70
20 25 7 16 -6 49 0 0.00 0.0 M 2.1 9 290 M M 1 12 290
21 32 11 22 0 43 0 0.00 0.0 M 3.7 12 310 M M 1 13 250
22 M 16 M M M M 0.00 0.0 M 1.8 6 320 M M 0 M M
23 M M M M M M M M M M M M M M M M M
24 38 18 28 6 37 0 0.00 0.0 M 1.9 8 220 M M 0 10 90
25 32 17 25 3 40 0 0.00 0.0 M 3.2 15 340 M M 6 18 340
26 41 22 32 10 33 0 0.00 0.0 M 4.0 13 230 M M 4 15 230
27 37 13 25 3 40 0 0.00 0.0 M 2.8 10 300 M M 0 13 300
28 47 19 33 11 32 0 0.00 0.0 M 3.1 12 230 M M 0 13 220
29 46 27 37 15 28 0 0.00 0.0 M 2.1 13 250 M M 0 16 250
30 41 20 31 9 34 0 0.00 0.0 M 2.4 9 260 M M 0 11 260
31 42 20 31 9 34 0 0.00 0.0 M 3.1 10 290 M M 0 11 290
================================================================================
SM 805 199 1383 0 0.46 8.2 111.1 M 62
================================================================================
AV 27.8 6.6 3.7 FASTST M M 2 MAX(MPH)
MISC ----> 36 230 51 220
================================================================================
NOTES:
# LAST OF SEVERAL OCCURRENCES
COLUMN 17 PEAK WIND IN M.P.H.
PRELIMINARY LOCAL CLIMATOLOGICAL DATA (WS FORM: F-6) , PAGE 2
STATION: LANDER WY
MONTH: JANUARY
YEAR: 2024
LATITUDE: 42 49 N
LONGITUDE: 108 44 W
[TEMPERATURE DATA] [PRECIPITATION DATA] SYMBOLS USED IN COLUMN 16
AVERAGE MONTHLY: 17.2 TOTAL FOR MONTH: 0.46 1 = FOG OR MIST
DPTR FM NORMAL: -4.1 DPTR FM NORMAL: -0.05 2 = FOG REDUCING VISIBILITY
HIGHEST: 47 ON 28 GRTST 24HR 0.16 ON 12-12 TO 1/4 MILE OR LESS
LOWEST: -27 ON 13 3 = THUNDER
SNOW, ICE PELLETS, HAIL 4 = ICE PELLETS
TOTAL MONTH: 8.2 INCHES 5 = HAIL
GRTST 24HR 3.9 ON 7- 7 6 = FREEZING RAIN OR DRIZZLE
GRTST DEPTH: 6 ON 1, 2 7 = DUSTSTORM OR SANDSTORM:
VSBY 1/2 MILE OR LESS
8 = SMOKE OR HAZE
[NO. OF DAYS WITH] [WEATHER - DAYS WITH] 9 = BLOWING SNOW
X = TORNADO
MAX 32 OR BELOW: 17 0.01 INCH OR MORE: 5
MAX 90 OR ABOVE: 0 0.10 INCH OR MORE: 2
MIN 32 OR BELOW: 30 0.50 INCH OR MORE: 0
MIN 0 OR BELOW: 6 1.00 INCH OR MORE: 0
[HDD (BASE 65) ]
TOTAL THIS MO. 1383 CLEAR (SCALE 0-3) 19
DPTR FM NORMAL 28 PTCLDY (SCALE 4-7) 11
TOTAL FM JUL 1 4241 CLOUDY (SCALE 8-10) 1
DPTR FM NORMAL -288
[CDD (BASE 65) ]
TOTAL THIS MO. 0
DPTR FM NORMAL 0 [PRESSURE DATA]
TOTAL FM JAN 1 0 HIGHEST SLP 30.68 ON 15
DPTR FM NORMAL 0 LOWEST SLP 29.39 ON 10
[REMARKS]
#FINAL-01-24#