000
CXUS55 KRIW 010945
CF6LND
PRELIMINARY LOCAL CLIMATOLOGICAL DATA (WS FORM: F-6)
STATION: LANDER WY
MONTH: APRIL
YEAR: 2020
LATITUDE: 42 49 N
LONGITUDE: 108 44 W
TEMPERATURE IN F: :PCPN: SNOW: WIND :SUNSHINE: SKY :PK WND
================================================================================
1 2 3 4 5 6A 6B 7 8 9 10 11 12 13 14 15 16 17 18
12Z AVG MX 2MIN
DY MAX MIN AVG DEP HDD CDD WTR SNW DPTH SPD SPD DIR MIN PSBL S-S WX SPD DR
================================================================================
1 55 18 37 -3 28 0 0.26 2.0 0 8.5 30 360 M M 9 1 39 340
2 21 9 15 -25 50 0 0.22 3.3 5 5.9 14 310 M M 9 128 17 150
3 32 2 17 -23 48 0 0.00 0.0 5 2.8 9 330 M M 2 1 12 340
4 49 15 32 -9 33 0 0.00 0.0 0 3.0 10 240 M M 0 14 240
5 60 27 44 3 21 0 0.01 0.0 0 8.1 32 210 M M 2 43 210
6 62 35 49 8 16 0 T 0.0 0 12.4 44 240 M M 1 61 210
7 63 36 50 8 15 0 0.00 0.0 0 13.1 32 260 M M 0 42 260
8 64 36 50 8 15 0 0.00 0.0 0 4.6 18 30 M M 0 25 50
9 58 29 44 2 21 0 0.00 0.0 0 4.3 13 240 M M 0 16 240
10 69 31 50 8 15 0 0.00 0.0 0 6.2 21 340 M M 2 36 320
11 64 20 42 0 23 0 0.39 4.0 0 9.5 25 20 M M 5 12 36 280
12 24 14 19 -24 46 0 0.31 5.5 7 7.1 16 30 M M 10 18 21 350
13 26 9 18 -25 47 0 0.05 1.6 6 3.4 10 250 M M 6 1 14 320
14 40 9 25 -18 40 0 0.00 0.0 2 4.2 14 150 M M 5 23 150
15 39 23 31 -13 34 0 0.59 9.1 10 6.4 17 10 M M 8 128 24 20
16 28 18 23 -21 42 0 0.35 5.0 14 4.5 15 30 M M 6 18 18 40
17 46 12 29 -15 36 0 0.00 0.0 6 3.6 12 240 M M 0 13 220
18 56 25 41 -3 24 0 0.00 0.0 2 5.4 14 250 M M 0 17 250
19 58 31 45 0 20 0 0.00 0.0 0 7.2 18 330 M M 3 24 330
20 62 31 47 2 18 0 0.00 0.0 0 6.4 15 250 M M 0 19 250
21 68 35 52 7 13 0 0.00 0.0 0 6.7 17 330 M M 0 23 330
22 67 35 51 5 14 0 0.00 0.0 0 7.3 26 280 M M 0 33 280
23 59 35 47 1 18 0 0.17 0.0 0 6.5 29 320 M M 5 1 39 10
24 59 32 46 0 19 0 0.00 0.0 0 6.8 23 330 M M 1 34 340
25 66 35 51 4 14 0 0.00 0.0 0 7.1 21 300 M M 1 29 300
26 68 42 55 8 10 0 0.00 0.0 0 6.5 21 300 M M 2 29 300
27 75 38 57 10 8 0 T 0.0 0 10.5 36 270 M M 1 52 250
28 67 39 53 5 12 0 0.00 0.0 0 11.9 31 350 M M 0 40 360
29 77 35 56 8 9 0 0.00 0.0 0 5.2 14 270 M M 0 20 130
30 80 51 66 18 0 1 T 0.0 0 10.4 46 280 M M 2 63 270
================================================================================
SM 1662 807 709 1 2.35 30.5 205.5 M 80
================================================================================
AV 55.4 26.9 6.8 FASTST M M 3 MAX(MPH)
MISC ----> # 46 280 # 63 270
================================================================================
NOTES:
# LAST OF SEVERAL OCCURRENCES
COLUMN 17 PEAK WIND IN M.P.H.
PRELIMINARY LOCAL CLIMATOLOGICAL DATA (WS FORM: F-6) , PAGE 2
STATION: LANDER WY
MONTH: APRIL
YEAR: 2020
LATITUDE: 42 49 N
LONGITUDE: 108 44 W
[TEMPERATURE DATA] [PRECIPITATION DATA] SYMBOLS USED IN COLUMN 16
AVERAGE MONTHLY: 41.2 TOTAL FOR MONTH: 2.35 1 = FOG OR MIST
DPTR FM NORMAL: -2.8 DPTR FM NORMAL: 0.48 2 = FOG REDUCING VISIBILITY
HIGHEST: 80 ON 30 GRTST 24HR 0.59 ON 15-15 TO 1/4 MILE OR LESS
LOWEST: 2 ON 3 3 = THUNDER
SNOW, ICE PELLETS, HAIL 4 = ICE PELLETS
TOTAL MONTH: 30.5 INCHES 5 = HAIL
GRTST 24HR 9.1 ON 15-15 6 = FREEZING RAIN OR DRIZZLE
GRTST DEPTH: 14 ON 16 7 = DUSTSTORM OR SANDSTORM:
VSBY 1/2 MILE OR LESS
8 = SMOKE OR HAZE
[NO. OF DAYS WITH] [WEATHER - DAYS WITH] 9 = BLOWING SNOW
X = TORNADO
MAX 32 OR BELOW: 5 0.01 INCH OR MORE: 9
MAX 90 OR ABOVE: 0 0.10 INCH OR MORE: 7
MIN 32 OR BELOW: 18 0.50 INCH OR MORE: 1
MIN 0 OR BELOW: 0 1.00 INCH OR MORE: 0
[HDD (BASE 65) ]
TOTAL THIS MO. 709 CLEAR (SCALE 0-3) 21
DPTR FM NORMAL 74 PTCLDY (SCALE 4-7) 6
TOTAL FM JUL 1 7746 CLOUDY (SCALE 8-10) 3
DPTR FM NORMAL 492
[CDD (BASE 65) ]
TOTAL THIS MO. 1
DPTR FM NORMAL 1 [PRESSURE DATA]
TOTAL FM JAN 1 1 HIGHEST SLP 30.37 ON 13
DPTR FM NORMAL 1 LOWEST SLP 29.41 ON 11
[REMARKS]
#FINAL-04-20#