000
CXUS53 KJKL 071344
CLSLOZ
CLIMATE REPORT
NATIONAL WEATHER SERVICE JACKSON KY
844 AM EST THU MAR 07 2024
...................................
...THE LONDON KY CLIMATE SUMMARY FOR THE SEASON, FROM
12/1/2023 TO 2/29/2024...
CLIMATE NORMAL PERIOD 1991 TO 2020
CLIMATE RECORD PERIOD 1954 TO 2024
WEATHER OBSERVED NORMAL DEPART LAST YEAR`S
VALUE DATE(S) VALUE FROM VALUE DATE(S)
NORMAL
................................................................
TEMPERATURE (F)
RECORD
HIGH 81 02/26/1977
LOW -25 01/19/1994
HIGHEST 73 02/26 MM MM 77 02/23
LOWEST -6 01/21 MM MM -4 12/23
AVG. MAXIMUM 50.6 47.8 2.8 52.7
AVG. MINIMUM 28.8 28.9 -0.1 33.6
MEAN 39.7 38.4 1.3 43.1
DAYS MAX >= 90 0 0.0 0.0 0
DAYS MAX <= 32 5 10.2 -5.2 4
DAYS MIN <= 32 41 58.0 -17.0 44
DAYS MIN <= 0 3 0.6 2.4 2
PRECIPITATION (INCHES)
RECORD
MAXIMUM 25.70 1979
MINIMUM 5.06 1977
TOTALS 13.42 12.45 0.97 12.40
DAILY AVG. 0.15 0.14 0.0 0.14
DAYS >= .01 27 35.8 -8.8 38
DAYS >= .10 17 22.5 -5.5 22
DAYS >= .50 8 9.4 -1.4 9
DAYS >= 1.00 2 3.5 -1.5 2
GREATEST
24 HR. TOTAL 1.80 01/09 TO 01/09 2.95
01/08 TO 01/09
SNOWFALL (INCHES)
RECORDS
TOTAL 36.7 1979
TOTALS MM MM MM MM
SINCE 7/1 MM MM MM MM
SNOWDEPTH AVG. MM MM
DAYS >= 1.0 MM MM MM MM
GREATEST
24 HR TOTAL MM MM
DEGREE DAYS
HEATING TOTAL MM 2403 -858 1955
SINCE 7/1 MM 3295 -1010 MM
COOLING TOTAL 0 0 0 1
SINCE 1/1 0 0 0 1
................................................................
WIND (MPH)
AVERAGE WIND SPEED 5.4
RESULTANT WIND SPEED/DIRECTION 2/250
HIGHEST WIND SPEED/DIRECTION 41/260 DATE 02/28
HIGHEST GUST SPEED/DIRECTION 67/270 DATE 02/28
SKY COVER
POSSIBLE SUNSHINE (PERCENT) MM
NUMBER OF DAYS FAIR 35
NUMBER OF DAYS PC 20
NUMBER OF DAYS CLOUDY 34
AVERAGE RH (PERCENT) 68
WEATHER CONDITIONS. NUMBER OF DAYS WITH
THUNDERSTORM 6 MIXED PRECIP 0
HEAVY RAIN 12 RAIN 20
LIGHT RAIN 39 FREEZING RAIN 0
LT FREEZING RAIN 2 HAIL 0
HEAVY SNOW 0 SNOW 2
LIGHT SNOW 12 SLEET 0
FOG 42 FOG W/VIS <= 1/4 MILE 3
HAZE 6
- INDICATES NEGATIVE NUMBERS.
R INDICATES RECORD WAS SET OR TIED.
MM INDICATES DATA IS MISSING.
T INDICATES TRACE AMOUNT.
&&
...HEATING DEGREE DAYS MISSING DUE TO SENSOR OUTAGE IN DECEMBER...
$$
CARICO