000
CXUS54 KLZK 020629
CF6LRF
PRELIMINARY LOCAL CLIMATOLOGICAL DATA (WS FORM: F-6)
STATION: JACKSONVILLE/LITTLE ROCK AFB
MONTH: MAY
YEAR: 2023
LATITUDE: 34 55 N
LONGITUDE: 92 9 W
TEMPERATURE IN F: :PCPN: SNOW: WIND :SUNSHINE: SKY :PK WND
================================================================================
1 2 3 4 5 6A 6B 7 8 9 10 11 12 13 14 15 16 17 18
12Z AVG MX 2MIN
DY MAX MIN AVG DEP HDD CDD WTR SNW DPTH SPD SPD DIR MIN PSBL S-S WX SPD DR
================================================================================
1 71 40 56 -10 9 0 0.00 0.0 0 8.5 18 290 M M 0 30 270
2 75 40 58 -8 7 0 0.00 0.0 0 6.8 18 280 M M 0 30 270
3 75 41 58 -8 7 0 0.00 0.0 0 2.1 8 320 M M 0 M M
4 77 44 61 -6 4 0 T 0.0 0 3.0 9 200 M M 5 M M
5 73 58 66 -1 0 1 0.04 0.0 0 5.1 9 120 M M 10 M M
6 89 64 77 10 0 12 0.00 0.0 0 6.7 12 150 M M 6 17 150
7 85 71 78 10 0 13 T 0.0 0 7.7 15 200 M M 5 21 200
8 88 70 79 11 0 14 0.00 0.0 0 8.2 14 200 M M 5 21 200
9 89 62 76 8 0 11 0.00 0.0 0 2.7 10 220 M M 2 8 M M
10 82 67 75 7 0 10 0.15 0.0 0 6.6 21 130 M M 5 1 35 140
11 78 69 74 5 0 9 0.95 0.0 0 6.8 14 90 M M 9 13 21 130
12 82 69 76 7 0 11 T 0.0 0 5.3 13 200 M M 6 3 20 190
13 89 66 78 9 0 13 T 0.0 0 4.4 14 240 M M 4 M M
14 89 66 78 9 0 13 0.00 0.0 0 2.7 9 180 M M 1 M M
15 90 67 79 9 0 14 0.00 0.0 0 6.6 16 230 M M 0 23 230
16 85 68 77 7 0 12 T 0.0 0 6.2 10 270 M M 4 M M
17 77 66 72 2 0 7 0.01 0.0 0 4.7 9 40 M M 9 M M
18 84 63 74 4 0 9 0.00 0.0 0 1.5 8 70 M M 4 M M
19 85 61 73 2 0 8 0.20 0.0 0 2.5 18 270 M M 4 3 22 270
20 77 57 67 -4 0 2 0.04 0.0 0 5.5 10 30 M M 6 1 20 360
21 75 52 64 -7 1 0 0.00 0.0 0 2.8 9 80 M M 1 1 M M
22 82 55 69 -3 0 4 0.00 0.0 0 3.2 9 50 M M 4 M M
23 85 56 71 -1 0 6 0.00 0.0 0 4.7 9 120 M M 2 M M
24 84 60 72 0 0 7 0.00 0.0 0 4.4 9 80 M M 1 M M
25 88 60 74 2 0 9 0.00 0.0 0 4.3 13 50 M M 2 22 50
26 84 56 70 -3 0 5 0.00 0.0 0 5.8 10 50 M M 2 M M
27 83 51 67 -6 0 2 0.00 0.0 0 3.7 10 50 M M 1 M M
28 84 55 70 -3 0 5 0.00 0.0 0 1.9 7 260 M M 1 M M
29 87 57 72 -1 0 7 0.00 0.0 0 1.8 6 110 M M 1 M M
30 89 58 74 0 0 9 0.00 0.0 0 1.8 9 50 M M 1 M M
31 90 60 75 1 0 10 0.00 0.0 0 2.9 9 100 M M 1 8 M M
================================================================================
SM 2571 1829 28 223 1.39 0.0 140.9 M 102
================================================================================
AV 82.9 59.0 4.5 FASTST M M 3 MAX(MPH)
MISC ----> 21 130 35 140
================================================================================
NOTES:
# LAST OF SEVERAL OCCURRENCES
COLUMN 17 PEAK WIND IN M.P.H.
PRELIMINARY LOCAL CLIMATOLOGICAL DATA (WS FORM: F-6) , PAGE 2
STATION: JACKSONVILLE/LITTLE ROCK AFB
MONTH: MAY
YEAR: 2023
LATITUDE: 34 55 N
LONGITUDE: 92 9 W
[TEMPERATURE DATA] [PRECIPITATION DATA] SYMBOLS USED IN COLUMN 16
AVERAGE MONTHLY: 71.0 TOTAL FOR MONTH: 1.39 1 = FOG OR MIST
DPTR FM NORMAL: 1.0 DPTR FM NORMAL: M 2 = FOG REDUCING VISIBILITY
HIGHEST: 90 ON 31,15 GRTST 24HR 0.95 ON 11-11 TO 1/4 MILE OR LESS
LOWEST: 40 ON 2, 1 3 = THUNDER
SNOW, ICE PELLETS, HAIL 4 = ICE PELLETS
TOTAL MONTH: 0.0 INCH 5 = HAIL
GRTST 24HR 0.0 6 = FREEZING RAIN OR DRIZZLE
GRTST DEPTH: 0 7 = DUSTSTORM OR SANDSTORM:
VSBY 1/2 MILE OR LESS
8 = SMOKE OR HAZE
[NO. OF DAYS WITH] [WEATHER - DAYS WITH] 9 = BLOWING SNOW
X = TORNADO
MAX 32 OR BELOW: 0 0.01 INCH OR MORE: 6
MAX 90 OR ABOVE: 2 0.10 INCH OR MORE: 3
MIN 32 OR BELOW: 0 0.50 INCH OR MORE: 1
MIN 0 OR BELOW: 0 1.00 INCH OR MORE: 0
[HDD (BASE 65) ]
TOTAL THIS MO. 28 CLEAR (SCALE 0-3) 16
DPTR FM NORMAL -3 PTCLDY (SCALE 4-7) 12
TOTAL FM JUL 1 2889 CLOUDY (SCALE 8-10) 3
DPTR FM NORMAL -280
[CDD (BASE 65) ]
TOTAL THIS MO. 223
DPTR FM NORMAL 43 [PRESSURE DATA]
TOTAL FM JAN 1 274 HIGHEST SLP M ON M
DPTR FM NORMAL 20 LOWEST SLP M ON M
[REMARKS]
#FINAL-05-23#