000
CXUS54 KEPZ 011130
CF6LRU
PRELIMINARY LOCAL CLIMATOLOGICAL DATA (WS FORM: F-6)
STATION: LAS CRUCES
MONTH: JANUARY
YEAR: 2022
LATITUDE: 32 17 N
LONGITUDE: 106 46 W
TEMPERATURE IN F: :PCPN: SNOW: WIND :SUNSHINE: SKY :PK WND
================================================================================
1 2 3 4 5 6A 6B 7 8 9 10 11 12 13 14 15 16 17 18
12Z AVG MX 2MIN
DY MAX MIN AVG DEP HDD CDD WTR SNW DPTH SPD SPD DIR MIN PSBL S-S WX SPD DR
================================================================================
1 54 31 43 M 22 0 0.01 M M 21.3 39 270 M M 4 53 280
2 43 21 32 M 33 0 0.00 M M 5.8 14 360 M M 0 M M
3 48 20 34 M 31 0 0.00 M M 2.7 8 270 M M 0 M M
4 64 22 43 M 22 0 0.00 M M 9.2 21 270 M M 0 26 270
5 63 28 46 M 19 0 0.00 M M 5.8 15 260 M M 0 M M
6 66 30 48 M 17 0 0.00 M M 3.5 8 310 M M 0 M M
7 69 32 51 M 14 0 0.00 M M 3.5 12 250 M M 0 16 220
8 68 40 54 M 11 0 0.00 M M 10.9 23 260 M M 0 32 260
9 55 34 45 M 20 0 0.00 M M 5.4 13 340 M M 1 M M
10 46 32 39 M 26 0 T M M 4.1 7 50 M M 7 M M
11 54 33 44 M 21 0 0.00 M M 3.5 9 280 M M 0 M M
12 62 29 46 M 19 0 0.00 M M 8.1 16 350 M M 0 23 340
13 65 31 48 M 17 0 0.00 M M 5.3 10 350 M M 0 M M
14 M 33 M M M M 0.00 M M 8.6 16 360 M M 0 24 10
15 52 30 41 M 24 0 0.00 M M 4.0 12 350 M M 0 M M
16 59 24 42 M 23 0 0.00 M M 5.0 9 270 M M 0 M M
17 64 26 45 M 20 0 0.00 M M 6.0 13 250 M M 2 M M
18 66 40 53 M 12 0 0.02 M M 13.5 22 250 M M 3 29 250
19 58 39 49 M 16 0 0.00 M M 7.4 14 240 M M 6 M M
20 51 29 40 M 25 0 0.00 M M 7.2 12 150 M M 4 16 150
21 54 23 39 M 26 0 0.00 M M 5.1 9 130 M M 0 M M
22 57 32 45 M 20 0 0.00 M M 8.4 20 120 M M 0 24 120
23 51 25 38 M 27 0 0.00 M M 4.0 9 270 M M 4 M M
24 62 30 46 M 19 0 0.00 M M 6.1 14 280 M M 0 22 270
25 64 29 47 M 18 0 0.00 M M 6.7 14 240 M M 0 21 200
26 58 28 43 M 22 0 0.00 M M 5.2 10 320 M M 0 M M
27 61 28 45 M 20 0 0.00 M M 4.1 10 260 M M 0 16 190
28 51 28 40 M 25 0 0.00 M M 3.6 12 340 M M 1 22 340
29 56 26 41 M 24 0 0.00 M M 3.4 9 330 M M 0 M M
30 60 30 45 M 20 0 0.00 M M 3.9 9 340 M M 4 18 290
31 65 30 48 M 17 0 0.00 M M 6.1 20 280 M M 0 23 280
================================================================================
SM 1746 913 630 0 0.03 M 197.3 M 36
================================================================================
AV 58.2 29.5 6.4 FASTST M M 1 MAX(MPH)
MISC ----> 39 270 53 280
================================================================================
NOTES:
# LAST OF SEVERAL OCCURRENCES
COLUMN 17 PEAK WIND IN M.P.H.
PRELIMINARY LOCAL CLIMATOLOGICAL DATA (WS FORM: F-6) , PAGE 2
STATION: LAS CRUCES
MONTH: JANUARY
YEAR: 2022
LATITUDE: 32 17 N
LONGITUDE: 106 46 W
[TEMPERATURE DATA] [PRECIPITATION DATA] SYMBOLS USED IN COLUMN 16
AVERAGE MONTHLY: 43.8 TOTAL FOR MONTH: 0.03 1 = FOG OR MIST
DPTR FM NORMAL: 0.0 DPTR FM NORMAL: M 2 = FOG REDUCING VISIBILITY
HIGHEST: 69 ON 7 GRTST 24HR 0.04 ON 30-30 TO 1/4 MILE OR LESS
LOWEST: 20 ON 3 3 = THUNDER
SNOW, ICE PELLETS, HAIL 4 = ICE PELLETS
TOTAL MONTH: M 5 = HAIL
GRTST 24HR M ON M 6 = FREEZING RAIN OR DRIZZLE
GRTST DEPTH: M ON M 7 = DUSTSTORM OR SANDSTORM:
VSBY 1/2 MILE OR LESS
8 = SMOKE OR HAZE
[NO. OF DAYS WITH] [WEATHER - DAYS WITH] 9 = BLOWING SNOW
X = TORNADO
MAX 32 OR BELOW: 0 0.01 INCH OR MORE: 2
MAX 90 OR ABOVE: 0 0.10 INCH OR MORE: 0
MIN 32 OR BELOW: 25 0.50 INCH OR MORE: 0
MIN 0 OR BELOW: 0 1.00 INCH OR MORE: 0
[HDD (BASE 65) ]
TOTAL THIS MO. 630 CLEAR (SCALE 0-3) 24
DPTR FM NORMAL M PTCLDY (SCALE 4-7) 7
TOTAL FM JUL 1 1450 CLOUDY (SCALE 8-10) 0
DPTR FM NORMAL M
[CDD (BASE 65) ]
TOTAL THIS MO. 0
DPTR FM NORMAL M [PRESSURE DATA]
TOTAL FM JAN 1 0 HIGHEST SLP M ON M
DPTR FM NORMAL M LOWEST SLP M ON M
[REMARKS]
#FINAL-01-22#