000
CXUS54 KEPZ 011030
CF6LRU
PRELIMINARY LOCAL CLIMATOLOGICAL DATA (WS FORM: F-6)
STATION: LAS CRUCES
MONTH: JULY
YEAR: 2023
LATITUDE: 32 17 N
LONGITUDE: 106 46 W
TEMPERATURE IN F: :PCPN: SNOW: WIND :SUNSHINE: SKY :PK WND
================================================================================
1 2 3 4 5 6A 6B 7 8 9 10 11 12 13 14 15 16 17 18
12Z AVG MX 2MIN
DY MAX MIN AVG DEP HDD CDD WTR SNW DPTH SPD SPD DIR MIN PSBL S-S WX SPD DR
================================================================================
1 102 63 83 M 0 18 0.00 M M 6.5 14 80 M M 0 17 30
2 103 72 88 M 0 23 0.00 M M 8.6 17 120 M M 0 28 120
3 101 69 85 M 0 20 0.00 M M 8.0 25 280 M M 1 35 280
4 102 67 85 M 0 20 0.00 M M 6.0 15 130 M M 0 18 130
5 105 75 90 M 0 25 0.00 M M 6.7 12 110 M M 0 M M
6 106 76 91 M 0 26 0.00 M M 6.3 12 90 M M 0 16 140
7 107 76 92 M 0 27 0.00 M M 8.2 15 280 M M 0 23 250
8 107 81 94 M 0 29 0.00 M M 8.2 13 130 M M 1 23 120
9 106 74 90 M 0 25 0.00 M M 6.8 17 130 M M 0 27 70
10 106 79 93 M 0 28 0.00 M M 5.3 13 150 M M 1 38 90
11 106 75 91 M 0 26 0.00 M M 7.0 21 230 M M 2 3 28 230
12 104 75 90 M 0 25 0.00 M M 12.9 24 240 M M 1 31 240
13 105 74 90 M 0 25 0.00 M M 7.1 20 330 M M 1 37 270
14 106 79 93 M 0 28 0.02 M M 7.0 22 350 M M 1 26 350
15 102 76 89 M 0 24 0.00 M M 8.4 24 10 M M 1 29 10
16 103 75 89 M 0 24 0.00 M M 6.7 14 130 M M 0 18 140
17 107 74 91 M 0 26 0.00 M M 5.2 15 100 M M 0 25 110
18 109 76 93 M 0 28 0.00 M M 6.5 13 130 M M 0 21 140
19 110 71 91 M 0 26 0.00 M M 5.7 10 80 M M 0 18 180
20 110 74 92 M 0 27 0.00 M M 6.1 14 110 M M 0 23 110
21 107 75 91 M 0 26 0.00 M M 8.8 15 160 M M 0 21 110
22 101 79 90 M 0 25 T M M 10.0 24 50 M M 1 35 50
23 99 74 87 M 0 22 0.00 M M 6.1 10 130 M M 2 22 360
24 103 73 88 M 0 23 0.00 M M 5.2 13 160 M M 0 29 150
25 105 76 91 M 0 26 0.00 M M 6.3 9 190 M M 0 18 170
26 107 70 89 M 0 24 0.00 M M 4.5 12 140 M M 0 17 110
27 107 73 90 M 0 25 0.00 M M 7.1 16 340 M M 0 23 340
28 105 76 91 M 0 26 0.00 M M 6.0 13 120 M M 0 18 120
29 102 80 91 M 0 26 0.00 M M 10.4 16 110 M M 1 21 150
30 98 78 88 M 0 23 0.00 M M 8.9 20 120 M M 1 28 120
31 99 75 87 M 0 22 0.00 M M 7.2 12 170 M M 3 25 160
================================================================================
SM 3240 2310 0 768 0.02 M 223.6 M 17
================================================================================
AV104.5 74.5 7.2 FASTST M M 1 MAX(MPH)
MISC ----> 25 280 38 90
================================================================================
NOTES:
# LAST OF SEVERAL OCCURRENCES
COLUMN 17 PEAK WIND IN M.P.H.
PRELIMINARY LOCAL CLIMATOLOGICAL DATA (WS FORM: F-6) , PAGE 2
STATION: LAS CRUCES
MONTH: JULY
YEAR: 2023
LATITUDE: 32 17 N
LONGITUDE: 106 46 W
[TEMPERATURE DATA] [PRECIPITATION DATA] SYMBOLS USED IN COLUMN 16
AVERAGE MONTHLY: 89.5 TOTAL FOR MONTH: 0.02 1 = FOG OR MIST
DPTR FM NORMAL: 0.0 DPTR FM NORMAL: M 2 = FOG REDUCING VISIBILITY
HIGHEST: 110 ON 20,19 GRTST 24HR 0.02 ON 14-14 TO 1/4 MILE OR LESS
LOWEST: 63 ON 1 3 = THUNDER
SNOW, ICE PELLETS, HAIL 4 = ICE PELLETS
TOTAL MONTH: M 5 = HAIL
GRTST 24HR M ON M 6 = FREEZING RAIN OR DRIZZLE
GRTST DEPTH: M ON M 7 = DUSTSTORM OR SANDSTORM:
VSBY 1/2 MILE OR LESS
8 = SMOKE OR HAZE
[NO. OF DAYS WITH] [WEATHER - DAYS WITH] 9 = BLOWING SNOW
X = TORNADO
MAX 32 OR BELOW: 0 0.01 INCH OR MORE: 1
MAX 90 OR ABOVE: 31 0.10 INCH OR MORE: 0
MIN 32 OR BELOW: 0 0.50 INCH OR MORE: 0
MIN 0 OR BELOW: 0 1.00 INCH OR MORE: 0
[HDD (BASE 65) ]
TOTAL THIS MO. 0 CLEAR (SCALE 0-3) 31
DPTR FM NORMAL M PTCLDY (SCALE 4-7) 0
TOTAL FM JUL 1 0 CLOUDY (SCALE 8-10) 0
DPTR FM NORMAL M
[CDD (BASE 65) ]
TOTAL THIS MO. 768
DPTR FM NORMAL M [PRESSURE DATA]
TOTAL FM JAN 1 1591 HIGHEST SLP M ON M
DPTR FM NORMAL M LOWEST SLP M ON M
[REMARKS]
#FINAL-07-23#