000
CXUS53 KARX 010900
CF6LSE
PRELIMINARY LOCAL CLIMATOLOGICAL DATA (WS FORM: F-6)
STATION: LA CROSSE WI
MONTH: MAY
YEAR: 2021
LATITUDE: 43 52 N
LONGITUDE: 91 15 W
TEMPERATURE IN F: :PCPN: SNOW: WIND :SUNSHINE: SKY :PK WND
================================================================================
1 2 3 4 5 6A 6B 7 8 9 10 11 12 13 14 15 16 17 18
12Z AVG MX 2MIN
DY MAX MIN AVG DEP HDD CDD WTR SNW DPTH SPD SPD DIR MIN PSBL S-S WX SPD DR
================================================================================
1 91 49 70 15 0 5 T 0.0 0 12.3 26 180 M M 2 37 170
2 85 60 73 17 0 8 1.09 0.0 0 8.5 31 290 M M 3 13 39 290
3 69 53 61 5 4 0 0.92 0.0 0 10.2 26 330 M M 9 13 35 330
4 63 41 52 -5 13 0 0.00 0.0 0 11.5 22 350 M M 6 31 340
5 63 39 51 -6 14 0 0.11 0.0 0 6.3 17 300 M M 4 1 23 290
6 63 44 54 -3 11 0 0.05 0.0 0 7.2 24 280 M M 6 33 290
7 59 39 49 -9 16 0 0.00 0.0 0 9.3 24 340 M M 4 30 330
8 58 34 46 -12 19 0 0.00 0.0 0 5.8 12 210 M M 0 16 70
9 67 40 54 -4 11 0 0.00 0.0 0 6.0 16 360 M M 3 22 360
10 60 40 50 -9 15 0 T 0.0 0 6.4 15 340 M M 6 22 20
11 64 32 48 -11 17 0 0.00 0.0 0 4.0 15 340 M M 0 19 350
12 69 37 53 -7 12 0 0.00 0.0 0 3.5 10 140 M M 0 14 60
13 72 42 57 -3 8 0 0.00 0.0 0 5.8 16 170 M M 2 20 240
14 73 43 58 -2 7 0 T 0.0 0 7.6 21 200 M M 4 31 180
15 68 55 62 1 3 0 0.00 0.0 0 8.4 16 180 M M 7 22 170
16 77 54 66 5 0 1 0.00 0.0 0 6.9 14 190 M M 6 18 24 190
17 82 51 67 5 0 2 0.00 0.0 0 6.3 17 150 M M 1 26 150
18 75 55 65 3 0 0 0.07 0.0 0 9.1 23 130 M M 8 1 32 150
19 74 65 70 8 0 5 0.02 0.0 0 9.4 17 170 M M 9 18 24 180
20 77 68 73 10 0 8 0.13 0.0 0 10.7 24 190 M M 10 1 39 170
21 79 69 74 11 0 9 0.11 0.0 0 10.4 21 180 M M 8 1 30 170
22 85 68 77 14 0 12 0.00 0.0 0 9.0 17 180 M M 7 22 170
23 81 65 73 9 0 8 1.16 0.0 0 6.9 18 90 M M 8 1 25 80
24 87 64 76 12 0 11 T 0.0 0 12.5 25 210 M M 3 1 32 210
25 85 70 78 14 0 13 T 0.0 0 14.0 23 200 M M 5 32 200
26 73 56 65 0 0 0 0.00 0.0 0 10.4 20 320 M M 0 28 330
27 58 42 50 -15 15 0 0.90 0.0 0 10.2 23 70 M M 8 1 34 60
28 59 41 50 -15 15 0 0.02 0.0 0 7.9 18 50 M M 6 1 24 40
29 68 35 52 -14 13 0 0.00 0.0 0 4.6 14 310 M M 0 18 310
30 64 45 55 -11 10 0 T 0.0 0 5.9 10 210 M M 4 14 180
31 78 49 64 -2 1 0 0.16 0.0 0 7.2 33 330 M M 3 3 46 350
================================================================================
SM 2226 1545 204 82 4.74 0.0 254.2 M 142
================================================================================
AV 71.8 49.8 8.2 FASTST M M 5 MAX(MPH)
MISC ----> 33 330 46 350
================================================================================
NOTES:
# LAST OF SEVERAL OCCURRENCES
COLUMN 17 PEAK WIND IN M.P.H.
PRELIMINARY LOCAL CLIMATOLOGICAL DATA (WS FORM: F-6) , PAGE 2
STATION: LA CROSSE WI
MONTH: MAY
YEAR: 2021
LATITUDE: 43 52 N
LONGITUDE: 91 15 W
[TEMPERATURE DATA] [PRECIPITATION DATA] SYMBOLS USED IN COLUMN 16
AVERAGE MONTHLY: 60.8 TOTAL FOR MONTH: 4.74 1 = FOG OR MIST
DPTR FM NORMAL: -0.2 DPTR FM NORMAL: 0.41 2 = FOG REDUCING VISIBILITY
HIGHEST: 91 ON 1 GRTST 24HR 2.09 ON 2- 3 TO 1/4 MILE OR LESS
LOWEST: 32 ON 11 3 = THUNDER
SNOW, ICE PELLETS, HAIL 4 = ICE PELLETS
TOTAL MONTH: 0.0 INCH 5 = HAIL
GRTST 24HR 0.0 6 = FREEZING RAIN OR DRIZZLE
GRTST DEPTH: 0 7 = DUSTSTORM OR SANDSTORM:
VSBY 1/2 MILE OR LESS
8 = SMOKE OR HAZE
[NO. OF DAYS WITH] [WEATHER - DAYS WITH] 9 = BLOWING SNOW
X = TORNADO
MAX 32 OR BELOW: 0 0.01 INCH OR MORE: 12
MAX 90 OR ABOVE: 1 0.10 INCH OR MORE: 8
MIN 32 OR BELOW: 1 0.50 INCH OR MORE: 4
MIN 0 OR BELOW: 0 1.00 INCH OR MORE: 2
[HDD (BASE 65) ]
TOTAL THIS MO. 204 CLEAR (SCALE 0-3) 11
DPTR FM NORMAL 23 PTCLDY (SCALE 4-7) 16
TOTAL FM JUL 1 6642 CLOUDY (SCALE 8-10) 4
DPTR FM NORMAL -120
[CDD (BASE 65) ]
TOTAL THIS MO. 82
DPTR FM NORMAL 23 [PRESSURE DATA]
TOTAL FM JAN 1 98 HIGHEST SLP 30.48 ON 12
DPTR FM NORMAL 32 LOWEST SLP 29.39 ON 2
[REMARKS]
#FINAL-05-21#