738
CXUS53 KARX 011000
CF6LSE
PRELIMINARY LOCAL CLIMATOLOGICAL DATA (WS FORM: F-6)
STATION: LA CROSSE WI
MONTH: JANUARY
YEAR: 2021
LATITUDE: 43 52 N
LONGITUDE: 91 15 W
TEMPERATURE IN F: :PCPN: SNOW: WIND :SUNSHINE: SKY :PK WND
================================================================================
1 2 3 4 5 6A 6B 7 8 9 10 11 12 13 14 15 16 17 18
12Z AVG MX 2MIN
DY MAX MIN AVG DEP HDD CDD WTR SNW DPTH SPD SPD DIR MIN PSBL S-S WX SPD DR
================================================================================
1 24 13 19 1 46 0 0.00 0.0 5 6.3 17 190 M M 8 18 21 190
2 28 14 21 3 44 0 T T 4 4.8 12 180 M M 10 18 15 180
3 27 23 25 7 40 0 0.00 0.0 4 8.6 15 180 M M 10 1 20 160
4 31 19 25 7 40 0 T T 4 7.3 14 170 M M 8 12 17 180
5 34 13 24 7 41 0 0.00 0.0 4 2.3 7 40 M M 1 128 8 160
6 33 16 25 8 40 0 0.00 0.0 4 4.0 9 110 M M 7 128 12 90
7 31 25 28 11 37 0 0.00 0.0 3 3.7 8 310 M M 10 18 10 30
8 29 24 27 10 38 0 0.00 0.0 3 5.8 12 330 M M 10 15 330
9 28 20 24 7 41 0 0.00 0.0 3 6.9 13 330 M M 10 18 15 340
10 26 19 23 6 42 0 0.00 0.0 3 5.1 10 270 M M 10 18 13 330
11 37 26 32 15 33 0 0.00 0.0 3 10.2 20 190 M M 3 26 180
12 37 18 28 11 37 0 0.00 0.0 3 5.6 12 170 M M 0 128 15 160
13 40 27 34 17 31 0 0.00 0.0 2 5.5 13 170 M M 5 18 17 170
14 37 28 33 16 32 0 0.30 3.0 2 3.2 12 70 M M 7 18 16 70
15 38 34 36 19 29 0 0.06 0.4 4 8.7 14 50 M M 10 18 18 60
16 36 31 34 17 31 0 0.04 T 4 9.6 16 330 M M 10 18 20 320
17 31 27 29 12 36 0 T T 3 8.5 14 320 M M 10 17 310
18 28 22 25 8 40 0 T T 3 8.8 14 280 M M 9 19 310
19 26 6 16 -1 49 0 0.04 1.1 3 8.3 23 320 M M 9 18 30 310
20 39 4 22 5 43 0 0.00 0.0 4 12.5 26 180 M M 0 8 40 170
21 38 14 26 9 39 0 0.00 0.0 4 16.8 31 290 M M 2 41 290
22 18 6 12 -5 53 0 0.00 0.0 4 9.2 20 330 M M 0 25 330
23 22 3 13 -4 52 0 0.08 0.7 4 6.3 13 170 M M 4 1 16 180
24 28 3 16 -1 49 0 0.11 1.4 6 5.3 12 310 M M 5 1 14 320
25 24 0 12 -6 53 0 0.00 0.0 6 4.8 13 40 M M 1 18 20 40
26 25 6 16 -2 49 0 T T 6 8.9 16 10 M M 7 8 21 20
27 21 0 11 -7 54 0 0.00 0.0 6 6.1 13 300 M M 3 15 300
28 24 0 12 -6 53 0 0.00 0.0 5 3.3 10 150 M M 3 13 160
29 28 16 22 4 43 0 0.00 0.0 5 8.5 14 120 M M 6 23 110
30 36 26 31 13 34 0 0.05 0.5 5 10.4 21 120 M M 5 8 31 110
31 34 28 31 13 34 0 0.21 1.9 6 7.8 14 330 M M 10 18 17 350
================================================================================
SM 938 511 1283 0 0.89 9.0 223.1 M 193
================================================================================
AV 30.3 16.5 7.2 FASTST M M 6 MAX(MPH)
MISC ----> 31 290 41 290
================================================================================
NOTES:
# LAST OF SEVERAL OCCURRENCES
COLUMN 17 PEAK WIND IN M.P.H.
PRELIMINARY LOCAL CLIMATOLOGICAL DATA (WS FORM: F-6) , PAGE 2
STATION: LA CROSSE WI
MONTH: JANUARY
YEAR: 2021
LATITUDE: 43 52 N
LONGITUDE: 91 15 W
[TEMPERATURE DATA] [PRECIPITATION DATA] SYMBOLS USED IN COLUMN 16
AVERAGE MONTHLY: 23.4 TOTAL FOR MONTH: 0.89 1 = FOG OR MIST
DPTR FM NORMAL: 6.0 DPTR FM NORMAL: -0.23 2 = FOG REDUCING VISIBILITY
HIGHEST: 40 ON 13 GRTST 24HR 0.52 ON 14-14 TO 1/4 MILE OR LESS
LOWEST: 0 ON 28,27 3 = THUNDER
SNOW, ICE PELLETS, HAIL 4 = ICE PELLETS
TOTAL MONTH: 9.0 INCHES 5 = HAIL
GRTST 24HR 3.0 ON 14-14 6 = FREEZING RAIN OR DRIZZLE
GRTST DEPTH: 6 ON 31,27 7 = DUSTSTORM OR SANDSTORM:
VSBY 1/2 MILE OR LESS
8 = SMOKE OR HAZE
[NO. OF DAYS WITH] [WEATHER - DAYS WITH] 9 = BLOWING SNOW
X = TORNADO
MAX 32 OR BELOW: 19 0.01 INCH OR MORE: 8
MAX 90 OR ABOVE: 0 0.10 INCH OR MORE: 3
MIN 32 OR BELOW: 30 0.50 INCH OR MORE: 0
MIN 0 OR BELOW: 3 1.00 INCH OR MORE: 0
[HDD (BASE 65) ]
TOTAL THIS MO. 1283 CLEAR (SCALE 0-3) 7
DPTR FM NORMAL -192 PTCLDY (SCALE 4-7) 10
TOTAL FM JUL 1 3834 CLOUDY (SCALE 8-10) 14
DPTR FM NORMAL -487
[CDD (BASE 65) ]
TOTAL THIS MO. 0
DPTR FM NORMAL 0 [PRESSURE DATA]
TOTAL FM JAN 1 0 HIGHEST SLP 30.76 ON 28
DPTR FM NORMAL 0 LOWEST SLP 29.29 ON 15
[REMARKS]
#FINAL-01-21#