000
CXUS56 KMTR 011000
CF6LVK
PRELIMINARY LOCAL CLIMATOLOGICAL DATA (WS FORM: F-6)
STATION: LIVERMORE AIRPORT
MONTH: NOVEMBER
YEAR: 2023
LATITUDE: 37 42 N
LONGITUDE: 121 49 W
TEMPERATURE IN F: :PCPN: SNOW: WIND :SUNSHINE: SKY :PK WND
================================================================================
1 2 3 4 5 6A 6B 7 8 9 10 11 12 13 14 15 16 17 18
12Z AVG MX 2MIN
DY MAX MIN AVG DEP HDD CDD WTR SNW DPTH SPD SPD DIR MIN PSBL S-S WX SPD DR
================================================================================
1 77 39 58 -1 7 0 0.00 M M 3.4 13 90 M M 0 18 30
2 82 42 62 4 3 0 0.00 M M 2.0 9 50 M M 0 12 70
3 83 49 66 8 0 1 0.00 M M 3.5 12 100 M M 0 17 50
4 83 51 67 9 0 2 0.00 M M 4.4 18 290 M M 1 24 290
5 77 53 65 8 0 0 0.21 M M 3.8 14 270 M M 7 1 19 290
6 70 55 63 6 2 0 0.01 M M 8.3 17 260 M M 4 1 22 230
7 67 45 56 0 9 0 0.00 M M 4.2 16 280 M M 2 24 310
8 70 40 55 -1 10 0 0.00 M M 3.6 14 70 M M 0 20 60
9 69 38 54 -2 11 0 0.00 M M 1.1 8 150 M M 0 11 150
10 70 39 55 -1 10 0 0.00 M M 3.2 13 90 M M 0 8 16 90
11 74 42 58 3 7 0 0.00 M M 3.5 12 80 M M 0 19 50
12 78 40 59 4 6 0 0.00 M M 3.8 16 240 M M 0 20 230
13 72 45 59 5 6 0 0.00 M M 2.7 12 230 M M 2 17 220
14 72 48 60 6 5 0 0.00 M M 4.8 17 80 M M 2 8 21 70
15 71 46 59 5 6 0 0.10 M M 5.4 20 60 M M 7 25 40
16 66 49 58 5 7 0 T M M 3.2 14 70 M M 5 18 18 70
17 68 46 57 4 8 0 0.01 M M 4.7 18 90 M M 4 12 23 90
18 69 52 61 8 4 0 0.16 M M 8.1 22 260 M M 9 1 29 260
19 64 40 52 0 13 0 0.00 M M 4.2 14 250 M M 0 19 350
20 63 42 53 1 12 0 0.00 M M 8.3 18 80 M M 0 25 100
21 63 38 51 -1 14 0 0.00 M M 3.9 14 60 M M 0 22 80
22 69 37 53 1 12 0 0.00 M M 1.6 10 110 M M 0 8 13 120
23 71 42 57 6 8 0 0.00 M M 3.3 17 10 M M 0 27 10
24 60 37 49 -2 16 0 0.00 M M 6.4 17 60 M M 0 23 80
25 61 35 48 -3 17 0 0.00 M M 4.5 15 80 M M 0 22 90
26 59 34 47 -3 18 0 0.00 M M 2.6 13 70 M M 0 17 70
27 62 30 46 -4 19 0 0.00 M M 4.7 16 60 M M 0 22 70
28 66 32 49 -1 16 0 0.00 M M 2.2 14 80 M M 1 16 70
29 61 39 50 0 15 0 0.09 M M 3.0 12 70 M M 5 18 15 50
30 64 39 52 2 13 0 0.00 M M 6.0 17 250 M M 2 8 24 250
================================================================================
SM 2081 1264 274 3 0.58 M 124.4 M 51
================================================================================
AV 69.4 42.1 4.1 FASTST M M 2 MAX(MPH)
MISC ----> 22 260 29 260
================================================================================
NOTES:
# LAST OF SEVERAL OCCURRENCES
COLUMN 17 PEAK WIND IN M.P.H.
PRELIMINARY LOCAL CLIMATOLOGICAL DATA (WS FORM: F-6) , PAGE 2
STATION: LIVERMORE AIRPORT
MONTH: NOVEMBER
YEAR: 2023
LATITUDE: 37 42 N
LONGITUDE: 121 49 W
[TEMPERATURE DATA] [PRECIPITATION DATA] SYMBOLS USED IN COLUMN 16
AVERAGE MONTHLY: 55.8 TOTAL FOR MONTH: 0.58 1 = FOG OR MIST
DPTR FM NORMAL: 2.0 DPTR FM NORMAL: -1.10 2 = FOG REDUCING VISIBILITY
HIGHEST: 83 ON 4, 3 GRTST 24HR 0.22 ON 5- 6 TO 1/4 MILE OR LESS
LOWEST: 30 ON 27 3 = THUNDER
SNOW, ICE PELLETS, HAIL 4 = ICE PELLETS
TOTAL MONTH: M 5 = HAIL
GRTST 24HR M ON M 6 = FREEZING RAIN OR DRIZZLE
GRTST DEPTH: M ON M 7 = DUSTSTORM OR SANDSTORM:
VSBY 1/2 MILE OR LESS
8 = SMOKE OR HAZE
[NO. OF DAYS WITH] [WEATHER - DAYS WITH] 9 = BLOWING SNOW
X = TORNADO
MAX 32 OR BELOW: 0 0.01 INCH OR MORE: 6
MAX 90 OR ABOVE: 0 0.10 INCH OR MORE: 3
MIN 32 OR BELOW: 2 0.50 INCH OR MORE: 0
MIN 0 OR BELOW: 0 1.00 INCH OR MORE: 0
[HDD (BASE 65) ]
TOTAL THIS MO. 274 CLEAR (SCALE 0-3) 23
DPTR FM NORMAL -64 PTCLDY (SCALE 4-7) 6
TOTAL FM JUL 1 368 CLOUDY (SCALE 8-10) 1
DPTR FM NORMAL -91
[CDD (BASE 65) ]
TOTAL THIS MO. 3
DPTR FM NORMAL 2 [PRESSURE DATA]
TOTAL FM JAN 1 928 HIGHEST SLP M ON M
DPTR FM NORMAL 79 LOWEST SLP 29.71 ON 15
[REMARKS]
#FINAL-11-23#