000
CXUS53 KTOP 010810
CF6LWC
PRELIMINARY LOCAL CLIMATOLOGICAL DATA (WS FORM: F-6)
STATION: LAWRENCE KS
MONTH: JUNE
YEAR: 2021
LATITUDE: 39 0 N
LONGITUDE: 95 13 W
TEMPERATURE IN F: :PCPN: SNOW: WIND :SUNSHINE: SKY :PK WND
================================================================================
1 2 3 4 5 6A 6B 7 8 9 10 11 12 13 14 15 16 17 18
12Z AVG MX 2MIN
DY MAX MIN AVG DEP HDD CDD WTR SNW DPTH SPD SPD DIR MIN PSBL S-S WX SPD DR
================================================================================
1 75 56 66 -5 0 1 0.01 M M 4.3 13 50 M M 7 1 15 60
2 79 51 65 -7 0 0 0.00 M M 2.6 9 90 M M 2 12 15 90
3 84 53 69 -3 0 4 0.00 M M 2.3 10 280 M M 0 18 17 300
4 89 56 73 1 0 8 0.00 M M 6.0 14 210 M M 1 1 20 190
5 88 66 77 5 0 12 0.00 M M 7.9 18 180 M M 1 18 32 190
6 86 65 76 3 0 11 0.00 M M 7.6 16 200 M M 4 22 170
7 89 64 77 4 0 12 0.00 M M 6.2 14 150 M M 1 19 150
8 89 65 77 4 0 12 0.00 M M 5.3 12 130 M M 1 18 20 100
9 93 68 81 7 0 16 0.00 M M 3.7 10 110 M M 1 18 16 40
10 95 68 82 8 0 17 0.00 M M 4.8 13 150 M M 2 18 17 140
11 93 70 82 8 0 17 0.17 M M 7.2 41 340 M M 3 13 53 340
12 88 63 76 2 0 11 0.00 M M 6.3 15 350 M M 3 21 350
13 92 58 75 0 0 10 0.00 M M 3.4 12 70 M M 0 8 16 120
14 95 59 77 2 0 12 0.01 M M 4.2 14 280 M M 0 19 280
15 96 63 80 5 0 15 0.00 M M 4.8 9 50 M M 0 1 12 90
16 98 68 83 7 0 18 0.00 M M 5.4 13 210 M M 0 8 16 170
17 101 72 87 11 0 22 T M M 8.2 17 230 M M 0 27 190
18 100 78 89 13 0 24 0.00 M M 10.9 20 210 M M 0 27 200
19 96 79 88 12 0 23 0.00 M M 8.3 17 210 M M 2 29 220
20 97 73 85 9 0 20 0.01 M M 11.2 24 340 M M 3 3 40 360
21 80 56 68 -8 0 3 0.01 M M 8.9 18 10 M M 2 26 360
22 91 53 72 -5 0 7 0.00 M M 10.4 22 200 M M 1 29 220
23 92 66 79 2 0 14 0.00 M M 12.7 21 180 M M 1 31 170
24 93 74 84 7 0 19 0.60 M M 12.3 29 350 M M 5 13 41 360
25 91 70 81 4 0 16 1.56 M M 7.6 25 140 M M 5 138 37 250
26 84 66 75 -2 0 10 0.21 M M 9.0 20 280 M M 6 3 27 200
27 79 65 72 -5 0 7 T M M 1.3 6 120 M M 5 1 8 320
28 80 69 75 -3 0 10 0.25 M M 4.8 15 140 M M 7 13 20 140
29 81 71 76 -2 0 11 0.44 M M 3.5 16 190 M M 7 1 23 170
30 78 71 75 -3 0 10 1.86 M M 2.7 9 130 M M 10 12 14 170
================================================================================
SM 2672 1956 0 372 5.13 M 193.8 M 80
================================================================================
AV 89.1 65.2 6.5 FASTST M M 3 MAX(MPH)
MISC ----> 41 340 53 340
================================================================================
NOTES:
# LAST OF SEVERAL OCCURRENCES
COLUMN 17 PEAK WIND IN M.P.H.
PRELIMINARY LOCAL CLIMATOLOGICAL DATA (WS FORM: F-6) , PAGE 2
STATION: LAWRENCE KS
MONTH: JUNE
YEAR: 2021
LATITUDE: 39 0 N
LONGITUDE: 95 13 W
[TEMPERATURE DATA] [PRECIPITATION DATA] SYMBOLS USED IN COLUMN 16
AVERAGE MONTHLY: 77.1 TOTAL FOR MONTH: 5.13 1 = FOG OR MIST
DPTR FM NORMAL: 2.0 DPTR FM NORMAL: 0.36 2 = FOG REDUCING VISIBILITY
HIGHEST: 101 ON 17 GRTST 24HR 1.92 ON 29-30 TO 1/4 MILE OR LESS
LOWEST: 51 ON 2 3 = THUNDER
SNOW, ICE PELLETS, HAIL 4 = ICE PELLETS
TOTAL MONTH: M 5 = HAIL
GRTST 24HR M ON M 6 = FREEZING RAIN OR DRIZZLE
GRTST DEPTH: M ON M 7 = DUSTSTORM OR SANDSTORM:
VSBY 1/2 MILE OR LESS
8 = SMOKE OR HAZE
[NO. OF DAYS WITH] [WEATHER - DAYS WITH] 9 = BLOWING SNOW
X = TORNADO
MAX 32 OR BELOW: 0 0.01 INCH OR MORE: 11
MAX 90 OR ABOVE: 15 0.10 INCH OR MORE: 7
MIN 32 OR BELOW: 0 0.50 INCH OR MORE: 3
MIN 0 OR BELOW: 0 1.00 INCH OR MORE: 2
[HDD (BASE 65) ]
TOTAL THIS MO. 0 CLEAR (SCALE 0-3) 21
DPTR FM NORMAL -6 PTCLDY (SCALE 4-7) 8
TOTAL FM JUL 1 5007 CLOUDY (SCALE 8-10) 1
DPTR FM NORMAL 8
[CDD (BASE 65) ]
TOTAL THIS MO. 372
DPTR FM NORMAL 65 [PRESSURE DATA]
TOTAL FM JAN 1 484 HIGHEST SLP M ON M
DPTR FM NORMAL 41 LOWEST SLP 29.51 ON 20
[REMARKS]
#FINAL-06-21#