000
CXUS53 KDMX 161613
CF6LWD
PRELIMINARY LOCAL CLIMATOLOGICAL DATA (WS FORM: F-6)
STATION: LAMONI IA
MONTH: SEPTEMBER
YEAR: 2021
LATITUDE: 40 37 N
LONGITUDE: 93 56 W
TEMPERATURE IN F: :PCPN: SNOW: WIND :SUNSHINE: SKY :PK WND
================================================================================
1 2 3 4 5 6A 6B 7 8 9 10 11 12 13 14 15 16 17 18
12Z AVG MX 2MIN
DY MAX MIN AVG DEP HDD CDD WTR SNW DPTH SPD SPD DIR MIN PSBL S-S WX SPD DR
================================================================================
1 80 59 70 -1 0 5 0.00 0.0 0 5.8 12 100 M M 0 1 19 60
2 75 62 69 -1 0 4 T 0.0 0 8.1 16 140 M M 1 26 140
3 79 64 72 2 0 7 0.15 0.0 0 7.9 15 250 M M 7 1 22 130
4 74 60 67 -3 0 2 0.00 0.0 0 6.3 14 340 M M 6 1 17 360
5 81 58 70 0 0 5 0.00 0.0 0 8.0 14 260 M M 1 21 230
6 86 62 74 5 0 9 0.00 0.0 0 9.1 15 210 M M 0 20 200
7 86 58 72 3 0 7 0.00 0.0 0 10.4 18 230 M M 0 26 230
8 80 54 67 -2 0 2 0.00 0.0 0 10.4 24 320 M M 0 36 310
9 80 53 67 -1 0 2 0.00 0.0 0 2.6 8 140 M M 0 13 130
10 80 56 68 0 0 3 0.00 0.0 0 6.3 12 170 M M 0 17 150
11 86 64 75 7 0 10 0.00 0.0 0 9.5 17 200 M M 0 25 190
12 85 64 75 8 0 10 0.00 0.0 0 7.5 14 210 M M 0 19 200
13 87 62 75 8 0 10 0.00 0.0 0 10.2 22 190 M M 0 1 30 180
14 77 59 68 1 0 3 0.00 0.0 0 7.5 18 10 M M 1 25 10
15 79 54 67 1 0 2 0.00 0.0 0 4.3 12 170 M M 0 1 15 170
16 86 58 72 6 0 7 0.00 0.0 0 8.8 18 170 M M 0 25 170
17 89 62 76 10 0 11 0.00 0.0 0 8.1 21 360 M M 2 29 10
18 86 57 72 7 0 7 0.00 0.0 0 5.7 10 150 M M 0 16 140
19 87 65 76 11 0 11 0.00 0.0 0 8.8 21 150 M M 0 30 150
20 84 57 71 7 0 6 1.03 0.0 0 11.7 35 250 M M 3 1238 48 250
21 73 52 63 -1 2 0 0.00 0.0 0 10.0 17 330 M M 1 25 350
22 70 47 59 -5 6 0 0.00 0.0 0 6.5 14 310 M M 0 19 20
23 74 42 58 -5 7 0 0.00 0.0 0 4.0 10 200 M M 0 15 190
24 75 53 64 1 1 0 0.01 0.0 0 9.9 20 330 M M 2 1 29 220
25 74 43 59 -3 6 0 0.00 0.0 0 8.5 16 260 M M 0 23 260
26 89 53 71 9 0 6 0.00 0.0 0 11.9 23 210 M M 0 34 210
27 88 65 77 15 0 12 0.00 0.0 0 10.1 18 240 M M 0 8 28 250
28 89 58 74 13 0 9 0.00 0.0 0 5.2 13 150 M M 0 18 180
29 83 63 73 12 0 8 0.00 0.0 0 6.1 15 140 M M 1 25 150
30 83 64 74 14 0 9 0.49 0.0 0 5.6 20 190 M M 5 13 35 140
================================================================================
SM 2445 1728 22 167 1.68 0.0 234.8 M 30
================================================================================
AV 81.5 57.6 7.8 FASTST M M 1 MAX(MPH)
MISC ----> 35 250 48 250
================================================================================
NOTES:
# LAST OF SEVERAL OCCURRENCES
COLUMN 17 PEAK WIND IN M.P.H.
PRELIMINARY LOCAL CLIMATOLOGICAL DATA (WS FORM: F-6) , PAGE 2
STATION: LAMONI IA
MONTH: SEPTEMBER
YEAR: 2021
LATITUDE: 40 37 N
LONGITUDE: 93 56 W
[TEMPERATURE DATA] [PRECIPITATION DATA] SYMBOLS USED IN COLUMN 16
AVERAGE MONTHLY: 69.6 TOTAL FOR MONTH: 1.68 1 = FOG OR MIST
DPTR FM NORMAL: 3.7 DPTR FM NORMAL: -2.03 2 = FOG REDUCING VISIBILITY
HIGHEST: 89 ON 28,26 GRTST 24HR 1.03 ON 20-20 TO 1/4 MILE OR LESS
LOWEST: 42 ON 23 3 = THUNDER
SNOW, ICE PELLETS, HAIL 4 = ICE PELLETS
TOTAL MONTH: 0.0 INCH 5 = HAIL
GRTST 24HR 0.0 6 = FREEZING RAIN OR DRIZZLE
GRTST DEPTH: 0 7 = DUSTSTORM OR SANDSTORM:
VSBY 1/2 MILE OR LESS
8 = SMOKE OR HAZE
[NO. OF DAYS WITH] [WEATHER - DAYS WITH] 9 = BLOWING SNOW
X = TORNADO
MAX 32 OR BELOW: 0 0.01 INCH OR MORE: 4
MAX 90 OR ABOVE: 0 0.10 INCH OR MORE: 3
MIN 32 OR BELOW: 0 0.50 INCH OR MORE: 1
MIN 0 OR BELOW: 0 1.00 INCH OR MORE: 1
[HDD (BASE 65) ]
TOTAL THIS MO. 22 CLEAR (SCALE 0-3) 27
DPTR FM NORMAL -65 PTCLDY (SCALE 4-7) 3
TOTAL FM JUL 1 22 CLOUDY (SCALE 8-10) 0
DPTR FM NORMAL -72
[CDD (BASE 65) ]
TOTAL THIS MO. 167
DPTR FM NORMAL 55 [PRESSURE DATA]
TOTAL FM JAN 1 1198 HIGHEST SLP 30.33 ON 22
DPTR FM NORMAL 176 LOWEST SLP 29.68 ON 20
[REMARKS]
#FINAL-09-21#