000
CXUS54 KLZK 010044
CF6LZK
PRELIMINARY LOCAL CLIMATOLOGICAL DATA (WS FORM: F-6)
STATION: NORTH LITTLE ROCK
MONTH: APRIL
YEAR: 2021
LATITUDE: 34 50 N
LONGITUDE: 92 16 W
TEMPERATURE IN F: :PCPN: SNOW: WIND :SUNSHINE: SKY :PK WND
================================================================================
1 2 3 4 5 6A 6B 7 8 9 10 11 12 13 14 15 16 17 18
12Z AVG MX 2MIN
DY MAX MIN AVG DEP HDD CDD WTR SNW DPTH SPD SPD DIR MIN PSBL S-S WX SPD DR
================================================================================
1 58 39 49 -9 16 0 0.00 0.0 0 8.1 12 350 M M 3 M M
2 56 33 45 -13 20 0 0.00 0.0 0 5.5 9 110 M M 3 16 160
3 67 41 54 -4 11 0 0.00 0.0 0 4.9 12 170 M M 4 14 99
4 75 45 60 1 5 0 0.00 0.0 0 6.2 13 230 M M 3 15 99
5 75 54 65 6 0 0 0.00 0.0 0 6.4 14 200 M M 8 20 200
6 77 55 66 7 0 1 0.00 0.0 0 9.3 17 190 M M 7 24 190
7 69 53 61 1 4 0 0.50 0.0 0 12.0 21 190 M M 9 13 30 190
8 76 45 61 1 4 0 0.00 0.0 0 10.8 18 230 M M 1 29 250
9 78 56 67 7 0 2 0.05 0.0 0 8.2 17 200 M M 3 3 24 200
10 63 48 56 -4 9 0 0.24 0.0 0 15.6 24 290 M M 2 3 32 290
11 79 44 62 1 3 0 0.00 0.0 0 M M M M M M M M
12 84 61 73 12 0 8 0.00 0.0 0 M M M M M M M M
13 73 55 64 3 1 0 0.00 0.0 0 M M M M M M M M
14 61 48 55 -6 10 0 0.78 0.0 0 M M M M M M 3 M M
15 67 49 58 -4 7 0 0.05 0.0 0 5.5 14 50 M M 3 M M
16 58 49 54 -8 11 0 0.09 0.0 0 5.8 13 90 M M 8 M M
17 61 47 54 -8 11 0 0.00 0.0 0 3.4 9 340 M M 10 M M
18 62 44 53 -9 12 0 0.08 0.0 0 3.1 9 290 M M 6 M M
19 71 45 58 -5 7 0 0.00 0.0 0 2.2 8 340 M M 0 M M
20 73 36 55 -8 10 0 0.00 0.0 0 10.6 13 360 M M 4 M M
21 59 32 46 -17 19 0 0.00 0.0 0 3.2 7 340 M M 2 M M
22 62 39 51 -13 14 0 T 0.0 0 3.0 8 140 M M 5 M M
23 62 49 56 -8 9 0 0.73 0.0 0 6.2 9 90 M M 6 M M
24 63 52 58 -6 7 0 0.49 0.0 0 5.1 12 340 M M 8 1 M M
25 73 47 60 -4 5 0 0.00 0.0 0 5.0 13 140 M M 2 M M
26 81 55 68 4 0 3 0.00 0.0 0 6.8 10 160 M M 0 M M
27 77 61 69 4 0 4 0.00 0.0 0 6.4 12 180 M M 3 M M
28 79 68 74 9 0 9 0.01 0.0 0 5.9 12 180 M M 7 21 180
29 75 64 70 5 0 5 1.12 0.0 0 4.1 9 220 M M 6 3 M M
30 78 58 68 2 0 3 0.00 0.0 0 3.7 10 50 M M 2 M M
================================================================================
SM 2092 1472 195 35 4.14 0.0 167.0 M 115
================================================================================
AV 69.7 49.1 6.4 FASTST M M 4 MAX(MPH)
MISC ----> 24 290 32 290
================================================================================
NOTES:
# LAST OF SEVERAL OCCURRENCES
COLUMN 17 PEAK WIND IN M.P.H.
PRELIMINARY LOCAL CLIMATOLOGICAL DATA (WS FORM: F-6) , PAGE 2
STATION: NORTH LITTLE ROCK
MONTH: APRIL
YEAR: 2021
LATITUDE: 34 50 N
LONGITUDE: 92 16 W
[TEMPERATURE DATA] [PRECIPITATION DATA] SYMBOLS USED IN COLUMN 16
AVERAGE MONTHLY: 59.4 TOTAL FOR MONTH: 4.14 1 = FOG OR MIST
DPTR FM NORMAL: -2.3 DPTR FM NORMAL: -1.40 2 = FOG REDUCING VISIBILITY
HIGHEST: 84 ON 12 GRTST 24HR 1.12 ON 29-29 TO 1/4 MILE OR LESS
LOWEST: 32 ON 21 3 = THUNDER
SNOW, ICE PELLETS, HAIL 4 = ICE PELLETS
TOTAL MONTH: T 5 = HAIL
GRTST 24HR 0.0 6 = FREEZING RAIN OR DRIZZLE
GRTST DEPTH: 0 7 = DUSTSTORM OR SANDSTORM:
VSBY 1/2 MILE OR LESS
8 = SMOKE OR HAZE
[NO. OF DAYS WITH] [WEATHER - DAYS WITH] 9 = BLOWING SNOW
X = TORNADO
MAX 32 OR BELOW: 0 0.01 INCH OR MORE: 11
MAX 90 OR ABOVE: 0 0.10 INCH OR MORE: 6
MIN 32 OR BELOW: 1 0.50 INCH OR MORE: 4
MIN 0 OR BELOW: 0 1.00 INCH OR MORE: 1
[HDD (BASE 65) ]
TOTAL THIS MO. 195 CLEAR (SCALE 0-3) 12
DPTR FM NORMAL 42 PTCLDY (SCALE 4-7) 12
TOTAL FM JUL 1 3119 CLOUDY (SCALE 8-10) 6
DPTR FM NORMAL 8
[CDD (BASE 65) ]
TOTAL THIS MO. 35
DPTR FM NORMAL -20 [PRESSURE DATA]
TOTAL FM JAN 1 40 HIGHEST SLP M ON M
DPTR FM NORMAL -29 LOWEST SLP 29.57 ON 10
[REMARKS]
#FINAL-04-21#