868
CXUS54 KLZK 011130
CF6M19
PRELIMINARY LOCAL CLIMATOLOGICAL DATA (WS FORM: F-6)
STATION: Newport Airport
MONTH: OCTOBER
YEAR: 2020
LATITUDE: 35 35 N
LONGITUDE: 91 16 W
TEMPERATURE IN F: :PCPN: SNOW: WIND :SUNSHINE: SKY :PK WND
================================================================================
1 2 3 4 5 6A 6B 7 8 9 10 11 12 13 14 15 16 17 18
12Z AVG MX 2MIN
DY MAX MIN AVG DEP HDD CDD WTR SNW DPTH SPD SPD DIR MIN PSBL S-S WX SPD DR
================================================================================
1 75 48 62 -4 3 0 0.00 M M 9.1 15 340 M M 0 23 340
2 67 44 56 -10 9 0 0.00 M M 5.6 10 290 M M 1 8 M M
3 70 43 57 -9 8 0 T M M 6.1 14 150 M M 3 21 150
4 64 43 54 -11 11 0 0.00 M M 8.3 17 340 M M 5 23 340
5 67 38 53 -12 12 0 0.00 M M 3.3 8 20 M M 0 M M
6 76 39 58 -6 7 0 T M M 3.9 10 190 M M 0 12 M M
7 83 49 66 2 0 1 0.00 M M 5.5 8 200 M M 0 M M
8 78 54 66 2 0 1 0.00 M M 1.3 5 140 M M 0 18 M M
9 75 57 66 3 0 1 0.07 M M 5.5 12 160 M M 5 1 M M
10 69 62 66 3 0 1 0.82 M M 11.2 18 30 M M 9 1 24 30
11 82 65 74 11 0 9 0.00 M M 7.0 13 20 M M 5 8 M M
12 80 50 65 3 0 0 0.00 M M 10.7 20 320 M M 3 1 30 300
13 75 44 60 -2 5 0 0.00 M M 3.5 6 130 M M 0 1 M M
14 79 46 63 1 2 0 0.00 M M 9.2 18 200 M M 0 M M
15 60 50 55 -6 10 0 0.02 M M 6.7 13 30 M M 7 M M
16 64 39 52 -9 13 0 T M M 5.0 8 200 M M 0 8 M M
17 69 38 54 -7 11 0 T M M 10.3 22 180 M M 3 30 170
18 72 57 65 5 0 0 0.01 M M 7.5 10 120 M M 10 8 M M
19 65 51 58 -2 7 0 0.46 M M 7.0 12 20 M M 10 1 M M
20 72 52 62 2 3 0 0.11 M M 4.7 10 20 M M 6 18 M M
21 84 54 69 9 0 4 0.00 M M 5.5 10 150 M M 1 1 17 190
22 84 58 71 12 0 6 0.00 M M 8.0 15 190 M M 2 12 20 190
23 74 48 61 2 4 0 0.20 M M 11.6 23 330 M M 6 13 28 330
24 49 45 47 -11 18 0 0.00 M M 12.2 17 10 M M 10 22 10
25 52 45 49 -9 16 0 0.00 M M 6.4 8 340 M M 10 1 M M
26 53 45 49 -9 16 0 0.05 M M 10.8 17 40 M M 10 1 20 40
27 47 42 45 -13 20 0 0.04 M M 11.5 15 20 M M 10 1 M M
28 53 44 49 -8 16 0 2.83 M M 11.4 14 30 M M 10 1 M M
29 53 40 47 -10 18 0 0.11 M M 9.3 15 360 M M 8 1 21 230
30 56 35 46 -11 19 0 T M M 5.5 10 330 M M 0 18 M M
31 64 38 51 -5 14 0 T M M 4.9 10 170 M M 0 18 M M
================================================================================
SM 2111 1463 242 23 4.72 M 228.5 M 134
================================================================================
AV 68.1 47.2 7.4 FASTST M M 4 MAX(MPH)
MISC ----> # 23 330 # 30 300
================================================================================
NOTES:
# LAST OF SEVERAL OCCURRENCES
COLUMN 17 PEAK WIND IN M.P.H.
PRELIMINARY LOCAL CLIMATOLOGICAL DATA (WS FORM: F-6) , PAGE 2
STATION: Newport Airport
MONTH: OCTOBER
YEAR: 2020
LATITUDE: 35 35 N
LONGITUDE: 91 16 W
[TEMPERATURE DATA] [PRECIPITATION DATA] SYMBOLS USED IN COLUMN 16
AVERAGE MONTHLY: 57.7 TOTAL FOR MONTH: 4.72 1 = FOG OR MIST
DPTR FM NORMAL: -3.5 DPTR FM NORMAL: 0.54 2 = FOG REDUCING VISIBILITY
HIGHEST: 84 ON 22,21 GRTST 24HR 2.83 ON 28-28 TO 1/4 MILE OR LESS
LOWEST: 35 ON 30 3 = THUNDER
SNOW, ICE PELLETS, HAIL 4 = ICE PELLETS
TOTAL MONTH: M 5 = HAIL
GRTST 24HR M ON M 6 = FREEZING RAIN OR DRIZZLE
GRTST DEPTH: M ON M 7 = DUSTSTORM OR SANDSTORM:
VSBY 1/2 MILE OR LESS
8 = SMOKE OR HAZE
[NO. OF DAYS WITH] [WEATHER - DAYS WITH] 9 = BLOWING SNOW
X = TORNADO
MAX 32 OR BELOW: 0 0.01 INCH OR MORE: 11
MAX 90 OR ABOVE: 0 0.10 INCH OR MORE: 6
MIN 32 OR BELOW: 0 0.50 INCH OR MORE: 2
MIN 0 OR BELOW: 0 1.00 INCH OR MORE: 1
[HDD (BASE 65) ]
TOTAL THIS MO. 242 CLEAR (SCALE 0-3) 16
DPTR FM NORMAL 70 PTCLDY (SCALE 4-7) 6
TOTAL FM JUL 1 260 CLOUDY (SCALE 8-10) 9
DPTR FM NORMAL 66
[CDD (BASE 65) ]
TOTAL THIS MO. 23
DPTR FM NORMAL -29 [PRESSURE DATA]
TOTAL FM JAN 1 1731 HIGHEST SLP M ON M
DPTR FM NORMAL -145 LOWEST SLP M ON M
[REMARKS]
#FINAL-10-20#