000
CXUS56 KHNX 150659
CF6MAE
PRELIMINARY LOCAL CLIMATOLOGICAL DATA (WS FORM: F-6)
STATION: MADERA CA AIRPORT
MONTH: FEBRUARY
YEAR: 2023
LATITUDE: 36 58 N
LONGITUDE: 120 7 W
TEMPERATURE IN F: :PCPN: SNOW: WIND :SUNSHINE: SKY :PK WND
================================================================================
1 2 3 4 5 6A 6B 7 8 9 10 11 12 13 14 15 16 17 18
12Z AVG MX 2MIN
DY MAX MIN AVG DEP HDD CDD WTR SNW DPTH SPD SPD DIR MIN PSBL S-S WX SPD DR
================================================================================
1 62 32 47 -2 18 0 0.00 0.0 0 2.8 7 80 M M 0 18 8 70
2 63 32 48 -2 17 0 0.00 0.0 0 4.1 12 140 M M 0 14 140
3 68 41 55 5 10 0 0.00 0.0 0 5.8 14 110 M M 3 1 16 110
4 66 34 50 0 15 0 T 0.0 0 7.5 17 150 M M 4 12 21 150
5 60 41 51 1 14 0 0.28 0.0 0 6.9 23 360 M M 5 13 28 360
6 51 35 43 -7 22 0 0.00 0.0 0 3.0 9 70 M M 4 1 12 70
7 59 37 48 -2 17 0 0.00 0.0 0 2.0 8 70 M M 0 1 9 150
8 63 34 49 -1 16 0 0.00 0.0 0 1.0 6 100 M M 1 128 8 230
9 67 39 53 2 12 0 0.00 0.0 0 2.8 8 130 M M 0 18 9 130
10 69 39 54 3 11 0 0.00 0.0 0 7.6 18 320 M M 1 18 24 340
11 58 38 48 -3 17 0 0.00 0.0 0 5.8 16 310 M M 3 20 330
12 60 33 47 -4 18 0 0.00 0.0 0 3.3 9 130 M M 0 11 130
13 65 38 52 1 13 0 0.00 0.0 0 5.1 13 310 M M 0 17 310
14 55 31 43 -9 22 0 0.00 0.0 0 14.1 31 320 M M 2 42 330
15 54 28 41 -11 24 0 0.00 0.0 0 3.9 10 150 M M M 14 160
16 60 32 46 -6 19 0 0.00 0.0 0 5.5 13 150 M M M 18 160
17 61 28 45 -7 20 0 0.00 0.0 0 4.0 12 320 M M M 13 330
18 64 28 46 -6 19 0 0.00 0.0 0 2.5 7 260 M M M 9 290
19 64 32 48 -4 17 0 0.00 0.0 0 2.0 7 M M M M 9 360
20 67 36 52 -1 13 0 0.00 0.0 0 M 8 320 M M M 12 130
21 67 40 54 1 11 0 0.00 0.0 0 11.2 33 270 M M M 41 290
22 51 31 41 -12 24 0 0.17 0.0 0 6.4 25 270 M M M 30 270
23 52 42 47 -6 18 0 0.03 0.0 0 M 23 130 M M M 30 120
24 51 41 46 -7 19 0 0.89 0.0 0 14.5 30 130 M M M 40 140
25 45 37 41 -13 24 0 0.40 0.0 0 3.2 15 150 M M M 18 160
26 53 38 46 -8 19 0 0.07 0.0 0 8.5 17 130 M M M 22 120
27 53 38 46 -8 19 0 0.38 0.0 0 8.1 23 150 M M M 29 150
28 52 38 45 -9 20 0 0.64 0.0 0 10.8 24 130 M M M 28 130
================================================================================
SM 1660 993 488 0 2.86 0.0 152.4 M 23
================================================================================
AV 59.3 35.5 5.9 FASTST M M 2 MAX(MPH)
MISC ----> 33 270 42 330
================================================================================
NOTES:
# LAST OF SEVERAL OCCURRENCES
COLUMN 17 PEAK WIND IN M.P.H.
PRELIMINARY LOCAL CLIMATOLOGICAL DATA (WS FORM: F-6) , PAGE 2
STATION: MADERA CA AIRPORT
MONTH: FEBRUARY
YEAR: 2023
LATITUDE: 36 58 N
LONGITUDE: 120 7 W
[TEMPERATURE DATA] [PRECIPITATION DATA] SYMBOLS USED IN COLUMN 16
AVERAGE MONTHLY: 47.4 TOTAL FOR MONTH: 2.86 1 = FOG OR MIST
DPTR FM NORMAL: -4.3 DPTR FM NORMAL: 0.87 2 = FOG REDUCING VISIBILITY
HIGHEST: 69 ON 10 GRTST 24HR 0.89 ON 24-24 TO 1/4 MILE OR LESS
LOWEST: 28 ON 18,17 3 = THUNDER
SNOW, ICE PELLETS, HAIL 4 = ICE PELLETS
TOTAL MONTH: 0.0 INCH 5 = HAIL
GRTST 24HR 0.0 6 = FREEZING RAIN OR DRIZZLE
GRTST DEPTH: 0 7 = DUSTSTORM OR SANDSTORM:
VSBY 1/2 MILE OR LESS
8 = SMOKE OR HAZE
[NO. OF DAYS WITH] [WEATHER - DAYS WITH] 9 = BLOWING SNOW
X = TORNADO
MAX 32 OR BELOW: 0 0.01 INCH OR MORE: 8
MAX 90 OR ABOVE: 0 0.10 INCH OR MORE: 6
MIN 32 OR BELOW: 9 0.50 INCH OR MORE: 2
MIN 0 OR BELOW: 0 1.00 INCH OR MORE: 0
[HDD (BASE 65) ]
TOTAL THIS MO. 488 CLEAR (SCALE 0-3) 11
DPTR FM NORMAL 116 PTCLDY (SCALE 4-7) 3
TOTAL FM JUL 1 2074 CLOUDY (SCALE 8-10) 14
DPTR FM NORMAL 200
[CDD (BASE 65) ]
TOTAL THIS MO. 0
DPTR FM NORMAL 0 [PRESSURE DATA]
TOTAL FM JAN 1 0 HIGHEST SLP M ON M
DPTR FM NORMAL 0 LOWEST SLP 29.85 ON 13
[REMARKS]
#FINAL-02-23#