000
CXUS56 KHNX 012329
CF6MAE
PRELIMINARY LOCAL CLIMATOLOGICAL DATA (WS FORM: F-6)
STATION: MADERA CA AIRPORT
MONTH: JANUARY
YEAR: 2024
LATITUDE: 36 58 N
LONGITUDE: 120 7 W
TEMPERATURE IN F: :PCPN: SNOW: WIND :SUNSHINE: SKY :PK WND
================================================================================
1 2 3 4 5 6A 6B 7 8 9 10 11 12 13 14 15 16 17 18
12Z AVG MX 2MIN
DY MAX MIN AVG DEP HDD CDD WTR SNW DPTH SPD SPD DIR MIN PSBL S-S WX SPD DR
================================================================================
1 57 41 49 3 16 0 0.00 0.0 0 4.5 10 120 M M 6 12 13 120
2 58 45 52 5 13 0 0.35 0.0 0 6.0 17 130 M M 8 128 22 130
3 56 40 48 1 17 0 0.05 0.0 0 4.5 14 350 M M 6 128 17 360
4 53 37 45 -2 20 0 0.00 0.0 0 3.8 9 60 M M 6 12 12 340
5 55 38 47 0 18 0 0.00 0.0 0 2.8 10 260 M M 4 18 15 270
6 51 36 44 -3 21 0 0.20 0.0 0 6.3 22 110 M M 4 18 28 100
7 53 32 43 -4 22 0 0.00 0.0 0 7.8 18 330 M M 3 1 24 330
8 54 28 41 -6 24 0 0.00 0.0 0 2.3 12 100 M M 0 1 15 120
9 57 31 44 -3 21 0 0.00 0.0 0 3.7 9 120 M M 4 11 170
10 56 38 47 0 18 0 0.10 0.0 0 4.6 12 130 M M 9 128 16 130
11 53 32 43 -4 22 0 0.01 0.0 0 5.8 32 340 M M 1 1 41 340
12 52 30 41 -6 24 0 0.00 0.0 0 2.0 9 140 M M 1 12 140
13 48 37 43 -4 22 0 0.04 0.0 0 5.4 13 130 M M 5 18 15 90
14 64 42 53 5 12 0 T 0.0 0 3.9 9 310 M M 5 18 12 320
15 51 45 48 0 17 0 0.00 0.0 0 3.4 9 350 M M 10 12 10 350
16 54 46 50 2 15 0 0.03 0.0 0 2.7 9 160 M M 10 18 11 160
17 63 45 54 6 11 0 0.10 0.0 0 2.6 10 310 M M 6 18 15 290
18 60 42 51 3 14 0 0.00 0.0 0 3.6 12 110 M M 5 128 14 110
19 65 44 55 7 10 0 0.08 0.0 0 6.7 17 100 M M 3 128 21 100
20 66 52 59 11 6 0 0.10 0.0 0 7.9 18 120 M M 7 1 28 110
21 66 53 60 12 5 0 0.03 0.0 0 10.0 16 110 M M 7 24 150
22 60 50 55 7 10 0 0.83 0.0 0 6.3 16 110 M M 9 1 21 110
23 62 47 55 7 10 0 0.01 0.0 0 6.6 14 300 M M 6 18 20 290
24 59 49 54 6 11 0 0.27 0.0 0 6.0 14 150 M M 9 1 19 140
25 65 44 55 6 10 0 0.00 0.0 0 4.8 15 320 M M 4 12 19 300
26 64 40 52 3 13 0 0.00 0.0 0 2.3 8 340 M M 0 1 10 150
27 63 43 53 4 12 0 0.00 0.0 0 1.8 8 340 M M 0 128 11 340
28 70 43 57 8 8 0 0.00 0.0 0 1.5 6 280 M M 3 12 11 260
29 78 45 62 13 3 0 0.00 0.0 0 2.8 8 260 M M 0 18 10 250
30 75 47 61 12 4 0 0.00 0.0 0 5.0 12 100 M M 0 18 16 130
31 68 55 62 13 3 0 0.11 0.0 0 9.6 20 130 M M 3 27 130
================================================================================
SM 1856 1297 432 0 2.31 0.0 147.0 M 144
================================================================================
AV 59.9 41.8 4.7 FASTST M M 5 MAX(MPH)
MISC ----> 32 340 41 340
================================================================================
NOTES:
# LAST OF SEVERAL OCCURRENCES
COLUMN 17 PEAK WIND IN M.P.H.
PRELIMINARY LOCAL CLIMATOLOGICAL DATA (WS FORM: F-6) , PAGE 2
STATION: MADERA CA AIRPORT
MONTH: JANUARY
YEAR: 2024
LATITUDE: 36 58 N
LONGITUDE: 120 7 W
[TEMPERATURE DATA] [PRECIPITATION DATA] SYMBOLS USED IN COLUMN 16
AVERAGE MONTHLY: 50.9 TOTAL FOR MONTH: 2.31 1 = FOG OR MIST
DPTR FM NORMAL: 3.1 DPTR FM NORMAL: 0.23 2 = FOG REDUCING VISIBILITY
HIGHEST: 78 ON 29 GRTST 24HR 0.83 ON 22-22 TO 1/4 MILE OR LESS
LOWEST: 28 ON 8 3 = THUNDER
SNOW, ICE PELLETS, HAIL 4 = ICE PELLETS
TOTAL MONTH: 0.0 INCH 5 = HAIL
GRTST 24HR 0.0 6 = FREEZING RAIN OR DRIZZLE
GRTST DEPTH: 0 7 = DUSTSTORM OR SANDSTORM:
VSBY 1/2 MILE OR LESS
8 = SMOKE OR HAZE
[NO. OF DAYS WITH] [WEATHER - DAYS WITH] 9 = BLOWING SNOW
X = TORNADO
MAX 32 OR BELOW: 0 0.01 INCH OR MORE: 15
MAX 90 OR ABOVE: 0 0.10 INCH OR MORE: 8
MIN 32 OR BELOW: 5 0.50 INCH OR MORE: 1
MIN 0 OR BELOW: 0 1.00 INCH OR MORE: 0
[HDD (BASE 65) ]
TOTAL THIS MO. 432 CLEAR (SCALE 0-3) 10
DPTR FM NORMAL -103 PTCLDY (SCALE 4-7) 16
TOTAL FM JUL 1 1183 CLOUDY (SCALE 8-10) 5
DPTR FM NORMAL -319
[CDD (BASE 65) ]
TOTAL THIS MO. 0
DPTR FM NORMAL 0 [PRESSURE DATA]
TOTAL FM JAN 1 0 HIGHEST SLP 30.42 ON 9
DPTR FM NORMAL 0 LOWEST SLP 29.67 ON 31
[REMARKS]
#FINAL-01-24#