034
CXUS56 KHNX 011201
CF6MAE
PRELIMINARY LOCAL CLIMATOLOGICAL DATA (WS FORM: F-6)
STATION: MADERA CA AIRPORT
MONTH: MARCH
YEAR: 2021
LATITUDE: 36 58 N
LONGITUDE: 120 7 W
TEMPERATURE IN F: :PCPN: SNOW: WIND :SUNSHINE: SKY :PK WND
================================================================================
1 2 3 4 5 6A 6B 7 8 9 10 11 12 13 14 15 16 17 18
12Z AVG MX 2MIN
DY MAX MIN AVG DEP HDD CDD WTR SNW DPTH SPD SPD DIR MIN PSBL S-S WX SPD DR
================================================================================
1 73 38 56 3 9 0 0.00 0.0 0 5.5 9 250 M M 0 17 170
2 74 35 55 2 10 0 0.00 0.0 0 2.6 8 130 M M 0 10 130
3 63 41 52 -1 13 0 0.00 0.0 0 4.0 13 360 M M 0 1 15 360
4 70 36 53 0 12 0 0.00 0.0 0 3.6 9 360 M M 0 1 17 140
5 75 35 55 2 10 0 0.00 0.0 0 3.0 13 300 M M 0 1 17 290
6 65 40 53 0 12 0 T 0.0 0 9.0 22 330 M M 2 40 330
7 66 33 50 -3 15 0 0.00 0.0 0 5.7 14 310 M M 0 1 24 270
8 61 39 50 -4 15 0 0.00 0.0 0 7.1 16 310 M M 1 21 320
9 62 38 50 -4 15 0 T 0.0 0 5.0 13 260 M M 2 30 300
10 54 41 48 -6 17 0 0.17 0.0 0 9.5 22 250 M M 7 13 43 270
11 55 38 47 -7 18 0 0.00 0.0 0 4.5 21 90 M M 8 30 90
12 61 42 52 -2 13 0 0.00 0.0 0 2.8 9 310 M M 4 22 10
13 65 35 50 -4 15 0 0.00 0.0 0 5.0 12 320 M M 0 15 310
14 61 37 49 -5 16 0 T 0.0 0 5.8 16 330 M M 2 20 350
15 52 35 44 -10 21 0 0.11 0.0 0 8.1 28 330 M M 7 1 36 330
16 58 33 46 -8 19 0 0.00 0.0 0 3.4 10 120 M M 2 1 34 180
17 63 35 49 -5 16 0 0.00 0.0 0 2.6 13 20 M M 0 23 30
18 72 47 60 6 5 0 T 0.0 0 5.7 15 290 M M 8 32 300
19 63 51 57 3 8 0 0.08 0.0 0 6.0 14 340 M M 9 1 19 300
20 62 38 50 -4 15 0 0.00 0.0 0 9.7 18 320 M M 1 28 300
21 65 34 50 -4 15 0 0.00 0.0 0 4.5 17 360 M M 0 27 350
22 66 38 52 -3 13 0 0.00 0.0 0 5.2 16 320 M M 1 25 10
23 69 38 54 -1 11 0 0.00 0.0 0 M M M M M 0 M M
24 68 32 50 -5 15 0 0.00 0.0 0 2.7 12 250 M M 0 25 100
25 65 39 52 -3 13 0 T 0.0 0 7.6 16 300 M M 3 21 290
26 70 36 53 -2 12 0 0.00 0.0 0 3.9 10 270 M M 0 12 270
27 76 42 59 4 6 0 0.00 0.0 0 3.5 9 200 M M 0 11 200
28 81 45 63 8 2 0 0.00 0.0 0 3.4 9 270 M M 0 11 280
29 79 42 61 5 4 0 0.00 0.0 0 7.3 18 320 M M 0 23 330
30 74 38 56 0 9 0 0.00 0.0 0 5.1 15 320 M M 0 18 330
31 83 45 64 8 1 0 0.00 0.0 0 3.7 9 200 M M 0 15 320
================================================================================
SM 2071 1196 375 0 0.36 0.0 155.5 M 57
================================================================================
AV 66.8 38.6 5.2 FASTST M M 2 MAX(MPH)
MISC ----> 28 330 43 270
================================================================================
NOTES:
# LAST OF SEVERAL OCCURRENCES
COLUMN 17 PEAK WIND IN M.P.H.
PRELIMINARY LOCAL CLIMATOLOGICAL DATA (WS FORM: F-6) , PAGE 2
STATION: MADERA CA AIRPORT
MONTH: MARCH
YEAR: 2021
LATITUDE: 36 58 N
LONGITUDE: 120 7 W
[TEMPERATURE DATA] [PRECIPITATION DATA] SYMBOLS USED IN COLUMN 16
AVERAGE MONTHLY: 52.7 TOTAL FOR MONTH: 0.36 1 = FOG OR MIST
DPTR FM NORMAL: -1.5 DPTR FM NORMAL: -1.44 2 = FOG REDUCING VISIBILITY
HIGHEST: 83 ON 31 GRTST 24HR 0.17 ON 9-10 TO 1/4 MILE OR LESS
LOWEST: 32 ON 24 3 = THUNDER
SNOW, ICE PELLETS, HAIL 4 = ICE PELLETS
TOTAL MONTH: 0.0 INCH 5 = HAIL
GRTST 24HR 0.0 6 = FREEZING RAIN OR DRIZZLE
GRTST DEPTH: 0 7 = DUSTSTORM OR SANDSTORM:
VSBY 1/2 MILE OR LESS
8 = SMOKE OR HAZE
[NO. OF DAYS WITH] [WEATHER - DAYS WITH] 9 = BLOWING SNOW
X = TORNADO
MAX 32 OR BELOW: 0 0.01 INCH OR MORE: 3
MAX 90 OR ABOVE: 0 0.10 INCH OR MORE: 2
MIN 32 OR BELOW: 1 0.50 INCH OR MORE: 0
MIN 0 OR BELOW: 0 1.00 INCH OR MORE: 0
[HDD (BASE 65) ]
TOTAL THIS MO. 375 CLEAR (SCALE 0-3) 25
DPTR FM NORMAL 39 PTCLDY (SCALE 4-7) 5
TOTAL FM JUL 1 2049 CLOUDY (SCALE 8-10) 1
DPTR FM NORMAL -369
[CDD (BASE 65) ]
TOTAL THIS MO. 0
DPTR FM NORMAL -1 [PRESSURE DATA]
TOTAL FM JAN 1 0 HIGHEST SLP 30.32 ON 20
DPTR FM NORMAL -1 LOWEST SLP 29.72 ON 3
[REMARKS]
#FINAL-03-21#