000
CXUS53 KABR 011100
CF6MBG
PRELIMINARY LOCAL CLIMATOLOGICAL DATA (WS FORM: F-6)
STATION: MOBRIDGE SD
MONTH: JUNE
YEAR: 2023
LATITUDE: 45 32 N
LONGITUDE: 100 25 W
TEMPERATURE IN F: :PCPN: SNOW: WIND :SUNSHINE: SKY :PK WND
================================================================================
1 2 3 4 5 6A 6B 7 8 9 10 11 12 13 14 15 16 17 18
12Z AVG MX 2MIN
DY MAX MIN AVG DEP HDD CDD WTR SNW DPTH SPD SPD DIR MIN PSBL S-S WX SPD DR
================================================================================
1 90 63 77 13 0 12 0.02 0.0 0 12.1 29 140 M M 2 3 43 150
2 86 63 75 11 0 10 T 0.0 0 10.2 23 170 M M 2 3 33 190
3 88 61 75 11 0 10 0.02 0.0 0 9.1 23 150 M M 1 3 30 150
4 90 65 78 14 0 13 0.03 0.0 0 7.0 31 130 M M 2 3 39 140
5 89 64 77 12 0 12 0.00 0.0 0 5.7 15 90 M M 1 8 20 90
6 91 63 77 12 0 12 0.00 0.0 0 6.4 15 160 M M 0 21 210
7 94 59 77 12 0 12 0.00 0.0 0 4.5 14 130 M M 0 20 130
8 94 61 78 12 0 13 0.00 0.0 0 9.5 29 140 M M 0 3 38 140
9 82 66 74 8 0 9 0.33 0.0 0 6.2 18 70 M M 6 13 26 70
10 76 58 67 1 0 2 0.00 0.0 0 12.7 25 50 M M 5 32 40
11 77 51 64 -3 1 0 0.00 0.0 0 8.1 18 90 M M 0 24 80
12 81 47 64 -3 1 0 0.00 0.0 0 3.5 10 10 M M 0 15 10
13 87 49 68 1 0 3 0.00 0.0 0 4.6 10 350 M M 1 17 320
14 88 56 72 4 0 7 0.00 0.0 0 7.4 18 110 M M 0 18 29 120
15 89 58 74 6 0 9 0.11 0.0 0 11.6 20 90 M M 3 38 29 120
16 68 53 61 -7 4 0 0.04 0.0 0 10.7 24 10 M M 8 18 34 10
17 81 48 65 -3 0 0 0.00 0.0 0 4.3 15 160 M M 2 18 19 160
18 89 54 72 3 0 7 0.00 0.0 0 10.8 21 150 M M 0 30 160
19 98 64 81 12 0 16 0.00 0.0 0 11.3 21 170 M M 0 31 140
20 97 69 83 14 0 18 0.10 0.0 0 16.6 31 180 M M 1 3 46 190
21 81 67 74 4 0 9 0.09 0.0 0 7.9 17 40 M M 7 13 30 310
22 77 65 71 1 0 6 0.42 0.0 0 9.7 20 350 M M 9 13 25 360
23 74 62 68 -2 0 3 0.92 0.0 0 10.8 21 70 M M 9 13 28 60
24 66 60 63 -7 2 0 2.32 0.0 0 16.5 31 330 M M 9 13 45 310
25 80 56 68 -3 0 3 0.00 0.0 0 13.0 25 340 M M 2 38 340
26 81 52 67 -4 0 2 0.00 0.0 0 5.3 13 130 M M 0 17 130
27 78 59 69 -2 0 4 1.17 0.0 0 10.5 22 140 M M 4 13 27 140
28 87 59 73 1 0 8 0.00 0.0 0 4.9 14 330 M M 2 12 25 340
29 87 61 74 2 0 9 0.00 0.0 0 5.1 16 310 M M 1 21 300
30 79 62 71 -1 0 6 0.00 0.0 0 3.9 13 160 M M 1 17 160
================================================================================
SM 2525 1775 8 215 5.57 0.0 259.9 M 78
================================================================================
AV 84.2 59.2 8.7 FASTST M M 3 MAX(MPH)
MISC ----> # 31 130 46 190
================================================================================
NOTES:
# LAST OF SEVERAL OCCURRENCES
COLUMN 17 PEAK WIND IN M.P.H.
PRELIMINARY LOCAL CLIMATOLOGICAL DATA (WS FORM: F-6) , PAGE 2
STATION: MOBRIDGE SD
MONTH: JUNE
YEAR: 2023
LATITUDE: 45 32 N
LONGITUDE: 100 25 W
[TEMPERATURE DATA] [PRECIPITATION DATA] SYMBOLS USED IN COLUMN 16
AVERAGE MONTHLY: 71.7 TOTAL FOR MONTH: 5.57 1 = FOG OR MIST
DPTR FM NORMAL: 3.8 DPTR FM NORMAL: 2.49 2 = FOG REDUCING VISIBILITY
HIGHEST: 98 ON 19 GRTST 24HR 2.77 ON 23-24 TO 1/4 MILE OR LESS
LOWEST: 47 ON 12 3 = THUNDER
SNOW, ICE PELLETS, HAIL 4 = ICE PELLETS
TOTAL MONTH: 0.0 INCH 5 = HAIL
GRTST 24HR 0.0 6 = FREEZING RAIN OR DRIZZLE
GRTST DEPTH: 0 7 = DUSTSTORM OR SANDSTORM:
VSBY 1/2 MILE OR LESS
8 = SMOKE OR HAZE
[NO. OF DAYS WITH] [WEATHER - DAYS WITH] 9 = BLOWING SNOW
X = TORNADO
MAX 32 OR BELOW: 0 0.01 INCH OR MORE: 12
MAX 90 OR ABOVE: 7 0.10 INCH OR MORE: 7
MIN 32 OR BELOW: 0 0.50 INCH OR MORE: 3
MIN 0 OR BELOW: 0 1.00 INCH OR MORE: 2
[HDD (BASE 65) ]
TOTAL THIS MO. 8 CLEAR (SCALE 0-3) 22
DPTR FM NORMAL -44 PTCLDY (SCALE 4-7) 5
TOTAL FM JUL 1 8007 CLOUDY (SCALE 8-10) 3
DPTR FM NORMAL 454
[CDD (BASE 65) ]
TOTAL THIS MO. 215
DPTR FM NORMAL 76 [PRESSURE DATA]
TOTAL FM JAN 1 294 HIGHEST SLP 30.11 ON 11
DPTR FM NORMAL 127 LOWEST SLP 29.51 ON 19
[REMARKS]
#FINAL-06-23#