000
CXUS56 KHNX 061535
CF6MCE
PRELIMINARY LOCAL CLIMATOLOGICAL DATA (WS FORM: F-6)
STATION: MERCED CA AIRPORT
MONTH: FEBRUARY
YEAR: 2024
LATITUDE: 37 16 N
LONGITUDE: 120 36 W
TEMPERATURE IN F: :PCPN: SNOW: WIND :SUNSHINE: SKY :PK WND
================================================================================
1 2 3 4 5 6A 6B 7 8 9 10 11 12 13 14 15 16 17 18
12Z AVG MX 2MIN
DY MAX MIN AVG DEP HDD CDD WTR SNW DPTH SPD SPD DIR MIN PSBL S-S WX SPD DR
================================================================================
1 60 47 54 6 11 0 0.50 0.0 0 5.5 22 150 M M 8 1 29 160
2 60 44 52 4 13 0 0.01 0.0 0 5.7 16 320 M M 8 1 21 310
3 56 43 50 2 15 0 0.09 0.0 0 4.1 14 130 M M 4 18 120
4 60 48 54 6 11 0 0.50 0.0 0 20.6 44 140 M M 7 1 64 140
5 61 51 56 7 9 0 0.26 0.0 0 9.0 23 140 M M 8 1 33 130
6 56 45 51 2 14 0 0.24 0.0 0 4.9 17 340 M M 9 18 21 340
7 54 40 47 -2 18 0 0.52 0.0 0 3.9 15 150 M M 8 1 20 150
8 53 39 46 -3 19 0 0.04 0.0 0 2.0 8 100 M M 8 1 11 70
9 56 35 46 -3 19 0 0.00 0.0 0 5.5 14 340 M M 1 12 18 340
10 56 33 45 -5 20 0 0.00 0.0 0 3.4 12 310 M M 0 1 16 310
11 61 34 48 -2 17 0 0.00 0.0 0 1.3 6 300 M M 0 1 10 290
12 62 35 49 -1 16 0 0.00 0.0 0 1.8 8 130 M M 2 128 10 130
13 62 38 50 0 15 0 0.00 0.0 0 1.2 6 240 M M 0 18 9 360
14 63 40 52 2 13 0 0.31 0.0 0 5.6 18 140 M M 4 18 23 130
15 63 45 54 3 11 0 0.09 0.0 0 4.0 17 130 M M 4 1 21 130
16 62 43 53 2 12 0 0.00 0.0 0 2.3 7 80 M M 0 18 9 140
17 58 49 54 3 11 0 0.14 0.0 0 8.2 24 120 M M 6 18 34 130
18 70 49 60 9 5 0 0.29 0.0 0 13.3 23 140 M M 5 13 33 140
19 70 54 62 11 3 0 0.56 0.0 0 12.4 25 140 M M 7 1 35 140
20 67 50 59 7 6 0 0.37 0.0 0 8.0 17 220 M M 6 13 28 220
21 65 47 56 4 9 0 0.00 0.0 0 4.6 12 320 M M 3 12 16 330
22 67 41 54 2 11 0 0.00 0.0 0 2.5 9 330 M M 0 12 13 280
23 65 41 53 1 12 0 0.00 0.0 0 2.9 9 360 M M 0 18 13 300
24 71 43 57 5 8 0 0.00 0.0 0 1.7 7 360 M M 0 18 11 10
25 71 42 57 4 8 0 T 0.0 0 2.9 8 240 M M 0 18 12 230
26 67 45 56 3 9 0 0.00 0.0 0 3.6 12 360 M M 6 17 340
27 64 44 54 1 11 0 T 0.0 0 7.7 16 320 M M 2 22 320
28 68 38 53 0 12 0 0.00 0.0 0 2.2 7 150 M M 0 10 100
29 66 43 55 2 10 0 T 0.0 0 5.2 13 120 M M 3 1 18 230
================================================================================
SM 1814 1246 348 0 3.92 0.0 156.0 M 109
================================================================================
AV 62.6 43.0 5.4 FASTST M M 4 MAX(MPH)
MISC ----> 44 140 64 140
================================================================================
NOTES:
# LAST OF SEVERAL OCCURRENCES
COLUMN 17 PEAK WIND IN M.P.H.
PRELIMINARY LOCAL CLIMATOLOGICAL DATA (WS FORM: F-6) , PAGE 2
STATION: MERCED CA AIRPORT
MONTH: FEBRUARY
YEAR: 2024
LATITUDE: 37 16 N
LONGITUDE: 120 36 W
[TEMPERATURE DATA] [PRECIPITATION DATA] SYMBOLS USED IN COLUMN 16
AVERAGE MONTHLY: 52.8 TOTAL FOR MONTH: 3.92 1 = FOG OR MIST
DPTR FM NORMAL: 2.3 DPTR FM NORMAL: 1.72 2 = FOG REDUCING VISIBILITY
HIGHEST: 71 ON 25,24 GRTST 24HR 0.81 ON 18-19 TO 1/4 MILE OR LESS
LOWEST: 33 ON 10 3 = THUNDER
SNOW, ICE PELLETS, HAIL 4 = ICE PELLETS
TOTAL MONTH: 0.0 INCH 5 = HAIL
GRTST 24HR 0.0 6 = FREEZING RAIN OR DRIZZLE
GRTST DEPTH: 0 7 = DUSTSTORM OR SANDSTORM:
VSBY 1/2 MILE OR LESS
8 = SMOKE OR HAZE
[NO. OF DAYS WITH] [WEATHER - DAYS WITH] 9 = BLOWING SNOW
X = TORNADO
MAX 32 OR BELOW: 0 0.01 INCH OR MORE: 14
MAX 90 OR ABOVE: 0 0.10 INCH OR MORE: 10
MIN 32 OR BELOW: 0 0.50 INCH OR MORE: 4
MIN 0 OR BELOW: 0 1.00 INCH OR MORE: 0
[HDD (BASE 65) ]
TOTAL THIS MO. 348 CLEAR (SCALE 0-3) 14
DPTR FM NORMAL -57 PTCLDY (SCALE 4-7) 14
TOTAL FM JUL 1 1523 CLOUDY (SCALE 8-10) 1
DPTR FM NORMAL -514
[CDD (BASE 65) ]
TOTAL THIS MO. 0
DPTR FM NORMAL 0 [PRESSURE DATA]
TOTAL FM JAN 1 0 HIGHEST SLP 30.30 ON 22
DPTR FM NORMAL 0 LOWEST SLP 29.49 ON 4
[REMARKS]
#FINAL-02-24#