000
CXUS52 KFFC 011110
CF6MCN
PRELIMINARY LOCAL CLIMATOLOGICAL DATA (WS FORM: F-6)
STATION: MACON
MONTH: DECEMBER
YEAR: 2021
LATITUDE: 32 42 N
LONGITUDE: 83 39 W
TEMPERATURE IN F: :PCPN: SNOW: WIND :SUNSHINE: SKY :PK WND
================================================================================
1 2 3 4 5 6A 6B 7 8 9 10 11 12 13 14 15 16 17 18
12Z AVG MX 2MIN
DY MAX MIN AVG DEP HDD CDD WTR SNW DPTH SPD SPD DIR MIN PSBL S-S WX SPD DR
================================================================================
1 69 36 53 1 12 0 0.00 0.0 M 2.2 10 200 M M 0 1 15 200
2 76 36 56 4 9 0 0.00 0.0 M 5.3 16 270 M M 0 18 23 330
3 80 41 61 9 4 0 0.00 0.0 M 2.7 9 270 M M 0 12 13 240
4 76 42 59 8 6 0 0.00 0.0 M 3.0 10 280 M M 0 1 17 290
5 75 42 59 8 6 0 0.00 0.0 M 2.4 12 140 M M 4 128 15 130
6 77 47 62 11 3 0 0.32 M M 4.8 18 320 M M 6 123 27 320
7 59 47 53 2 12 0 0.01 M M 3.5 13 340 M M 10 1 17 340
8 60 38 49 -2 16 0 1.59 M M 4.6 15 10 M M 7 123 21 360
9 53 34 44 -6 21 0 0.00 0.0 M 4.0 14 140 M M 10 128 17 140
10 66 51 59 9 6 0 0.33 0.0 M 3.1 8 180 M M 10 12 12 180
11 78 58 68 18 0 3 0.92 0.0 M 8.0 30 310 M M 9 13 46 300
12 63 38 51 1 14 0 T M M 5.9 15 320 M M 1 21 320
13 66 32 49 -1 16 0 0.00 0.0 M 1.6 7 20 M M 0 1 9 30
14 68 32 50 0 15 0 0.00 0.0 M 2.8 9 100 M M 0 11 100
15 69 36 53 3 12 0 0.00 0.0 M 6.1 13 100 M M 7 1 19 120
16 61 47 54 5 11 0 0.03 0.0 M 2.5 8 100 M M 8 12 9 100
17 70 57 64 15 1 0 0.00 0.0 M 0.8 6 30 M M 9 12 7 20
18 77 60 69 20 0 4 0.71 0.0 M 5.9 20 210 M M 8 123 30 240
19 69 47 58 9 7 0 0.03 M M 8.0 17 330 M M 6 1 25 340
20 51 42 47 -2 18 0 0.00 0.0 M 10.1 21 90 M M 3 29 80
21 44 39 42 -7 23 0 0.55 M M 8.7 16 20 M M 10 1 21 30
22 63 38 51 2 14 0 T M M 9.2 18 320 M M 1 1 27 330
23 61 29 45 -3 20 0 0.00 0.0 M 2.3 9 120 M M 0 14 120
24 68 30 49 1 16 0 0.00 0.0 M 3.2 13 210 M M 0 1 19 200
25 75 48 62 14 3 0 0.00 0.0 M 7.0 25 250 M M 4 1 33 260
26 75 55 65 17 0 0 0.00 0.0 M 3.3 10 240 M M 6 12 14 210
27 74 51 63 15 2 0 0.00 0.0 M 3.7 14 250 M M 9 12 20 260
28 79 62 71 23 0 6 0.00 0.0 M 7.5 18 210 M M 7 18 26 250
29 79 67 73 25 0 8 0.08 0.0 M 8.7 22 300 M M 8 1 28 240
30 83 63 73 25 0 8 0.54 0.0 M 8.3 21 230 M M 8 13 32 220
31 81 60 71 23 0 6 0.07 0.0 M 5.3 16 230 M M 6 12 24 200
================================================================================
SM 2145 1405 267 35 5.18 0.0 154.5 M 157
================================================================================
AV 69.2 45.3 5.0 FASTST M M 5 MAX(MPH)
MISC ----> 30 310 46 300
================================================================================
NOTES:
# LAST OF SEVERAL OCCURRENCES
COLUMN 17 PEAK WIND IN M.P.H.
PRELIMINARY LOCAL CLIMATOLOGICAL DATA (WS FORM: F-6) , PAGE 2
STATION: MACON
MONTH: DECEMBER
YEAR: 2021
LATITUDE: 32 42 N
LONGITUDE: 83 39 W
[TEMPERATURE DATA] [PRECIPITATION DATA] SYMBOLS USED IN COLUMN 16
AVERAGE MONTHLY: 57.3 TOTAL FOR MONTH: 5.18 1 = FOG OR MIST
DPTR FM NORMAL: 7.8 DPTR FM NORMAL: 0.61 2 = FOG REDUCING VISIBILITY
HIGHEST: 83 ON 30 GRTST 24HR 1.60 ON 7- 8 TO 1/4 MILE OR LESS
LOWEST: 29 ON 23 3 = THUNDER
SNOW, ICE PELLETS, HAIL 4 = ICE PELLETS
TOTAL MONTH: 0.0 INCH 5 = HAIL
GRTST 24HR 0.0 6 = FREEZING RAIN OR DRIZZLE
GRTST DEPTH: M ON M 7 = DUSTSTORM OR SANDSTORM:
VSBY 1/2 MILE OR LESS
8 = SMOKE OR HAZE
[NO. OF DAYS WITH] [WEATHER - DAYS WITH] 9 = BLOWING SNOW
X = TORNADO
MAX 32 OR BELOW: 0 0.01 INCH OR MORE: 12
MAX 90 OR ABOVE: 0 0.10 INCH OR MORE: 7
MIN 32 OR BELOW: 4 0.50 INCH OR MORE: 5
MIN 0 OR BELOW: 0 1.00 INCH OR MORE: 1
[HDD (BASE 65) ]
TOTAL THIS MO. 267 CLEAR (SCALE 0-3) 11
DPTR FM NORMAL -216 PTCLDY (SCALE 4-7) 13
TOTAL FM JUL 1 660 CLOUDY (SCALE 8-10) 7
DPTR FM NORMAL -199
[CDD (BASE 65) ]
TOTAL THIS MO. 35
DPTR FM NORMAL 31 [PRESSURE DATA]
TOTAL FM JAN 1 2225 HIGHEST SLP 30.47 ON 15
DPTR FM NORMAL -100 LOWEST SLP 29.86 ON 30
[REMARKS]
#FINAL-12-21#