000
CXUS52 KFFC 011010
CF6MCN
PRELIMINARY LOCAL CLIMATOLOGICAL DATA (WS FORM: F-6)
STATION: MACON
MONTH: SEPTEMBER
YEAR: 2021
LATITUDE: 32 42 N
LONGITUDE: 83 39 W
TEMPERATURE IN F: :PCPN: SNOW: WIND :SUNSHINE: SKY :PK WND
================================================================================
1 2 3 4 5 6A 6B 7 8 9 10 11 12 13 14 15 16 17 18
12Z AVG MX 2MIN
DY MAX MIN AVG DEP HDD CDD WTR SNW DPTH SPD SPD DIR MIN PSBL S-S WX SPD DR
================================================================================
1 90 73 82 2 0 17 0.00 0.0 M 9.1 20 280 M M 3 30 290
2 90 69 80 1 0 15 0.00 0.0 M 5.3 13 50 M M 1 1 17 40
3 86 62 74 -5 0 9 0.00 0.0 M 4.2 12 30 M M 1 19 50
4 86 56 71 -8 0 6 0.00 0.0 M 2.8 10 80 M M 0 1 17 80
5 90 58 74 -5 0 9 0.00 0.0 M 2.2 12 280 M M 1 15 250
6 92 68 80 1 0 15 0.00 0.0 M 3.7 12 310 M M 5 17 290
7 93 71 82 4 0 17 0.01 0.0 M 2.8 13 310 M M 4 18 16 310
8 85 72 79 1 0 14 0.00 0.0 M 4.9 18 210 M M 3 26 230
9 89 64 77 -1 0 12 0.00 0.0 M 6.6 17 330 M M 4 1 24 340
10 86 59 73 -5 0 8 0.00 0.0 M 4.2 13 80 M M 1 1 18 100
11 88 59 74 -4 0 9 0.00 0.0 0 3.0 12 100 M M 2 1 18 100
12 89 62 76 -1 0 11 0.00 0.0 M 2.7 10 110 M M 2 15 160
13 91 60 76 -1 0 11 0.00 0.0 M 1.5 10 80 M M 1 1 14 50
14 91 65 78 1 0 13 0.00 0.0 M 1.9 10 130 M M 1 1 14 150
15 84 65 75 -2 0 10 2.51 0.0 M 4.1 18 160 M M 7 13 28 160
16 79 71 75 -1 0 10 0.66 0.0 M 5.5 13 100 M M 9 1 16 100
17 83 72 78 2 0 13 0.00 0.0 M 3.8 10 90 M M 10 15 90
18 87 70 79 3 0 14 0.00 0.0 M 3.1 15 70 M M 6 1 20 70
19 84 73 79 3 0 14 0.39 0.0 M 4.5 23 100 M M 5 1 30 100
20 81 73 77 2 0 12 0.49 0.0 M 6.5 15 120 M M 7 1 19 110
21 90 73 82 7 0 17 0.00 0.0 M 4.1 9 70 M M 4 13 9 70
22 84 70 77 2 0 12 0.00 0.0 M 7.3 22 330 M M 4 12 36 340
23 78 52 65 -9 0 0 0.00 0.0 M 6.1 14 330 M M 0 8 19 360
24 80 50 65 -9 0 0 0.00 0.0 M 4.2 12 100 M M 0 18 19 110
25 82 52 67 -7 0 2 0.00 0.0 M 2.2 10 360 M M 0 128 15 250
26 85 54 70 -3 0 5 0.00 0.0 M 1.9 9 320 M M 0 18 12 290
27 86 56 71 -2 0 6 0.00 0.0 M 1.7 10 150 M M 0 1 13 150
28 88 61 75 2 0 10 0.00 0.0 M 2.0 10 230 M M 1 13 270
29 89 59 74 2 0 9 0.00 0.0 M 2.0 10 280 M M 1 1 14 290
30 87 61 74 2 0 9 0.00 0.0 M 1.9 8 20 M M 1 18 11 110
================================================================================
SM 2593 1910 0 309 4.06 0.0 115.8 M 84
================================================================================
AV 86.4 63.7 3.9 FASTST M M 3 MAX(MPH)
MISC ----> 23 100 36 340
================================================================================
NOTES:
# LAST OF SEVERAL OCCURRENCES
COLUMN 17 PEAK WIND IN M.P.H.
PRELIMINARY LOCAL CLIMATOLOGICAL DATA (WS FORM: F-6) , PAGE 2
STATION: MACON
MONTH: SEPTEMBER
YEAR: 2021
LATITUDE: 32 42 N
LONGITUDE: 83 39 W
[TEMPERATURE DATA] [PRECIPITATION DATA] SYMBOLS USED IN COLUMN 16
AVERAGE MONTHLY: 75.1 TOTAL FOR MONTH: 4.06 1 = FOG OR MIST
DPTR FM NORMAL: -1.1 DPTR FM NORMAL: 0.40 2 = FOG REDUCING VISIBILITY
HIGHEST: 93 ON 7 GRTST 24HR 3.11 ON 15-16 TO 1/4 MILE OR LESS
LOWEST: 50 ON 24 3 = THUNDER
SNOW, ICE PELLETS, HAIL 4 = ICE PELLETS
TOTAL MONTH: 0.0 INCH 5 = HAIL
GRTST 24HR 0.0 6 = FREEZING RAIN OR DRIZZLE
GRTST DEPTH: 0 7 = DUSTSTORM OR SANDSTORM:
VSBY 1/2 MILE OR LESS
8 = SMOKE OR HAZE
[NO. OF DAYS WITH] [WEATHER - DAYS WITH] 9 = BLOWING SNOW
X = TORNADO
MAX 32 OR BELOW: 0 0.01 INCH OR MORE: 5
MAX 90 OR ABOVE: 8 0.10 INCH OR MORE: 4
MIN 32 OR BELOW: 0 0.50 INCH OR MORE: 2
MIN 0 OR BELOW: 0 1.00 INCH OR MORE: 1
[HDD (BASE 65) ]
TOTAL THIS MO. 0 CLEAR (SCALE 0-3) 18
DPTR FM NORMAL -3 PTCLDY (SCALE 4-7) 10
TOTAL FM JUL 1 0 CLOUDY (SCALE 8-10) 2
DPTR FM NORMAL 0
[CDD (BASE 65) ]
TOTAL THIS MO. 309
DPTR FM NORMAL -29 [PRESSURE DATA]
TOTAL FM JAN 1 2044 HIGHEST SLP 30.30 ON 12
DPTR FM NORMAL -146 LOWEST SLP 29.72 ON 1
[REMARKS]
#FINAL-09-21#