000
CXUS52 KMLB 010726
CF6MCO
PRELIMINARY LOCAL CLIMATOLOGICAL DATA (WS FORM: F-6)
STATION: ORLANDO INTL
MONTH: DECEMBER
YEAR: 2023
LATITUDE: 28 25 N
LONGITUDE: 81 19 W
TEMPERATURE IN F: :PCPN: SNOW: WIND :SUNSHINE: SKY :PK WND
================================================================================
1 2 3 4 5 6A 6B 7 8 9 10 11 12 13 14 15 16 17 18
12Z AVG MX 2MIN
DY MAX MIN AVG DEP HDD CDD WTR SNW DPTH SPD SPD DIR MIN PSBL S-S WX SPD DR
================================================================================
1 84 62 73 7 0 8 0.00 0.0 0 6.1 13 180 M M 7 17 120
2 86 71 79 13 0 14 T 0.0 0 5.2 14 200 M M 9 1 22 220
3 86 69 78 13 0 13 T 0.0 0 6.7 24 310 M M 8 1 34 310
4 83 63 73 8 0 8 0.00 0.0 0 8.0 17 300 M M 8 1 24 310
5 74 56 65 0 0 0 0.00 0.0 0 5.8 15 300 M M 7 20 310
6 65 50 58 -7 7 0 0.00 0.0 0 10.8 22 330 M M 5 29 300
7 71 48 60 -5 5 0 0.00 0.0 0 7.8 15 340 M M 5 19 340
8 76 55 66 1 0 1 T 0.0 0 5.9 14 50 M M 8 20 60
9 83 61 72 8 0 7 0.00 0.0 0 6.2 16 130 M M 6 22 160
10 82 62 72 8 0 7 0.31 0.0 0 9.1 23 270 M M 7 13 34 190
11 67 50 59 -5 6 0 0.00 0.0 0 10.7 23 280 M M 8 35 300
12 74 49 62 -2 3 0 0.00 0.0 0 12.8 20 50 M M 6 29 60
13 78 60 69 5 0 4 T 0.0 0 12.7 24 50 M M 8 31 60
14 74 63 69 5 0 4 T 0.0 0 14.3 30 60 M M 8 41 50
15 73 64 69 5 0 4 T 0.0 0 15.2 28 60 M M 9 38 70
16 70 67 69 6 0 4 2.33 0.0 0 11.8 26 110 M M 10 1 38 110
17 73 59 66 3 0 1 0.58 0.0 0 18.1 30 210 M M 8 1 43 200
18 69 53 61 -2 4 0 0.00 0.0 0 10.7 21 300 M M 2 30 290
19 63 47 55 -8 10 0 0.00 0.0 0 11.5 18 20 M M 0 24 360
20 67 46 57 -6 8 0 0.00 0.0 0 9.6 18 10 M M 7 23 20
21 73 55 64 2 1 0 0.00 0.0 0 12.0 20 60 M M 6 27 30
22 73 56 65 3 0 0 T 0.0 0 7.8 16 40 M M 8 1 21 40
23 77 58 68 6 0 3 0.00 0.0 0 9.7 20 70 M M 4 29 70
24 73 58 66 4 0 1 0.01 0.0 0 6.7 17 100 M M 8 23 100
25 72 65 69 7 0 4 T 0.0 0 7.1 15 130 M M 9 21 140
26 77 64 71 9 0 6 0.04 0.0 0 5.5 13 330 M M 8 1 17 310
27 74 57 66 4 0 1 0.03 0.0 0 6.9 14 300 M M 8 20 280
28 65 56 61 -1 4 0 0.37 0.0 0 4.2 17 150 M M 9 1 23 150
29 62 49 56 -5 9 0 0.00 0.0 0 8.8 18 270 M M 5 1 28 270
30 60 47 54 -7 11 0 0.00 0.0 0 3.7 10 190 M M 5 14 190
31 68 44 56 -5 9 0 0.00 0.0 0 3.3 13 280 M M 2 1 19 290
================================================================================
SM 2272 1764 77 90 3.67 0.0 274.7 M 208
================================================================================
AV 73.3 56.9 8.9 FASTST M M 7 MAX(MPH)
MISC ----> # 30 60 43 200
================================================================================
NOTES:
# LAST OF SEVERAL OCCURRENCES
COLUMN 17 PEAK WIND IN M.P.H.
PRELIMINARY LOCAL CLIMATOLOGICAL DATA (WS FORM: F-6) , PAGE 2
STATION: ORLANDO INTL
MONTH: DECEMBER
YEAR: 2023
LATITUDE: 28 25 N
LONGITUDE: 81 19 W
[TEMPERATURE DATA] [PRECIPITATION DATA] SYMBOLS USED IN COLUMN 16
AVERAGE MONTHLY: 65.1 TOTAL FOR MONTH: 3.67 1 = FOG OR MIST
DPTR FM NORMAL: 1.8 DPTR FM NORMAL: 1.19 2 = FOG REDUCING VISIBILITY
HIGHEST: 86 ON 3, 2 GRTST 24HR 2.91 ON 16-17 TO 1/4 MILE OR LESS
LOWEST: 44 ON 31 3 = THUNDER
SNOW, ICE PELLETS, HAIL 4 = ICE PELLETS
TOTAL MONTH: 0.0 INCH 5 = HAIL
GRTST 24HR 0.0 6 = FREEZING RAIN OR DRIZZLE
GRTST DEPTH: 0 7 = DUSTSTORM OR SANDSTORM:
VSBY 1/2 MILE OR LESS
8 = SMOKE OR HAZE
[NO. OF DAYS WITH] [WEATHER - DAYS WITH] 9 = BLOWING SNOW
X = TORNADO
MAX 32 OR BELOW: 0 0.01 INCH OR MORE: 7
MAX 90 OR ABOVE: 0 0.10 INCH OR MORE: 4
MIN 32 OR BELOW: 0 0.50 INCH OR MORE: 2
MIN 0 OR BELOW: 0 1.00 INCH OR MORE: 1
[HDD (BASE 65) ]
TOTAL THIS MO. 77 CLEAR (SCALE 0-3) 3
DPTR FM NORMAL -50 PTCLDY (SCALE 4-7) 22
TOTAL FM JUL 1 105 CLOUDY (SCALE 8-10) 6
DPTR FM NORMAL -72
[CDD (BASE 65) ]
TOTAL THIS MO. 90
DPTR FM NORMAL 14 [PRESSURE DATA]
TOTAL FM JAN 1 4212 HIGHEST SLP 30.38 ON 14
DPTR FM NORMAL 761 LOWEST SLP 29.48 ON 17
[REMARKS]
#FINAL-12-23#