000
CXUS55 KPAH 010800
CF6MDH
PRELIMINARY LOCAL CLIMATOLOGICAL DATA (WS FORM: F-6)
STATION: CARBONDALE IL
MONTH: NOVEMBER
YEAR: 2020
LATITUDE: 37 46 N
LONGITUDE: 89 15 W
TEMPERATURE IN F: :PCPN: SNOW: WIND :SUNSHINE: SKY :PK WND
================================================================================
1 2 3 4 5 6A 6B 7 8 9 10 11 12 13 14 15 16 17 18
12Z AVG MX 2MIN
DY MAX MIN AVG DEP HDD CDD WTR SNW DPTH SPD SPD DIR MIN PSBL S-S WX SPD DR
================================================================================
1 55 27 41 -12 24 0 0.00 M M 9.9 24 310 M M 0 35 330
2 56 23 40 -12 25 0 0.00 M M 4.6 14 210 M M 0 8 18 200
3 70 37 54 2 11 0 0.00 M M 8.0 16 200 M M 0 21 190
4 75 41 58 6 7 0 0.00 M M 7.9 17 180 M M 0 23 200
5 72 45 59 8 6 0 0.00 M M 7.8 18 190 M M 0 24 190
6 74 42 58 7 7 0 0.00 M M 4.5 13 160 M M 0 1 17 190
7 77 39 58 8 7 0 0.00 M M 3.4 15 160 M M 0 18 20 180
8 81 57 69 19 0 4 0.00 M M 8.5 18 170 M M 4 8 26 180
9 78 62 70 20 0 5 T M M 10.6 23 170 M M 6 32 180
10 79 53 66 17 0 1 0.05 M M 13.6 26 200 M M 8 35 180
11 55 37 46 -3 19 0 0.02 M M 8.1 16 330 M M 4 21 320
12 61 30 46 -2 19 0 T M M 3.6 14 110 M M 2 1 18 100
13 52 33 43 -5 22 0 0.00 M M 6.8 20 330 M M 0 28 340
14 69 36 53 6 12 0 0.51 M M 10.1 35 180 M M 9 1 49 180
15 69 40 55 8 10 0 1.00 M M 12.7 30 260 M M 2 13 44 260
16 63 30 47 1 18 0 0.00 M M 8.9 22 210 M M 0 29 220
17 52 29 41 -5 24 0 0.00 M M 5.6 15 350 M M 0 21 330
18 58 28 43 -3 22 0 0.00 M M 9.5 20 150 M M 0 29 180
19 68 52 60 15 5 0 0.00 M M 23.1 38 210 M M 0 52 210
20 67 54 61 16 4 0 0.00 M M 9.3 23 200 M M 8 32 210
21 60 48 54 10 11 0 0.39 M M 7.6 14 30 M M 10 1 21 360
22 48 34 41 -3 24 0 0.83 M M 7.7 21 340 M M 8 1 28 340
23 54 29 42 -1 23 0 0.00 M M 2.9 7 150 M M 1 128 9 320
24 54 41 48 5 17 0 0.41 M M 9.3 20 210 M M 3 1 28 210
25 63 47 55 13 10 0 0.97 M M 11.7 25 210 M M 10 1 32 190
26 50 37 44 2 21 0 0.00 M M 4.6 10 200 M M 8 15 170
27 59 33 46 4 19 0 0.00 M M 4.3 16 320 M M 2 18 21 340
28 52 27 40 -1 25 0 0.00 M M 0.6 7 30 M M 0 18 10 10
29 51 27 39 -2 26 0 T M M 4.8 30 330 M M 3 18 41 330
30 38 31 35 -5 30 0 T M M 15.3 24 310 M M 10 34 330
================================================================================
SM 1860 1149 448 10 4.18 M 245.3 M 98
================================================================================
AV 62.0 38.3 8.2 FASTST M M 3 MAX(MPH)
MISC ----> 38 210 52 210
================================================================================
NOTES:
# LAST OF SEVERAL OCCURRENCES
COLUMN 17 PEAK WIND IN M.P.H.
PRELIMINARY LOCAL CLIMATOLOGICAL DATA (WS FORM: F-6) , PAGE 2
STATION: CARBONDALE IL
MONTH: NOVEMBER
YEAR: 2020
LATITUDE: 37 46 N
LONGITUDE: 89 15 W
[TEMPERATURE DATA] [PRECIPITATION DATA] SYMBOLS USED IN COLUMN 16
AVERAGE MONTHLY: 50.2 TOTAL FOR MONTH: 4.18 1 = FOG OR MIST
DPTR FM NORMAL: 3.6 DPTR FM NORMAL: -0.07 2 = FOG REDUCING VISIBILITY
HIGHEST: 81 ON 8 GRTST 24HR 1.50 ON 14-15 TO 1/4 MILE OR LESS
LOWEST: 23 ON 2 3 = THUNDER
SNOW, ICE PELLETS, HAIL 4 = ICE PELLETS
TOTAL MONTH: M 5 = HAIL
GRTST 24HR M ON M 6 = FREEZING RAIN OR DRIZZLE
GRTST DEPTH: M ON M 7 = DUSTSTORM OR SANDSTORM:
VSBY 1/2 MILE OR LESS
8 = SMOKE OR HAZE
[NO. OF DAYS WITH] [WEATHER - DAYS WITH] 9 = BLOWING SNOW
X = TORNADO
MAX 32 OR BELOW: 0 0.01 INCH OR MORE: 8
MAX 90 OR ABOVE: 0 0.10 INCH OR MORE: 6
MIN 32 OR BELOW: 10 0.50 INCH OR MORE: 4
MIN 0 OR BELOW: 0 1.00 INCH OR MORE: 1
[HDD (BASE 65) ]
TOTAL THIS MO. 448 CLEAR (SCALE 0-3) 18
DPTR FM NORMAL -104 PTCLDY (SCALE 4-7) 6
TOTAL FM JUL 1 795 CLOUDY (SCALE 8-10) 6
DPTR FM NORMAL -69
[CDD (BASE 65) ]
TOTAL THIS MO. 10
DPTR FM NORMAL 8 [PRESSURE DATA]
TOTAL FM JAN 1 1459 HIGHEST SLP M ON M
DPTR FM NORMAL 88 LOWEST SLP 29.55 ON 14
[REMARKS]
#FINAL-11-20#