000
CXUS51 KCTP 010900
CF6MDT
PRELIMINARY LOCAL CLIMATOLOGICAL DATA (WS FORM: F-6)
STATION: HARRISBURG PA
MONTH: DECEMBER
YEAR: 2022
LATITUDE: 40 11 N
LONGITUDE: 76 46 W
TEMPERATURE IN F: :PCPN: SNOW: WIND :SUNSHINE: SKY :PK WND
================================================================================
1 2 3 4 5 6A 6B 7 8 9 10 11 12 13 14 15 16 17 18
12Z AVG MX 2MIN
DY MAX MIN AVG DEP HDD CDD WTR SNW DPTH SPD SPD DIR MIN PSBL S-S WX SPD DR
================================================================================
1 41 30 36 -4 29 0 0.00 0.0 0 15.5 32 290 M M 3 40 310
2 46 22 34 -5 31 0 0.00 0.0 0 5.6 13 140 M M 4 17 140
3 58 40 49 10 16 0 0.33 0.0 0 10.2 23 320 M M 8 1 31 330
4 42 26 34 -5 31 0 0.00 0.0 0 5.4 18 300 M M 3 23 300
5 47 22 35 -3 30 0 0.00 0.0 0 4.5 15 160 M M 3 1 20 170
6 43 29 36 -2 29 0 0.20 0.0 0 0.8 9 290 M M 10 12 11 290
7 51 41 46 8 19 0 0.01 0.0 0 2.3 12 300 M M 10 12 13 300
8 52 39 46 8 19 0 0.00 0.0 0 3.8 15 320 M M 9 12 19 350
9 46 29 38 1 27 0 0.00 0.0 0 4.1 10 280 M M 1 12 280
10 44 25 35 -2 30 0 0.00 0.0 0 5.1 10 110 M M 4 13 110
11 38 35 37 0 28 0 0.10 T 0 4.6 9 110 M M 10 145 11 120
12 39 32 36 -1 29 0 0.00 0.0 0 8.9 17 330 M M 10 26 360
13 38 24 31 -5 34 0 0.00 0.0 0 7.1 13 280 M M 2 16 290
14 37 22 30 -6 35 0 0.00 0.0 0 7.4 15 300 M M 6 16 300
15 39 29 34 -2 31 0 1.38 T 0 7.0 15 80 M M 10 146 20 40
16 46 33 40 4 25 0 0.25 0.0 0 9.4 17 300 M M 9 1 26 310
17 43 32 38 3 27 0 0.00 0.0 0 8.8 22 280 M M 7 27 310
18 39 28 34 -1 31 0 0.00 0.0 0 10.3 22 310 M M 7 29 310
19 35 22 29 -6 36 0 0.00 0.0 0 10.2 20 300 M M 5 27 300
20 38 24 31 -4 34 0 0.00 0.0 0 7.4 17 300 M M 4 8 22 310
21 41 21 31 -3 34 0 0.00 0.0 0 1.5 7 120 M M 4 1 10 100
22 47 28 38 4 27 0 1.45 2.0 0 5.9 21 110 M M 10 124 26 100
23 48 6 27 -7 38 0 0.30 T 0 20.6 39 270 M M 9 18 60 280
24 15 4 10 -24 55 0 0.00 0.0 0 15.6 26 280 M M 6 37 270
25 25 15 20 -14 45 0 0.00 0.0 0 10.5 21 290 M M 5 27 270
26 30 14 22 -11 43 0 0.00 0.0 0 5.6 15 310 M M 6 19 300
27 36 27 32 -1 33 0 0.00 0.0 0 4.2 13 310 M M 10 8 15 310
28 49 24 37 4 28 0 0.00 0.0 0 5.4 14 210 M M 5 18 200
29 51 21 36 3 29 0 0.00 0.0 0 1.2 9 110 M M 4 18 11 100
30 55 34 45 12 20 0 0.00 0.0 0 1.5 7 130 M M 7 18 8 100
31 49 33 41 9 24 0 0.33 0.0 0 2.3 10 310 M M 10 12 12 300
================================================================================
SM 1308 811 947 0 4.35 2.0 212.7 M 201
================================================================================
AV 42.2 26.2 6.9 FASTST M M 6 MAX(MPH)
MISC ----> 39 270 60 280
================================================================================
NOTES:
# LAST OF SEVERAL OCCURRENCES
COLUMN 17 PEAK WIND IN M.P.H.
PRELIMINARY LOCAL CLIMATOLOGICAL DATA (WS FORM: F-6) , PAGE 2
STATION: HARRISBURG PA
MONTH: DECEMBER
YEAR: 2022
LATITUDE: 40 11 N
LONGITUDE: 76 46 W
[TEMPERATURE DATA] [PRECIPITATION DATA] SYMBOLS USED IN COLUMN 16
AVERAGE MONTHLY: 34.2 TOTAL FOR MONTH: 4.35 1 = FOG OR MIST
DPTR FM NORMAL: -1.6 DPTR FM NORMAL: 0.92 2 = FOG REDUCING VISIBILITY
HIGHEST: 58 ON 3 GRTST 24HR 1.71 ON 22-23 TO 1/4 MILE OR LESS
LOWEST: 4 ON 24 3 = THUNDER
SNOW, ICE PELLETS, HAIL 4 = ICE PELLETS
TOTAL MONTH: 2.0 INCHES 5 = HAIL
GRTST 24HR 2.0 ON 22-22 6 = FREEZING RAIN OR DRIZZLE
GRTST DEPTH: 0 7 = DUSTSTORM OR SANDSTORM:
VSBY 1/2 MILE OR LESS
8 = SMOKE OR HAZE
[NO. OF DAYS WITH] [WEATHER - DAYS WITH] 9 = BLOWING SNOW
X = TORNADO
MAX 32 OR BELOW: 3 0.01 INCH OR MORE: 9
MAX 90 OR ABOVE: 0 0.10 INCH OR MORE: 8
MIN 32 OR BELOW: 24 0.50 INCH OR MORE: 2
MIN 0 OR BELOW: 0 1.00 INCH OR MORE: 2
[HDD (BASE 65) ]
TOTAL THIS MO. 947 CLEAR (SCALE 0-3) 5
DPTR FM NORMAL 40 PTCLDY (SCALE 4-7) 15
TOTAL FM JUL 1 1841 CLOUDY (SCALE 8-10) 11
DPTR FM NORMAL -19
[CDD (BASE 65) ]
TOTAL THIS MO. 0
DPTR FM NORMAL 0 [PRESSURE DATA]
TOTAL FM JAN 1 1360 HIGHEST SLP 30.56 ON 2
DPTR FM NORMAL 188 LOWEST SLP 29.14 ON 23
[REMARKS]
#FINAL-12-22#