000
CXUS51 KCTP 010800
CF6MDT
PRELIMINARY LOCAL CLIMATOLOGICAL DATA (WS FORM: F-6)
STATION: HARRISBURG PA
MONTH: JUNE
YEAR: 2021
LATITUDE: 40 11 N
LONGITUDE: 76 46 W
TEMPERATURE IN F: :PCPN: SNOW: WIND :SUNSHINE: SKY :PK WND
================================================================================
1 2 3 4 5 6A 6B 7 8 9 10 11 12 13 14 15 16 17 18
12Z AVG MX 2MIN
DY MAX MIN AVG DEP HDD CDD WTR SNW DPTH SPD SPD DIR MIN PSBL S-S WX SPD DR
================================================================================
1 79 54 67 -1 0 2 0.00 0.0 0 3.5 10 160 M M 9 8 12 160
2 78 62 70 2 0 5 0.00 0.0 0 7.2 18 140 M M 9 8 21 140
3 76 64 70 1 0 5 0.28 0.0 0 5.2 13 300 M M 10 18 15 300
4 84 67 76 7 0 11 0.05 0.0 0 3.6 17 300 M M 6 13 21 300
5 92 64 78 9 0 13 0.00 0.0 0 7.3 17 300 M M 2 20 300
6 94 68 81 11 0 16 0.00 0.0 0 2.5 10 250 M M 2 15 260
7 93 72 83 13 0 18 T 0.0 0 2.8 13 230 M M 7 138 17 220
8 90 74 82 12 0 17 0.24 0.0 0 4.1 21 330 M M 8 38 26 280
9 88 73 81 10 0 16 T 0.0 0 6.2 23 230 M M 7 3 26 230
10 86 71 79 8 0 14 0.00 0.0 0 9.5 17 110 M M 7 22 90
11 71 61 66 -5 0 1 0.45 0.0 0 5.6 15 110 M M 10 18 19 110
12 79 61 70 -2 0 5 0.00 0.0 0 3.0 10 310 M M 8 15 350
13 78 67 73 1 0 8 T 0.0 0 6.4 12 160 M M 9 14 140
14 88 66 77 5 0 12 0.02 0.0 0 7.0 21 220 M M 7 38 28 220
15 80 64 72 -1 0 7 0.00 0.0 0 10.2 18 300 M M 5 18 23 290
16 78 61 70 -3 0 5 0.00 0.0 0 8.3 18 310 M M 3 8 24 290
17 80 55 68 -5 0 3 0.00 0.0 0 5.8 16 300 M M 2 24 270
18 86 57 72 -2 0 7 0.10 0.0 0 5.9 15 200 M M 4 22 170
19 87 69 78 4 0 13 0.01 0.0 0 4.6 17 270 M M 9 22 270
20 91 65 78 4 0 13 0.00 0.0 0 4.2 14 170 M M 6 138 19 170
21 93 75 84 10 0 19 T 0.0 0 9.3 28 230 M M 8 3 36 250
22 77 56 67 -8 0 2 0.85 0.0 0 8.3 24 310 M M 8 1 26 310
23 77 53 65 -10 0 0 0.00 0.0 0 5.8 15 290 M M 2 17 290
24 80 58 69 -6 0 4 0.00 0.0 0 6.5 14 150 M M 4 19 130
25 83 59 71 -4 0 6 0.00 0.0 0 6.6 15 150 M M 5 20 150
26 86 72 79 3 0 14 T 0.0 0 8.1 16 180 M M 7 23 190
27 92 75 84 8 0 19 0.00 0.0 0 7.4 18 190 M M 6 24 190
28 96 76 86 10 0 21 0.00 0.0 0 5.1 13 200 M M 4 17 230
29 97 79 88 12 0 23 0.00 0.0 0 7.3 15 230 M M 2 23 180
30 98 74 86 10 0 21 0.11 0.0 0 7.3 39 300 M M 4 3 49 290
================================================================================
SM 2557 1972 0 320 2.11 0.0 184.6 M 180
================================================================================
AV 85.2 65.7 6.2 FASTST M M 6 MAX(MPH)
MISC ----> 39 300 49 290
================================================================================
NOTES:
# LAST OF SEVERAL OCCURRENCES
COLUMN 17 PEAK WIND IN M.P.H.
PRELIMINARY LOCAL CLIMATOLOGICAL DATA (WS FORM: F-6) , PAGE 2
STATION: HARRISBURG PA
MONTH: JUNE
YEAR: 2021
LATITUDE: 40 11 N
LONGITUDE: 76 46 W
[TEMPERATURE DATA] [PRECIPITATION DATA] SYMBOLS USED IN COLUMN 16
AVERAGE MONTHLY: 75.5 TOTAL FOR MONTH: 2.11 1 = FOG OR MIST
DPTR FM NORMAL: 3.0 DPTR FM NORMAL: -1.87 2 = FOG REDUCING VISIBILITY
HIGHEST: 98 ON 30 GRTST 24HR 0.85 ON 22-22 TO 1/4 MILE OR LESS
LOWEST: 53 ON 23 3 = THUNDER
SNOW, ICE PELLETS, HAIL 4 = ICE PELLETS
TOTAL MONTH: 0.0 INCH 5 = HAIL
GRTST 24HR 0.0 6 = FREEZING RAIN OR DRIZZLE
GRTST DEPTH: 0 7 = DUSTSTORM OR SANDSTORM:
VSBY 1/2 MILE OR LESS
8 = SMOKE OR HAZE
[NO. OF DAYS WITH] [WEATHER - DAYS WITH] 9 = BLOWING SNOW
X = TORNADO
MAX 32 OR BELOW: 0 0.01 INCH OR MORE: 9
MAX 90 OR ABOVE: 10 0.10 INCH OR MORE: 6
MIN 32 OR BELOW: 0 0.50 INCH OR MORE: 1
MIN 0 OR BELOW: 0 1.00 INCH OR MORE: 0
[HDD (BASE 65) ]
TOTAL THIS MO. 0 CLEAR (SCALE 0-3) 6
DPTR FM NORMAL -12 PTCLDY (SCALE 4-7) 18
TOTAL FM JUL 1 4428 CLOUDY (SCALE 8-10) 6
DPTR FM NORMAL -593
[CDD (BASE 65) ]
TOTAL THIS MO. 320
DPTR FM NORMAL 81 [PRESSURE DATA]
TOTAL FM JAN 1 420 HIGHEST SLP 30.37 ON 24
DPTR FM NORMAL 99 LOWEST SLP 29.55 ON 21
[REMARKS]
#FINAL-06-21#