000
CXUS51 KCTP 010800
CF6MDT
PRELIMINARY LOCAL CLIMATOLOGICAL DATA (WS FORM: F-6)
STATION: HARRISBURG PA
MONTH: JULY
YEAR: 2023
LATITUDE: 40 11 N
LONGITUDE: 76 46 W
TEMPERATURE IN F: :PCPN: SNOW: WIND :SUNSHINE: SKY :PK WND
================================================================================
1 2 3 4 5 6A 6B 7 8 9 10 11 12 13 14 15 16 17 18
12Z AVG MX 2MIN
DY MAX MIN AVG DEP HDD CDD WTR SNW DPTH SPD SPD DIR MIN PSBL S-S WX SPD DR
================================================================================
1 79 69 74 -2 0 9 0.25 0.0 0 7.5 16 130 M M 10 18 19 130
2 86 72 79 2 0 14 0.49 0.0 0 5.2 22 180 M M 9 1238 35 180
3 86 70 78 1 0 13 0.41 0.0 0 5.0 23 270 M M 8 13 26 270
4 88 71 80 3 0 15 0.42 0.0 0 6.1 17 210 M M 5 13 19 210
5 92 73 83 6 0 18 0.00 0.0 0 4.0 10 300 M M 3 14 20
6 91 72 82 5 0 17 T 0.0 0 5.0 23 220 M M 4 38 30 210
7 90 73 82 5 0 17 1.08 0.0 0 4.6 23 340 M M 7 138 27 330
8 89 71 80 3 0 15 0.00 0.0 0 4.6 12 200 M M 5 14 190
9 83 67 75 -2 0 10 1.17 0.0 0 5.0 20 300 M M 8 138 23 280
10 84 66 75 -3 0 10 0.00 0.0 0 7.6 15 310 M M 6 20 310
11 87 65 76 -2 0 11 T 0.0 0 3.4 10 220 M M 2 13 240
12 90 68 79 1 0 14 0.00 0.0 0 3.7 14 280 M M 3 18 280
13 92 72 82 4 0 17 0.11 0.0 0 7.5 16 220 M M 5 138 23 220
14 90 74 82 4 0 17 T 0.0 0 4.6 22 160 M M 6 28 160
15 91 70 81 3 0 16 0.08 0.0 0 4.6 20 170 M M 7 138 25 170
16 87 73 80 2 0 15 0.04 0.0 0 3.3 13 290 M M 7 13 15 210
17 88 70 79 1 0 14 0.05 0.0 0 5.8 24 310 M M 4 18 28 320
18 85 69 77 -1 0 12 0.00 0.0 0 5.7 14 270 M M 5 18 19 280
19 86 71 79 1 0 14 0.04 0.0 0 3.6 7 170 M M 8 138 M M
20 88 71 80 2 0 15 0.00 0.0 0 5.2 13 140 M M 5 18 15 140
21 83 65 74 -4 0 9 0.65 0.0 0 7.4 35 310 M M 7 13 43 310
22 83 67 75 -3 0 10 0.00 0.0 0 4.2 12 350 M M 3 16 340
23 87 65 76 -1 0 11 0.00 0.0 0 3.4 10 160 M M 2 13 160
24 85 71 78 1 0 13 0.03 0.0 0 5.8 14 200 M M 5 3 19 200
25 82 67 75 -2 0 10 0.03 0.0 0 4.8 15 340 M M 6 13 20 330
26 90 66 78 1 0 13 0.00 0.0 0 5.5 16 160 M M 3 19 180
27 91 75 83 6 0 18 T 0.0 0 7.5 18 210 M M 8 3 23 190
28 95 74 85 8 0 20 0.12 0.0 0 5.1 26 300 M M 4 138 30 290
29 92 72 82 5 0 17 T 0.0 0 8.5 36 310 M M 6 44 310
30 83 65 74 -3 0 9 0.00 0.0 0 5.6 17 300 M M 3 24 290
31 83 67 75 -2 0 10 T 0.0 0 7.4 16 290 M M 4 19 290
================================================================================
SM 2706 2161 0 423 4.97 0.0 167.2 M 168
================================================================================
AV 87.3 69.7 5.4 FASTST M M 5 MAX(MPH)
MISC ----> 36 310 44 310
================================================================================
NOTES:
# LAST OF SEVERAL OCCURRENCES
COLUMN 17 PEAK WIND IN M.P.H.
PRELIMINARY LOCAL CLIMATOLOGICAL DATA (WS FORM: F-6) , PAGE 2
STATION: HARRISBURG PA
MONTH: JULY
YEAR: 2023
LATITUDE: 40 11 N
LONGITUDE: 76 46 W
[TEMPERATURE DATA] [PRECIPITATION DATA] SYMBOLS USED IN COLUMN 16
AVERAGE MONTHLY: 78.5 TOTAL FOR MONTH: 4.97 1 = FOG OR MIST
DPTR FM NORMAL: 1.2 DPTR FM NORMAL: 0.23 2 = FOG REDUCING VISIBILITY
HIGHEST: 95 ON 28 GRTST 24HR 1.17 ON 9- 9 TO 1/4 MILE OR LESS
LOWEST: 65 ON 30,23 3 = THUNDER
SNOW, ICE PELLETS, HAIL 4 = ICE PELLETS
TOTAL MONTH: 0.0 INCH 5 = HAIL
GRTST 24HR 0.0 6 = FREEZING RAIN OR DRIZZLE
GRTST DEPTH: 0 7 = DUSTSTORM OR SANDSTORM:
VSBY 1/2 MILE OR LESS
8 = SMOKE OR HAZE
[NO. OF DAYS WITH] [WEATHER - DAYS WITH] 9 = BLOWING SNOW
X = TORNADO
MAX 32 OR BELOW: 0 0.01 INCH OR MORE: 15
MAX 90 OR ABOVE: 11 0.10 INCH OR MORE: 9
MIN 32 OR BELOW: 0 0.50 INCH OR MORE: 3
MIN 0 OR BELOW: 0 1.00 INCH OR MORE: 2
[HDD (BASE 65) ]
TOTAL THIS MO. 0 CLEAR (SCALE 0-3) 6
DPTR FM NORMAL 0 PTCLDY (SCALE 4-7) 23
TOTAL FM JUL 1 0 CLOUDY (SCALE 8-10) 2
DPTR FM NORMAL 0
[CDD (BASE 65) ]
TOTAL THIS MO. 423
DPTR FM NORMAL 42 [PRESSURE DATA]
TOTAL FM JAN 1 637 HIGHEST SLP 30.14 ON 26
DPTR FM NORMAL -65 LOWEST SLP 29.70 ON 29
[REMARKS]
#FINAL-07-23#