000
CXUS54 KMEG 010900
CF6MEG
PRELIMINARY LOCAL CLIMATOLOGICAL DATA (WS FORM: F-6)
STATION: MEMPHIS/GERMANTOWN WFO
MONTH: MARCH
YEAR: 2022
LATITUDE: 35 7 N
LONGITUDE: 89 48 W
TEMPERATURE IN F: :PCPN: SNOW: WIND :SUNSHINE: SKY :PK WND
================================================================================
1 2 3 4 5 6A 6B 7 8 9 10 11 12 13 14 15 16 17 18
12Z AVG MX 2MIN
DY MAX MIN AVG DEP HDD CDD WTR SNW DPTH SPD SPD DIR MIN PSBL S-S WX SPD DR
================================================================================
1 70 34 52 5 13 0 0.00 0.0 0 M M M M M M M M
2 77 39 58 11 7 0 0.00 0.0 0 M M M M M M M M
3 80 43 62 14 3 0 0.00 0.0 0 M M M M M M M M
4 79 43 61 13 4 0 0.00 0.0 0 M M M M M M M M
5 76 56 66 18 0 1 0.02 0.0 0 M M M M M M M M
6 81 66 74 25 0 9 0.04 0.0 0 M M M M M M 1 M M
7 74 41 58 9 7 0 0.53 0.0 0 M M M M M M 13 M M
8 46 37 42 -7 23 0 0.27 T 0 M M M M M M 14 M M
9 55 37 46 -4 19 0 0.04 0.0 0 M M M M M M M M
10 63 37 50 0 15 0 0.00 0.0 0 M M M M M M M M
11 51 27 39 -11 26 0 0.46 5.5 0 M M M M M M 124 M M
12 35 22 29 -21 36 0 0.00 0.0 6 M M M M M M M M
13 60 27 44 -7 21 0 0.00 0.0 1 M M M M M M M M
14 67 40 54 3 11 0 0.00 0.0 0 M M M M M M M M
15 60 51 56 5 9 0 0.20 0.0 0 M M M M M M 1 M M
16 71 49 60 8 5 0 0.03 0.0 0 M M M M M M 1 M M
17 76 46 61 9 4 0 0.00 0.0 0 M M M M M M 1 M M
18 70 48 59 7 6 0 0.55 0.0 0 M M M M M M 13 M M
19 65 46 56 4 9 0 0.00 0.0 0 M M M M M M M M
20 76 40 58 5 7 0 0.00 0.0 0 M M M M M M M M
21 76 48 62 9 3 0 0.00 0.0 0 M M M M M M M M
22 68 54 61 8 4 0 1.93 0.0 0 M M M M M M 13 M M
23 57 39 48 -6 17 0 0.00 0.0 0 M M M M M M M M
24 58 35 47 -7 18 0 0.00 0.0 0 M M M M M M M M
25 59 43 51 -3 14 0 0.00 0.0 0 M M M M M M M M
26 62 37 50 -5 15 0 0.00 0.0 0 M M M M M M M M
27 57 39 48 -7 17 0 0.00 0.0 0 M M M M M M M M
28 68 42 55 0 10 0 0.00 0.0 0 M M M M M M M M
29 78 51 65 9 0 0 0.00 0.0 0 M M M M M M M M
30 76 48 62 6 3 0 1.54 0.0 0 M M M M M M M M
31 57 39 48 -8 17 0 0.04 0.0 0 M M M M M M M M
================================================================================
SM 2048 1304 343 10 5.65 5.5 M M M
================================================================================
AV 66.1 42.1 M FASTST M M M MAX(MPH)
MISC ----> M M M M
================================================================================
NOTES:
# LAST OF SEVERAL OCCURRENCES
COLUMN 17 PEAK WIND IN M.P.H.
PRELIMINARY LOCAL CLIMATOLOGICAL DATA (WS FORM: F-6) , PAGE 2
STATION: MEMPHIS/GERMANTOWN WFO
MONTH: MARCH
YEAR: 2022
LATITUDE: 35 7 N
LONGITUDE: 89 48 W
[TEMPERATURE DATA] [PRECIPITATION DATA] SYMBOLS USED IN COLUMN 16
AVERAGE MONTHLY: 54.1 TOTAL FOR MONTH: 5.65 1 = FOG OR MIST
DPTR FM NORMAL: 2.5 DPTR FM NORMAL: -0.09 2 = FOG REDUCING VISIBILITY
HIGHEST: 81 ON 6 GRTST 24HR 1.93 ON 22-22 TO 1/4 MILE OR LESS
LOWEST: 22 ON 12 3 = THUNDER
SNOW, ICE PELLETS, HAIL 4 = ICE PELLETS
TOTAL MONTH: 5.5 INCHES 5 = HAIL
GRTST 24HR 5.5 ON 11-11 6 = FREEZING RAIN OR DRIZZLE
GRTST DEPTH: 6 ON 12 7 = DUSTSTORM OR SANDSTORM:
VSBY 1/2 MILE OR LESS
8 = SMOKE OR HAZE
[NO. OF DAYS WITH] [WEATHER - DAYS WITH] 9 = BLOWING SNOW
X = TORNADO
MAX 32 OR BELOW: 0 0.01 INCH OR MORE: 12
MAX 90 OR ABOVE: 0 0.10 INCH OR MORE: 7
MIN 32 OR BELOW: 3 0.50 INCH OR MORE: 4
MIN 0 OR BELOW: 0 1.00 INCH OR MORE: 2
[HDD (BASE 65) ]
TOTAL THIS MO. 343 CLEAR (SCALE 0-3) 0
DPTR FM NORMAL -84 PTCLDY (SCALE 4-7) 0
TOTAL FM JUL 1 2654 CLOUDY (SCALE 8-10) 31
DPTR FM NORMAL -477
[CDD (BASE 65) ]
TOTAL THIS MO. 10
DPTR FM NORMAL -2 [PRESSURE DATA]
TOTAL FM JAN 1 10 HIGHEST SLP M ON M
DPTR FM NORMAL -3 LOWEST SLP M ON M
[REMARKS]
#FINAL-03-22#