000
CXUS54 KMEG 042214
CF6MEG
PRELIMINARY LOCAL CLIMATOLOGICAL DATA (WS FORM: F-6)
STATION: MEMPHIS/GERMANTOWN WFO
MONTH: MARCH
YEAR: 2021
LATITUDE: 35 7 N
LONGITUDE: 89 48 W
TEMPERATURE IN F: :PCPN: SNOW: WIND :SUNSHINE: SKY :PK WND
================================================================================
1 2 3 4 5 6A 6B 7 8 9 10 11 12 13 14 15 16 17 18
12Z AVG MX 2MIN
DY MAX MIN AVG DEP HDD CDD WTR SNW DPTH SPD SPD DIR MIN PSBL S-S WX SPD DR
================================================================================
1 58 37 48 1 17 0 0.33 0.0 0 M M M M M M 1 M M
2 48 34 41 -6 24 0 T 0.0 0 M M M M M 0 M M
3 65 29 47 0 18 0 0.00 0.0 0 M M M M M 0 M M
4 75 35 55 7 10 0 0.00 0.0 0 M M M M M M M M
5 55 43 49 1 16 0 0.00 0.0 0 M M M M M M M M
6 60 36 48 0 17 0 0.00 0.0 0 M M M M M M M M
7 67 30 49 0 16 0 0.00 0.0 0 M M M M M M M M
8 71 34 53 4 12 0 0.00 0.0 0 M M M M M M M M
9 72 44 58 9 7 0 0.00 0.0 0 M M M M M M M M
10 74 56 65 15 0 0 0.00 0.0 0 M M M M M M M M
11 73 62 68 18 0 3 T 0.0 0 M M M M M M M M
12 76 59 68 18 0 3 0.06 0.0 0 M M M M M M M M
13 68 55 62 12 3 0 0.07 0.0 0 M M M M M M 1 M M
14 77 54 66 15 0 1 0.00 0.0 0 M M M M M M M M
15 78 54 66 15 0 1 0.54 0.0 0 M M M M M M 1 M M
16 82 50 66 15 0 1 0.00 0.0 0 M M M M M 0 M M
17 68 60 64 12 1 0 1.44 0.0 0 M M M M M 0 13 M M
18 65 41 53 1 12 0 0.01 0.0 0 M M M M M 0 1 M M
19 50 40 45 -7 20 0 0.03 0.0 0 M M M M M 0 1 M M
20 69 44 57 5 8 0 0.00 0.0 0 M M M M M M M M
21 70 39 55 2 10 0 0.00 0.0 0 M M M M M M M M
22 71 44 58 5 7 0 0.00 0.0 0 M M M M M M M M
23 72 56 64 11 1 0 0.30 0.0 0 M M M M M M 1 M M
24 77 54 66 12 0 1 0.00 0.0 0 M M M M M 0 1 M M
25 75 52 64 10 1 0 2.15 0.0 0 M M M M M 0 13 M M
26 76 47 62 8 3 0 0.00 0.0 0 M M M M M M M M
27 81 57 69 14 0 4 3.87 0.0 0 M M M M M M 13 M M
28 66 42 54 -1 11 0 0.03 0.0 0 M M M M M M M M
29 70 39 55 0 10 0 0.00 0.0 0 M M M M M M M M
30 73 50 62 7 3 0 1.23 0.0 0 M M M M M 0 13 M M
31 64 39 52 -4 13 0 0.15 0.0 0 M M M M M 0 1 M M
================================================================================
SM 2146 1416 240 14 10.21 0.0 M M 0
================================================================================
AV 69.2 45.7 M FASTST M M 0 MAX(MPH)
MISC ----> M M M M
================================================================================
NOTES:
# LAST OF SEVERAL OCCURRENCES
COLUMN 17 PEAK WIND IN M.P.H.
PRELIMINARY LOCAL CLIMATOLOGICAL DATA (WS FORM: F-6) , PAGE 2
STATION: MEMPHIS/GERMANTOWN WFO
MONTH: MARCH
YEAR: 2021
LATITUDE: 35 7 N
LONGITUDE: 89 48 W
[TEMPERATURE DATA] [PRECIPITATION DATA] SYMBOLS USED IN COLUMN 16
AVERAGE MONTHLY: 57.5 TOTAL FOR MONTH: 10.21 1 = FOG OR MIST
DPTR FM NORMAL: 6.2 DPTR FM NORMAL: 5.26 2 = FOG REDUCING VISIBILITY
HIGHEST: 82 ON 16 GRTST 24HR 3.87 ON 27-27 TO 1/4 MILE OR LESS
LOWEST: 29 ON 3 3 = THUNDER
SNOW, ICE PELLETS, HAIL 4 = ICE PELLETS
TOTAL MONTH: 0.0 INCH 5 = HAIL
GRTST 24HR 0.0 6 = FREEZING RAIN OR DRIZZLE
GRTST DEPTH: 0 7 = DUSTSTORM OR SANDSTORM:
VSBY 1/2 MILE OR LESS
8 = SMOKE OR HAZE
[NO. OF DAYS WITH] [WEATHER - DAYS WITH] 9 = BLOWING SNOW
X = TORNADO
MAX 32 OR BELOW: 0 0.01 INCH OR MORE: 13
MAX 90 OR ABOVE: 0 0.10 INCH OR MORE: 8
MIN 32 OR BELOW: 2 0.50 INCH OR MORE: 5
MIN 0 OR BELOW: 0 1.00 INCH OR MORE: 4
[HDD (BASE 65) ]
TOTAL THIS MO. 240 CLEAR (SCALE 0-3) 10
DPTR FM NORMAL -196 PTCLDY (SCALE 4-7) 0
TOTAL FM JUL 1 2884 CLOUDY (SCALE 8-10) 21
DPTR FM NORMAL -298
[CDD (BASE 65) ]
TOTAL THIS MO. 14
DPTR FM NORMAL 3 [PRESSURE DATA]
TOTAL FM JAN 1 15 HIGHEST SLP M ON M
DPTR FM NORMAL 3 LOWEST SLP M ON M
[REMARKS]
#FINAL-03-21#