000
CXUS56 KPDT 011910
CF6MEH
PRELIMINARY LOCAL CLIMATOLOGICAL DATA (WS FORM: F-6)
STATION: MEACHAM OR
MONTH: FEBRUARY
YEAR: 2023
LATITUDE: 45 30 N
LONGITUDE: 118 24 W
TEMPERATURE IN F: :PCPN: SNOW: WIND :SUNSHINE: SKY :PK WND
================================================================================
1 2 3 4 5 6A 6B 7 8 9 10 11 12 13 14 15 16 17 18
12Z AVG MX 2MIN
DY MAX MIN AVG DEP HDD CDD WTR SNW DPTH SPD SPD DIR MIN PSBL S-S WX SPD DR
================================================================================
1 33 22 28 -2 37 0 0.00 M M 0.0 3 180 M M 1 9 150
2 38 22 30 0 35 0 0.00 M M 0.5 5 160 M M 0 15 210
3 39 29 34 4 31 0 0.01 M M 0.6 5 99 M M 6 M M
4 41 29 35 5 30 0 T M M 0.5 5 130 M M 9 15 140
5 36 33 35 5 30 0 1.41 M M 1.4 7 280 M M 9 12 21 260
6 38 26 32 2 33 0 0.03 M M 0.7 9 270 M M 8 1 22 270
7 37 24 31 1 34 0 0.34 M M 0.3 7 270 M M 8 1 16 250
8 35 20 28 -2 37 0 T M M 0.8 7 270 M M 5 17 300
9 39 20 30 0 35 0 0.00 M M 1.0 6 100 M M 0 17 90
10 40 24 32 2 33 0 0.00 M M 0.2 5 200 M M 0 12 100
11 40 13 27 -3 38 0 0.00 M M 0.6 6 30 M M 0 11 30
12 51 11 31 1 34 0 0.00 M M 0.3 6 90 M M 0 9 90
13 39 24 32 2 33 0 0.36 M M 3.9 10 270 M M 10 12 26 290
14 30 19 25 -5 40 0 0.05 M M 0.6 9 270 M M 10 1 27 270
15 37 2 20 -11 45 0 0.00 M M 0.2 6 270 M M 1 128 12 250
16 38 3 21 -10 44 0 0.00 M M 0.0 5 90 M M 0 9 100
17 41 10 26 -5 39 0 0.00 M M 0.1 6 270 M M 7 12 240
18 38 24 31 0 34 0 0.01 M M 1.8 8 280 M M 10 1 19 320
19 41 30 36 5 29 0 0.02 M M 2.9 9 270 M M 10 22 290
20 47 35 41 10 24 0 0.10 M M 2.9 12 280 M M 8 1 26 290
21 39 26 33 2 32 0 0.30 M M 3.7 16 280 M M 9 1 37 320
22 26 13 20 -11 45 0 0.21 M M 1.2 7 270 M M 10 1 14 300
23 14 3 9 -22 56 0 0.14 M M 1.2 7 290 M M 10 1 12 280
24 23 -2 11 -21 54 0 0.00 M M 0.5 6 10 M M 3 11 270
25 41 -3 19 -13 46 0 0.00 M M 0.3 3 220 M M 0 8 9 200
26 35 15 25 -7 40 0 0.19 M M 0.9 8 250 M M 7 12 20 320
27 31 6 19 -13 46 0 T M M 0.5 8 100 M M 6 18 80
28 33 21 27 -5 38 0 0.12 M M 0.3 8 100 M M 7 128 19 200
================================================================================
SM 1020 499 1052 0 3.29 M 27.9 M 154
================================================================================
AV 36.4 17.8 1.0 FASTST M M 6 MAX(MPH)
MISC ----> 16 280 37 320
================================================================================
NOTES:
# LAST OF SEVERAL OCCURRENCES
COLUMN 17 PEAK WIND IN M.P.H.
PRELIMINARY LOCAL CLIMATOLOGICAL DATA (WS FORM: F-6) , PAGE 2
STATION: MEACHAM OR
MONTH: FEBRUARY
YEAR: 2023
LATITUDE: 45 30 N
LONGITUDE: 118 24 W
[TEMPERATURE DATA] [PRECIPITATION DATA] SYMBOLS USED IN COLUMN 16
AVERAGE MONTHLY: 27.1 TOTAL FOR MONTH: 3.29 1 = FOG OR MIST
DPTR FM NORMAL: -3.6 DPTR FM NORMAL: -0.30 2 = FOG REDUCING VISIBILITY
HIGHEST: 51 ON 12 GRTST 24HR 1.43 ON 5- 6 TO 1/4 MILE OR LESS
LOWEST: -3 ON 25 3 = THUNDER
SNOW, ICE PELLETS, HAIL 4 = ICE PELLETS
TOTAL MONTH: M 5 = HAIL
GRTST 24HR M ON M 6 = FREEZING RAIN OR DRIZZLE
GRTST DEPTH: M ON M 7 = DUSTSTORM OR SANDSTORM:
VSBY 1/2 MILE OR LESS
8 = SMOKE OR HAZE
[NO. OF DAYS WITH] [WEATHER - DAYS WITH] 9 = BLOWING SNOW
X = TORNADO
MAX 32 OR BELOW: 5 0.01 INCH OR MORE: 14
MAX 90 OR ABOVE: 0 0.10 INCH OR MORE: 9
MIN 32 OR BELOW: 26 0.50 INCH OR MORE: 1
MIN 0 OR BELOW: 2 1.00 INCH OR MORE: 1
[HDD (BASE 65) ]
TOTAL THIS MO. 1052 CLEAR (SCALE 0-3) 10
DPTR FM NORMAL 92 PTCLDY (SCALE 4-7) 7
TOTAL FM JUL 1 5453 CLOUDY (SCALE 8-10) 11
DPTR FM NORMAL -122
[CDD (BASE 65) ]
TOTAL THIS MO. 0
DPTR FM NORMAL 0 [PRESSURE DATA]
TOTAL FM JAN 1 0 HIGHEST SLP 30.55 ON 8
DPTR FM NORMAL 0 LOWEST SLP 29.40 ON 27
[REMARKS]
#FINAL-02-23#