000
CXUS54 KLZK 011230
CF6MEZ
PRELIMINARY LOCAL CLIMATOLOGICAL DATA (WS FORM: F-6)
STATION: MENA AIRPORT
MONTH: MARCH
YEAR: 2023
LATITUDE: 34 9 N
LONGITUDE: 94 15 W
TEMPERATURE IN F: :PCPN: SNOW: WIND :SUNSHINE: SKY :PK WND
================================================================================
1 2 3 4 5 6A 6B 7 8 9 10 11 12 13 14 15 16 17 18
12Z AVG MX 2MIN
DY MAX MIN AVG DEP HDD CDD WTR SNW DPTH SPD SPD DIR MIN PSBL S-S WX SPD DR
================================================================================
1 72 59 66 20 0 1 0.07 M M 4.4 10 240 M M 5 13 17 240
2 69 55 62 16 3 0 0.07 M M 6.3 12 90 M M 10 13 46 M
3 57 36 47 0 18 0 0.04 M M 9.0 18 290 M M 6 1 30 290
4 65 31 48 1 17 0 0.00 M M 1.3 7 100 M M 0 1 M M
5 73 36 55 8 10 0 0.00 M M 3.5 10 230 M M 0 17 230
6 77 52 65 17 0 0 0.00 M M 4.6 10 260 M M 0 M M
7 73 48 61 13 4 0 0.00 M M 4.9 10 90 M M 2 1 M M
8 56 48 52 4 13 0 0.02 M M 5.1 10 70 M M 8 1 M M
9 62 49 56 8 9 0 0.20 M M 3.5 10 10 M M 9 13 M M
10 62 38 50 1 15 0 0.00 M M 3.2 8 60 M M 1 M M
11 60 41 51 2 14 0 0.01 M M 2.6 7 330 M M 9 1 M M
12 55 45 50 1 15 0 0.00 M M 7.6 13 40 M M 5 18 40
13 52 37 45 -4 20 0 0.00 M M 5.0 12 340 M M 1 17 330
14 53 32 43 -7 22 0 0.00 M M 3.7 10 90 M M 1 M M
15 60 27 44 -6 21 0 0.00 M M 3.4 7 99 M M 3 M M
16 61 40 51 1 14 0 0.21 M M 7.6 22 290 M M 8 13 28 290
17 49 29 39 -11 26 0 0.00 M M 9.4 16 310 M M 2 25 330
18 45 28 37 -14 28 0 0.00 M M 8.3 20 340 M M 0 33 M
19 46 23 35 -16 30 0 0.00 M M 4.0 10 270 M M 0 M M
20 55 17 36 -15 29 0 0.00 M M 2.7 8 240 M M 4 M M
21 60 41 51 -1 14 0 0.01 M M 4.1 8 200 M M 10 1 16 99
22 76 61 69 17 0 4 T M M 4.8 10 230 M M 5 1 21 230
23 80 65 73 21 0 8 T M M 5.7 9 240 M M 3 24 99
24 71 46 59 7 6 0 0.37 M M 6.5 15 290 M M 4 13 37 99
25 70 41 56 3 9 0 0.00 M M 3.3 10 270 M M 0 1 16 99
26 78 36 57 4 8 0 T M M 3.0 9 260 M M 1 17 0
27 68 42 55 2 10 0 T M M 4.0 9 80 M M 1 8 M M
28 60 37 49 -4 16 0 0.00 M M 4.3 13 310 M M 0 18 20 10
29 65 31 48 -6 17 0 0.00 M M 1.3 6 110 M M 1 M M
30 69 47 58 4 7 0 T M M 4.6 10 300 M M 6 1 21 99
31 78 63 71 17 0 6 0.01 M M 9.2 17 270 M M 2 138 36 M
================================================================================
SM 1977 1281 395 19 1.01 M 150.8 M 107
================================================================================
AV 63.8 41.3 4.9 FASTST M M 3 MAX(MPH)
MISC ----> 22 290 46 9999
================================================================================
NOTES:
# LAST OF SEVERAL OCCURRENCES
COLUMN 17 PEAK WIND IN M.P.H.
PRELIMINARY LOCAL CLIMATOLOGICAL DATA (WS FORM: F-6) , PAGE 2
STATION: MENA AIRPORT
MONTH: MARCH
YEAR: 2023
LATITUDE: 34 9 N
LONGITUDE: 94 15 W
[TEMPERATURE DATA] [PRECIPITATION DATA] SYMBOLS USED IN COLUMN 16
AVERAGE MONTHLY: 52.5 TOTAL FOR MONTH: 1.01 1 = FOG OR MIST
DPTR FM NORMAL: 2.3 DPTR FM NORMAL: -4.01 2 = FOG REDUCING VISIBILITY
HIGHEST: 80 ON 23 GRTST 24HR 0.37 ON 24-24 TO 1/4 MILE OR LESS
LOWEST: 17 ON 20 3 = THUNDER
SNOW, ICE PELLETS, HAIL 4 = ICE PELLETS
TOTAL MONTH: M 5 = HAIL
GRTST 24HR M ON M 6 = FREEZING RAIN OR DRIZZLE
GRTST DEPTH: M ON M 7 = DUSTSTORM OR SANDSTORM:
VSBY 1/2 MILE OR LESS
8 = SMOKE OR HAZE
[NO. OF DAYS WITH] [WEATHER - DAYS WITH] 9 = BLOWING SNOW
X = TORNADO
MAX 32 OR BELOW: 0 0.01 INCH OR MORE: 10
MAX 90 OR ABOVE: 0 0.10 INCH OR MORE: 3
MIN 32 OR BELOW: 8 0.50 INCH OR MORE: 0
MIN 0 OR BELOW: 0 1.00 INCH OR MORE: 0
[HDD (BASE 65) ]
TOTAL THIS MO. 395 CLEAR (SCALE 0-3) 17
DPTR FM NORMAL -70 PTCLDY (SCALE 4-7) 10
TOTAL FM JUL 1 2856 CLOUDY (SCALE 8-10) 4
DPTR FM NORMAL -494
[CDD (BASE 65) ]
TOTAL THIS MO. 19
DPTR FM NORMAL 13 [PRESSURE DATA]
TOTAL FM JAN 1 22 HIGHEST SLP M ON M
DPTR FM NORMAL 16 LOWEST SLP M ON M
[REMARKS]
#FINAL-03-23#