000
CXUS51 KCLE 042202
CF6MFD
PRELIMINARY LOCAL CLIMATOLOGICAL DATA (WS FORM: F-6)
STATION: MANSFIELD OH
MONTH: JANUARY
YEAR: 2022
LATITUDE: 40 49 N
LONGITUDE: 82 31 W
TEMPERATURE IN F: :PCPN: SNOW: WIND :SUNSHINE: SKY :PK WND
================================================================================
1 2 3 4 5 6A 6B 7 8 9 10 11 12 13 14 15 16 17 18
12Z AVG MX 2MIN
DY MAX MIN AVG DEP HDD CDD WTR SNW DPTH SPD SPD DIR MIN PSBL S-S WX SPD DR
================================================================================
1 57 36 47 19 18 0 0.56 T 0 7.6 21 230 M M 9 12 28 220
2 36 23 30 2 35 0 0.04 T 0 12.6 21 340 M M 10 16 27 330
3 28 19 24 -4 41 0 0.00 0.0 T 7.5 16 350 M M 7 21 340
4 39 20 30 2 35 0 0.00 0.0 T 12.1 24 170 M M 0 33 170
5 40 16 28 1 37 0 T T 0 20.2 33 230 M M 4 48 220
6 18 12 15 -12 50 0 T T T 9.6 21 250 M M 10 18 28 230
7 19 10 15 -12 50 0 T 0.2 T 9.2 17 230 M M 8 18 24 240
8 38 11 25 -2 40 0 T T T 13.6 28 180 M M 3 1 38 190
9 41 18 30 3 35 0 0.69 0.0 0 14.9 32 200 M M 7 1 43 200
10 22 13 18 -9 47 0 T T 0 12.4 21 240 M M 8 31 280
11 30 8 19 -8 46 0 T T 0 12.7 31 190 M M 4 41 180
12 41 29 35 9 30 0 0.01 T 0 13.8 31 210 M M 3 41 220
13 45 30 38 12 27 0 0.00 0.0 0 6.6 13 340 M M 6 128 16 350
14 32 22 27 1 38 0 0.00 0.0 0 10.4 18 350 M M 10 1 23 360
15 24 13 19 -7 46 0 T T 0 9.1 17 30 M M 5 18 22 30
16 31 12 22 -4 43 0 0.26 2.4 0 7.8 13 340 M M 4 1 15 340
17 28 20 24 -2 41 0 0.12 0.9 3 13.5 26 320 M M 10 168 35 320
18 30 24 27 1 38 0 0.00 0.0 3 14.4 25 170 M M 9 32 170
19 43 22 33 7 32 0 0.00 0.0 3 16.6 26 200 M M 5 35 210
20 22 12 17 -9 48 0 T T 0 10.2 18 330 M M 10 1 23 330
21 20 6 13 -13 52 0 T T T 5.3 14 40 M M 6 18 18 70
22 25 3 14 -12 51 0 0.00 0.0 T 11.2 22 200 M M 3 26 190
23 28 13 21 -5 44 0 0.19 2.9 T 9.7 21 190 M M 10 12 28 180
24 29 3 16 -10 49 0 0.10 1.2 3 10.5 21 180 M M 8 168 29 180
25 25 13 19 -7 46 0 T T 4 6.4 14 290 M M 8 168 22 290
26 15 0 8 -18 57 0 0.00 0.0 4 6.2 12 160 M M 1 8 17 260
27 28 3 16 -10 49 0 0.01 0.3 3 12.5 22 200 M M 6 18 27 200
28 27 0 14 -12 51 0 0.01 0.2 4 10.7 20 360 M M 8 18 24 20
29 14 -3 6 -20 59 0 0.00 0.0 4 7.4 12 320 M M 1 15 310
30 27 12 20 -6 45 0 0.01 0.2 4 5.1 13 200 M M 9 18 15 190
31 33 10 22 -4 43 0 0.00 0.0 4 3.4 10 130 M M 0 18 12 120
================================================================================
SM 935 430 1323 0 2.00 8.3 323.2 M 192
================================================================================
AV 30.2 13.9 10.4 FASTST M M 6 MAX(MPH)
MISC ----> 33 230 48 220
================================================================================
NOTES:
# LAST OF SEVERAL OCCURRENCES
COLUMN 17 PEAK WIND IN M.P.H.
PRELIMINARY LOCAL CLIMATOLOGICAL DATA (WS FORM: F-6) , PAGE 2
STATION: MANSFIELD OH
MONTH: JANUARY
YEAR: 2022
LATITUDE: 40 49 N
LONGITUDE: 82 31 W
[TEMPERATURE DATA] [PRECIPITATION DATA] SYMBOLS USED IN COLUMN 16
AVERAGE MONTHLY: 22.0 TOTAL FOR MONTH: 2.00 1 = FOG OR MIST
DPTR FM NORMAL: -4.5 DPTR FM NORMAL: -1.22 2 = FOG REDUCING VISIBILITY
HIGHEST: 57 ON 1 GRTST 24HR 2.09 ON 16-17 TO 1/4 MILE OR LESS
LOWEST: -3 ON 29 3 = THUNDER
SNOW, ICE PELLETS, HAIL 4 = ICE PELLETS
TOTAL MONTH: 8.3 INCHES 5 = HAIL
GRTST 24HR 2.9 ON 23-23 6 = FREEZING RAIN OR DRIZZLE
GRTST DEPTH: 4 ON 31,30 7 = DUSTSTORM OR SANDSTORM:
VSBY 1/2 MILE OR LESS
8 = SMOKE OR HAZE
[NO. OF DAYS WITH] [WEATHER - DAYS WITH] 9 = BLOWING SNOW
X = TORNADO
MAX 32 OR BELOW: 21 0.01 INCH OR MORE: 11
MAX 90 OR ABOVE: 0 0.10 INCH OR MORE: 6
MIN 32 OR BELOW: 30 0.50 INCH OR MORE: 2
MIN 0 OR BELOW: 3 1.00 INCH OR MORE: 0
[HDD (BASE 65) ]
TOTAL THIS MO. 1323 CLEAR (SCALE 0-3) 6
DPTR FM NORMAL 131 PTCLDY (SCALE 4-7) 15
TOTAL FM JUL 1 3132 CLOUDY (SCALE 8-10) 10
DPTR FM NORMAL -297
[CDD (BASE 65) ]
TOTAL THIS MO. 0
DPTR FM NORMAL 0 [PRESSURE DATA]
TOTAL FM JAN 1 0 HIGHEST SLP 30.61 ON 21
DPTR FM NORMAL 0 LOWEST SLP 29.37 ON 17
[REMARKS]
#FINAL-01-22#