000
CXUS53 KGRB 011414
CF6MFI
PRELIMINARY LOCAL CLIMATOLOGICAL DATA (WS FORM: F-6)
STATION: MARSHFIELD WI
MONTH: NOVEMBER
YEAR: 2023
LATITUDE: 44 37 N
LONGITUDE: 90 11 W
TEMPERATURE IN F: :PCPN: SNOW: WIND :SUNSHINE: SKY :PK WND
================================================================================
1 2 3 4 5 6A 6B 7 8 9 10 11 12 13 14 15 16 17 18
12Z AVG MX 2MIN
DY MAX MIN AVG DEP HDD CDD WTR SNW DPTH SPD SPD DIR MIN PSBL S-S WX SPD DR
================================================================================
1 36 17 27 -13 38 0 0.00 0.0 0 7.2 16 220 M M 4 22 220
2 43 24 34 -5 31 0 0.00 0.0 0 4.6 13 250 M M 0 17 240
3 47 32 40 1 25 0 0.00 0.0 0 6.1 14 20 M M 5 20 40
4 47 24 36 -2 29 0 0.00 0.0 0 2.3 9 290 M M 2 1 16 250
5 56 34 45 7 20 0 0.00 0.0 0 8.4 20 180 M M 6 27 190
6 62 40 51 14 14 0 0.01 0.0 0 16.5 26 280 M M 8 39 270
7 47 35 41 4 24 0 0.00 0.0 0 10.1 21 120 M M 5 30 120
8 43 35 39 3 26 0 T 0.0 0 9.2 22 300 M M 10 1 35 290
9 47 30 39 3 26 0 0.00 0.0 0 12.6 28 270 M M 1 44 260
10 41 32 37 1 28 0 0.00 0.0 0 8.4 16 320 M M 10 22 320
11 39 34 37 2 28 0 T T 0 5.7 15 160 M M 10 1 22 160
12 57 37 47 12 18 0 T 0.0 0 12.1 23 220 M M 4 31 220
13 54 30 42 8 23 0 0.00 0.0 0 8.0 20 310 M M 0 27 300
14 61 28 45 11 20 0 0.00 0.0 0 9.9 23 200 M M 0 32 210
15 58 36 47 14 18 0 0.00 0.0 0 5.0 12 340 M M 0 19 200
16 65 35 50 17 15 0 0.00 0.0 0 16.3 30 220 M M 2 43 210
17 40 25 33 1 32 0 0.00 0.0 0 8.3 22 340 M M 0 32 340
18 49 25 37 5 28 0 0.00 0.0 0 6.7 14 280 M M 0 20 300
19 49 23 36 5 29 0 0.00 0.0 0 5.1 10 110 M M 0 1 14 110
20 43 28 36 5 29 0 0.00 0.0 0 9.2 15 90 M M 4 21 90
21 48 29 39 9 26 0 T 0.0 0 10.6 21 330 M M 7 1 29 350
22 40 22 31 1 34 0 0.00 0.0 0 6.3 14 230 M M 1 17 220
23 34 15 25 -5 40 0 0.00 0.0 0 11.4 21 340 M M 0 28 360
24 28 11 20 -9 45 0 0.00 0.0 0 8.4 17 340 M M 0 22 350
25 29 17 23 -6 42 0 T T T 5.2 13 240 M M 7 1 18 260
26 27 16 22 -6 43 0 0.80 1.0 1 11.0 29 310 M M 9 1 39 320
27 18 9 14 -14 51 0 T T 1 13.9 23 310 M M 8 8 32 310
28 20 2 11 -16 54 0 0.00 0.0 1 9.4 14 200 M M 3 21 290
29 39 15 27 0 38 0 0.00 0.0 1 7.9 15 280 M M 0 1 19 280
30 42 21 32 6 33 0 0.00 0.0 T 6.6 17 340 M M 0 12 22 330
================================================================================
SM 1309 761 907 0 0.81 1.0 262.4 M 106
================================================================================
AV 43.6 25.4 8.7 FASTST M M 4 MAX(MPH)
MISC ----> 30 220 44 260
================================================================================
NOTES:
# LAST OF SEVERAL OCCURRENCES
COLUMN 17 PEAK WIND IN M.P.H.
PRELIMINARY LOCAL CLIMATOLOGICAL DATA (WS FORM: F-6) , PAGE 2
STATION: MARSHFIELD WI
MONTH: NOVEMBER
YEAR: 2023
LATITUDE: 44 37 N
LONGITUDE: 90 11 W
[TEMPERATURE DATA] [PRECIPITATION DATA] SYMBOLS USED IN COLUMN 16
AVERAGE MONTHLY: 34.5 TOTAL FOR MONTH: 0.81 1 = FOG OR MIST
DPTR FM NORMAL: 1.5 DPTR FM NORMAL: -0.40 2 = FOG REDUCING VISIBILITY
HIGHEST: 65 ON 16 GRTST 24HR 0.80 ON 26-26 TO 1/4 MILE OR LESS
LOWEST: 2 ON 28 3 = THUNDER
SNOW, ICE PELLETS, HAIL 4 = ICE PELLETS
TOTAL MONTH: 1.4 INCHES 5 = HAIL
GRTST 24HR 1.0 ON 26-26 6 = FREEZING RAIN OR DRIZZLE
GRTST DEPTH: 1 ON 29,28 7 = DUSTSTORM OR SANDSTORM:
VSBY 1/2 MILE OR LESS
8 = SMOKE OR HAZE
[NO. OF DAYS WITH] [WEATHER - DAYS WITH] 9 = BLOWING SNOW
X = TORNADO
MAX 32 OR BELOW: 5 0.01 INCH OR MORE: 2
MAX 90 OR ABOVE: 0 0.10 INCH OR MORE: 1
MIN 32 OR BELOW: 22 0.50 INCH OR MORE: 1
MIN 0 OR BELOW: 0 1.00 INCH OR MORE: 0
[HDD (BASE 65) ]
TOTAL THIS MO. 907 CLEAR (SCALE 0-3) 16
DPTR FM NORMAL -51 PTCLDY (SCALE 4-7) 10
TOTAL FM JUL 1 1589 CLOUDY (SCALE 8-10) 4
DPTR FM NORMAL -210
[CDD (BASE 65) ]
TOTAL THIS MO. 0
DPTR FM NORMAL 0 [PRESSURE DATA]
TOTAL FM JAN 1 520 HIGHEST SLP 30.62 ON 24
DPTR FM NORMAL 129 LOWEST SLP 29.50 ON 6
[REMARKS]
#FINAL-11-23#