000
CXUS56 KMFR 010930
CF6MFR
PRELIMINARY LOCAL CLIMATOLOGICAL DATA (WS FORM: F-6)
STATION: MEDFORD OR
MONTH: APRIL
YEAR: 2021
LATITUDE: 42 22 N
LONGITUDE: 122 52 W
TEMPERATURE IN F: :PCPN: SNOW: WIND :SUNSHINE: SKY :PK WND
================================================================================
1 2 3 4 5 6A 6B 7 8 9 10 11 12 13 14 15 16 17 18
12Z AVG MX 2MIN
DY MAX MIN AVG DEP HDD CDD WTR SNW DPTH SPD SPD DIR MIN PSBL S-S WX SPD DR
================================================================================
1 78 40 59 9 6 0 0.00 0.0 0 3.9 16 310 M M 0 21 300
2 76 42 59 9 6 0 0.00 0.0 0 3.3 13 270 M M 0 15 10
3 73 41 57 6 8 0 0.00 0.0 0 1.9 12 20 M M 0 13 20
4 68 41 55 4 10 0 0.00 0.0 0 4.6 16 360 M M 1 8 22 270
5 64 38 51 0 14 0 0.00 0.0 0 4.3 14 10 M M 1 18 20
6 75 34 55 4 10 0 0.00 0.0 0 2.7 15 320 M M 0 20 320
7 70 38 54 3 11 0 0.00 0.0 0 7.0 21 310 M M 0 28 310
8 M 44 M M M M 0.00 0.0 0 4.4 12 360 M M 5 12 360
9 68 34 51 -1 14 0 0.00 0.0 0 4.9 12 360 M M 0 12 360
10 60 40 50 -2 15 0 0.00 0.0 0 7.4 23 320 M M 3 23 320
11 68 31 50 -2 15 0 0.00 0.0 0 2.8 12 300 M M 0 12 300
12 74 36 55 3 10 0 0.00 0.0 0 4.3 15 340 M M 0 21 350
13 67 37 52 0 13 0 T 0.0 0 5.8 23 10 M M 2 29 20
14 69 37 53 1 12 0 0.00 0.0 0 3.9 13 320 M M 1 16 330
15 73 37 55 2 10 0 0.00 0.0 0 2.4 10 30 M M 0 14 10
16 79 41 60 7 5 0 0.00 0.0 0 3.3 16 10 M M 0 21 10
17 82 41 62 9 3 0 0.00 0.0 0 4.0 13 310 M M 0 18 360
18 85 43 64 11 1 0 0.00 0.0 0 3.7 16 10 M M 0 20 10
19 79 46 63 10 2 0 0.00 0.0 0 5.0 17 360 M M 0 20 350
20 73 48 61 7 4 0 0.00 0.0 0 4.6 16 320 M M 3 20 320
21 77 40 59 5 6 0 0.00 0.0 0 3.6 16 350 M M 0 21 340
22 75 41 58 4 7 0 0.00 0.0 0 6.0 21 360 M M 0 26 360
23 73 37 55 1 10 0 T 0.0 0 5.6 23 320 M M 2 8 27 330
24 60 45 53 -1 12 0 0.02 0.0 0 5.9 17 240 M M 7 24 230
25 54 41 48 -7 17 0 0.21 0.0 0 3.9 20 300 M M 8 1 26 300
26 60 42 51 -4 14 0 0.01 M 0 3.9 14 260 M M 6 18 320
27 72 37 55 0 10 0 0.00 0.0 0 3.8 12 310 M M 0 15 320
28 83 40 62 7 3 0 0.00 0.0 0 2.3 10 330 M M 0 14 330
29 87 47 67 11 0 2 0.00 0.0 0 4.9 17 300 M M 0 23 290
30 79 46 63 7 2 0 0.00 0.0 0 3.0 15 300 M M 0 19 300
================================================================================
SM 2101 1205 250 2 0.24 0.0 127.1 M 39
================================================================================
AV 72.4 40.2 4.2 FASTST M M 1 MAX(MPH)
MISC ----> # 23 320 29 20
================================================================================
NOTES:
# LAST OF SEVERAL OCCURRENCES
COLUMN 17 PEAK WIND IN M.P.H.
PRELIMINARY LOCAL CLIMATOLOGICAL DATA (WS FORM: F-6) , PAGE 2
STATION: MEDFORD OR
MONTH: APRIL
YEAR: 2021
LATITUDE: 42 22 N
LONGITUDE: 122 52 W
[TEMPERATURE DATA] [PRECIPITATION DATA] SYMBOLS USED IN COLUMN 16
AVERAGE MONTHLY: 56.3 TOTAL FOR MONTH: 0.24 1 = FOG OR MIST
DPTR FM NORMAL: 3.5 DPTR FM NORMAL: -1.14 2 = FOG REDUCING VISIBILITY
HIGHEST: 87 ON 29 GRTST 24HR 0.22 ON 25-26 TO 1/4 MILE OR LESS
LOWEST: 31 ON 11 3 = THUNDER
SNOW, ICE PELLETS, HAIL 4 = ICE PELLETS
TOTAL MONTH: 0.0 INCH 5 = HAIL
GRTST 24HR 0.0 6 = FREEZING RAIN OR DRIZZLE
GRTST DEPTH: 0 7 = DUSTSTORM OR SANDSTORM:
VSBY 1/2 MILE OR LESS
8 = SMOKE OR HAZE
[NO. OF DAYS WITH] [WEATHER - DAYS WITH] 9 = BLOWING SNOW
X = TORNADO
MAX 32 OR BELOW: 0 0.01 INCH OR MORE: 3
MAX 90 OR ABOVE: 0 0.10 INCH OR MORE: 1
MIN 32 OR BELOW: 1 0.50 INCH OR MORE: 0
MIN 0 OR BELOW: 0 1.00 INCH OR MORE: 0
[HDD (BASE 65) ]
TOTAL THIS MO. 250 CLEAR (SCALE 0-3) 26
DPTR FM NORMAL -117 PTCLDY (SCALE 4-7) 4
TOTAL FM JUL 1 3529 CLOUDY (SCALE 8-10) 0
DPTR FM NORMAL -469
[CDD (BASE 65) ]
TOTAL THIS MO. 2
DPTR FM NORMAL -1 [PRESSURE DATA]
TOTAL FM JAN 1 2 HIGHEST SLP M ON M
DPTR FM NORMAL -1 LOWEST SLP 29.74 ON 25
[REMARKS]
#FINAL-04-21#