663
CXUS54 KBMX 011712
CF6MGM
PRELIMINARY LOCAL CLIMATOLOGICAL DATA (WS FORM: F-6)
STATION: MONTGOMERY
MONTH: FEBRUARY
YEAR: 2021
LATITUDE: 32 17 N
LONGITUDE: 86 24 W
TEMPERATURE IN F: :PCPN: SNOW: WIND :SUNSHINE: SKY :PK WND
================================================================================
1 2 3 4 5 6A 6B 7 8 9 10 11 12 13 14 15 16 17 18
12Z AVG MX 2MIN
DY MAX MIN AVG DEP HDD CDD WTR SNW DPTH SPD SPD DIR MIN PSBL S-S WX SPD DR
================================================================================
1 47 37 42 -6 23 0 0.00 0.0 0 16.0 24 310 M M 9 33 320
2 52 32 42 -6 23 0 0.00 0.0 0 10.4 21 300 M M 0 24 320
3 57 25 41 -7 24 0 0.00 0.0 0 5.0 12 310 M M 0 16 10
4 62 30 46 -2 19 0 0.00 0.0 0 6.9 22 170 M M 3 30 160
5 62 45 54 6 11 0 0.12 0.0 0 6.9 15 320 M M 6 1 21 190
6 51 43 47 -2 18 0 0.29 0.0 0 9.4 21 80 M M 9 1 25 70
7 55 36 46 -3 19 0 0.01 0.0 0 5.0 13 360 M M 6 1 17 20
8 65 33 49 0 16 0 0.00 0.0 M 5.8 14 110 M M 1 19 110
9 68 49 59 10 6 0 0.66 0.0 M 3.0 12 30 M M 8 123 14 10
10 70 51 61 12 4 0 0.10 0.0 0 2.2 13 280 M M 7 123 14 270
11 71 55 63 13 2 0 1.00 0.0 0 3.2 22 240 M M 9 123 25 240
12 60 47 54 4 11 0 0.02 0.0 M 7.4 15 280 M M 10 12 17 280
13 52 44 48 -2 17 0 0.23 0.0 M 7.8 13 320 M M 10 18 18 300
14 52 43 48 -2 17 0 0.00 0.0 0 7.5 13 10 M M 10 18 16 10
15 52 28 40 -10 25 0 0.33 0.0 0 M M M M M M 1 M M
16 35 19 27 -24 38 0 T 0.0 0 M M M M M M M M
17 55 24 40 -11 25 0 0.06 0.0 0 8.9 17 50 M M 8 22 50
18 53 43 48 -3 17 0 0.27 0.0 0 9.2 16 330 M M 10 21 330
19 55 34 45 -6 20 0 0.00 0.0 0 10.1 18 300 M M 5 23 300
20 59 26 43 -9 22 0 0.00 0.0 0 2.3 9 330 M M 0 13 330
21 67 31 49 -3 16 0 0.00 0.0 0 7.2 18 100 M M 2 23 110
22 70 43 57 5 8 0 0.11 0.0 0 8.1 20 280 M M 6 1 25 300
23 72 34 53 1 12 0 0.00 0.0 M 4.0 13 290 M M 0 18 280
24 76 38 57 4 8 0 0.00 0.0 0 4.6 13 200 M M 0 18 210
25 80 50 65 12 0 0 0.00 0.0 0 1.8 9 210 M M 3 12 320
26 79 56 68 15 0 3 0.00 0.0 0 6.0 15 210 M M 5 20 170
27 81 58 70 16 0 5 0.00 0.0 0 5.5 14 190 M M 4 12 19 180
28 83 66 75 21 0 10 0.00 0.0 0 10.0 18 210 M M 5 25 180
================================================================================
SM 1741 1120 401 18 3.20 0.0 174.2 M 136
================================================================================
AV 62.2 40.0 6.7 FASTST M M 5 MAX(MPH)
MISC ----> 24 310 33 320
================================================================================
NOTES:
# LAST OF SEVERAL OCCURRENCES
COLUMN 17 PEAK WIND IN M.P.H.
PRELIMINARY LOCAL CLIMATOLOGICAL DATA (WS FORM: F-6) , PAGE 2
STATION: MONTGOMERY
MONTH: FEBRUARY
YEAR: 2021
LATITUDE: 32 17 N
LONGITUDE: 86 24 W
[TEMPERATURE DATA] [PRECIPITATION DATA] SYMBOLS USED IN COLUMN 16
AVERAGE MONTHLY: 51.1 TOTAL FOR MONTH: 3.20 1 = FOG OR MIST
DPTR FM NORMAL: 0.6 DPTR FM NORMAL: -2.08 2 = FOG REDUCING VISIBILITY
HIGHEST: 83 ON 28 GRTST 24HR 1.10 ON 10-11 TO 1/4 MILE OR LESS
LOWEST: 19 ON 16 3 = THUNDER
SNOW, ICE PELLETS, HAIL 4 = ICE PELLETS
TOTAL MONTH: 0.0 INCH 5 = HAIL
GRTST 24HR 0.0 6 = FREEZING RAIN OR DRIZZLE
GRTST DEPTH: 0 7 = DUSTSTORM OR SANDSTORM:
VSBY 1/2 MILE OR LESS
8 = SMOKE OR HAZE
[NO. OF DAYS WITH] [WEATHER - DAYS WITH] 9 = BLOWING SNOW
X = TORNADO
MAX 32 OR BELOW: 0 0.01 INCH OR MORE: 12
MAX 90 OR ABOVE: 0 0.10 INCH OR MORE: 9
MIN 32 OR BELOW: 8 0.50 INCH OR MORE: 2
MIN 0 OR BELOW: 0 1.00 INCH OR MORE: 1
[HDD (BASE 65) ]
TOTAL THIS MO. 401 CLEAR (SCALE 0-3) 8
DPTR FM NORMAL -9 PTCLDY (SCALE 4-7) 10
TOTAL FM JUL 1 1574 CLOUDY (SCALE 8-10) 10
DPTR FM NORMAL -298
[CDD (BASE 65) ]
TOTAL THIS MO. 18
DPTR FM NORMAL 14 [PRESSURE DATA]
TOTAL FM JAN 1 23 HIGHEST SLP 30.45 ON 20
DPTR FM NORMAL 21 LOWEST SLP 29.92 ON 18
[REMARKS]
#FINAL-02-21#