000
CXUS51 KPBZ 010830
CF6MGW
PRELIMINARY LOCAL CLIMATOLOGICAL DATA (WS FORM: F-6)
STATION: MORGANTOWN WV
MONTH: JANUARY
YEAR: 2021
LATITUDE: 39 39 N
LONGITUDE: 79 55 W
TEMPERATURE IN F: :PCPN: SNOW: WIND :SUNSHINE: SKY :PK WND
================================================================================
1 2 3 4 5 6A 6B 7 8 9 10 11 12 13 14 15 16 17 18
12Z AVG MX 2MIN
DY MAX MIN AVG DEP HDD CDD WTR SNW DPTH SPD SPD DIR MIN PSBL S-S WX SPD DR
================================================================================
1 58 25 42 10 23 0 0.61 M M 7.9 25 150 M M 5 1 37 150
2 60 39 50 18 15 0 0.02 M M 5.5 16 240 M M 9 18 29 230
3 46 37 42 10 23 0 0.21 M M 3.7 13 220 M M 10 1 17 220
4 37 33 35 4 30 0 0.02 M M 3.2 7 240 M M 10 1 11 220
5 36 32 34 3 31 0 0.03 M M 2.4 8 290 M M 10 1 13 270
6 37 32 35 4 30 0 0.00 M M 4.5 16 350 M M 10 18 22 350
7 35 27 31 0 34 0 0.00 M M 3.5 12 10 M M 9 15 10
8 30 27 29 -2 36 0 0.00 M M 4.3 10 10 M M 8 14 20
9 37 26 32 1 33 0 0.00 M M 3.8 9 360 M M 7 12 360
10 41 23 32 1 33 0 0.00 M M 2.8 7 200 M M 0 11 210
11 39 26 33 2 32 0 0.00 M M 4.1 13 220 M M 4 19 250
12 39 28 34 3 31 0 0.00 M M 6.0 16 200 M M 6 22 200
13 46 25 36 5 29 0 0.00 M M 6.0 14 200 M M 2 23 190
14 48 33 41 10 24 0 0.00 M M 4.8 13 220 M M 2 17 220
15 49 29 39 8 26 0 0.10 M M 5.5 20 120 M M 3 1 28 110
16 34 23 29 -2 36 0 0.01 M M 4.1 12 210 M M 7 18 16 230
17 35 31 33 2 32 0 0.01 M M 6.4 12 230 M M 10 1 18 200
18 33 29 31 0 34 0 0.13 M M 7.0 14 230 M M 10 128 20 240
19 42 29 36 5 29 0 T M M 5.6 13 230 M M 7 1 17 230
20 35 22 29 -2 36 0 0.15 M M 6.5 16 290 M M 6 128 24 280
21 46 26 36 5 29 0 0.00 M M 9.6 18 210 M M 3 26 220
22 37 29 33 2 32 0 0.00 M M 7.0 14 230 M M 8 20 220
23 29 18 24 -7 41 0 0.00 M M 5.0 12 330 M M 5 18 310
24 31 15 23 -8 42 0 0.02 M M 1.9 10 20 M M 6 1 13 30
25 36 30 33 1 32 0 0.05 M M 2.9 13 100 M M 10 1 18 90
26 58 35 47 15 18 0 0.16 M M 7.7 17 280 M M 9 18 27 280
27 39 28 34 2 31 0 0.00 M M 6.0 12 10 M M 10 20 290
28 29 20 25 -7 40 0 T M M 9.0 17 340 M M 10 8 26 320
29 29 17 23 -9 42 0 0.00 M M 4.8 12 330 M M 6 18 330
30 35 11 23 -9 42 0 0.00 M M 1.9 8 30 M M 1 11 30
31 34 29 32 0 33 0 0.38 M M 7.0 15 120 M M 10 18 25 90
================================================================================
SM 1220 834 979 0 1.90 M 160.4 M 213
================================================================================
AV 39.4 26.9 5.2 FASTST M M 7 MAX(MPH)
MISC ----> 25 150 37 150
================================================================================
NOTES:
# LAST OF SEVERAL OCCURRENCES
COLUMN 17 PEAK WIND IN M.P.H.
PRELIMINARY LOCAL CLIMATOLOGICAL DATA (WS FORM: F-6) , PAGE 2
STATION: MORGANTOWN WV
MONTH: JANUARY
YEAR: 2021
LATITUDE: 39 39 N
LONGITUDE: 79 55 W
[TEMPERATURE DATA] [PRECIPITATION DATA] SYMBOLS USED IN COLUMN 16
AVERAGE MONTHLY: 33.1 TOTAL FOR MONTH: 1.90 1 = FOG OR MIST
DPTR FM NORMAL: 1.8 DPTR FM NORMAL: -0.91 2 = FOG REDUCING VISIBILITY
HIGHEST: 60 ON 2 GRTST 24HR 0.72 ON 1- 2 TO 1/4 MILE OR LESS
LOWEST: 11 ON 30 3 = THUNDER
SNOW, ICE PELLETS, HAIL 4 = ICE PELLETS
TOTAL MONTH: M 5 = HAIL
GRTST 24HR M ON M 6 = FREEZING RAIN OR DRIZZLE
GRTST DEPTH: M ON M 7 = DUSTSTORM OR SANDSTORM:
VSBY 1/2 MILE OR LESS
8 = SMOKE OR HAZE
[NO. OF DAYS WITH] [WEATHER - DAYS WITH] 9 = BLOWING SNOW
X = TORNADO
MAX 32 OR BELOW: 5 0.01 INCH OR MORE: 14
MAX 90 OR ABOVE: 0 0.10 INCH OR MORE: 7
MIN 32 OR BELOW: 26 0.50 INCH OR MORE: 1
MIN 0 OR BELOW: 0 1.00 INCH OR MORE: 0
[HDD (BASE 65) ]
TOTAL THIS MO. 979 CLEAR (SCALE 0-3) 5
DPTR FM NORMAL -64 PTCLDY (SCALE 4-7) 13
TOTAL FM JUL 1 2689 CLOUDY (SCALE 8-10) 13
DPTR FM NORMAL -340
[CDD (BASE 65) ]
TOTAL THIS MO. 0
DPTR FM NORMAL 0 [PRESSURE DATA]
TOTAL FM JAN 1 0 HIGHEST SLP 30.49 ON 28
DPTR FM NORMAL 0 LOWEST SLP 29.54 ON 15
[REMARKS]
#FINAL-01-21#